{"id":123,"date":"2014-04-25T13:57:46","date_gmt":"2014-04-25T13:57:46","guid":{"rendered":"http:\/\/blog.ufes.br\/60anos\/?page_id=123"},"modified":"2014-04-30T19:59:03","modified_gmt":"2014-04-30T19:59:03","slug":"mostra-de-cinema","status":"publish","type":"page","link":"https:\/\/blog.ufes.br\/60anos\/mostra-de-cinema\/","title":{"rendered":"Mostra de cinema"},"content":{"rendered":"<p>O Cine Metr\u00f3polis preparou uma programa\u00e7\u00e3o especial para a semana de anivers\u00e1rio da Ufes. A mostra\u00a0\u201cSeis d\u00e9cadas de aventuras, risos e sonhos\u201d faz um apanhado dos filmes brasileiros e capixabas que marcaram as \u00faltimas seis d\u00e9cadas, sintetizam a hist\u00f3ria do cinema nacional, \u00a0al\u00e9m de oferecer um apanhado da produ\u00e7\u00e3o audiovisual e cinematogr\u00e1fica no Esp\u00edrito Santo.<\/p>\n<p>A mostra foi organizada pela Superintend\u00eancia de Cultura e Comunica\u00e7\u00e3o, por meio da Secretaria de Cultura, com curadoria do ator, jornalista e apresentador do programa Curta V\u00eddeo, da TV Educativa, Luiz Tadeu Teixeira.<\/p>\n<p>Os filmes ser\u00e3o exibidos em sess\u00f5es gratuitas, entre 6 e 11 de maio, sempre \u00e0s 12 e \u00e0s 18 horas, no Cine Metr\u00f3polis, Campus de Goiabeiras, Ufes.\u00a0Confira a programa\u00e7\u00e3o:<\/p>\n<blockquote><p><strong>06 de maio (ter\u00e7a-feira)<\/strong><\/p><\/blockquote>\n<p><strong>18h<\/strong>\u00a0&#8211; Abertura da Mostra\u00a0\u201cSeis d\u00e9cadas de aventuras, risos e sonhos\u201d<\/p>\n<p>&#8220;Maur\u00edcio de Oliveira, O pescador de sons&#8221;, de Cloves Mendes.<\/p>\n<p>&#8220;O cangaceiro&#8221;, Lima Barreto.<\/p>\n<blockquote><p><strong>07 de maio (quarta-feira)<\/strong><\/p><\/blockquote>\n<p><strong>18h<\/strong>\u00a0&#8211; &#8220;Imprensados: A luta pelo territ\u00f3rio quilombola do Sap\u00ea do Norte&#8221;,\u00a0Ti\u00e3o Xar\u00e1,\u00a0Kaput, Paulo Torre.<\/p>\n<p>&#8220;Deus e o Diabo na terra do sol&#8221;, Glauber Rocha.<\/p>\n<blockquote><p><strong>08 de maio (quinta-feira)<\/strong><\/p><\/blockquote>\n<p><strong>18 h<\/strong>\u00a0&#8211; &#8220;Lenda de Proitner&#8221;, Luiza Lubiana,\u00a0M\u00edope, Gabriele Stein.<\/p>\n<p>Pra Frente Brasil, Roberto Farias.<\/p>\n<blockquote><p><strong>09 de maio (sexta-feira)<\/strong><\/p><\/blockquote>\n<p><strong>18 h<\/strong>\u00a0&#8211; Um dia de Sol, Virg\u00ednia Jorge.<\/p>\n<p>Saudosa, Erli Vieira Jr.<\/p>\n<p>Cabra Marcado para morrer, Eduardo Coutinho.<\/p>\n<blockquote><p><strong>10 de maio (s\u00e1bado)<\/strong><\/p><\/blockquote>\n<p><strong>18h e 20 h<\/strong>\u00a0&#8211; &#8220;2 e meio&#8221;, de Alexandre Serafim.<\/p>\n<p>O dia em que meus pais sa\u00edram de f\u00e9rias, Cao Hamburger.<\/p>\n<blockquote><p><strong>11 de maio (domingo)<\/strong><\/p><\/blockquote>\n<p><strong><strong>18h e <\/strong>20 h<\/strong>\u00a0&#8211; &#8220;O Congueiro Santo Preto&#8221;<\/p>\n<p>F\u00e1bio Carvalho.<\/p>\n<p>As melhores Coisa do mundo, La\u00eds Bodanzky.<\/p>\n","protected":false},"excerpt":{"rendered":"<p>O Cine Metr\u00f3polis preparou uma programa\u00e7\u00e3o especial para a semana de anivers\u00e1rio da Ufes. A mostra\u00a0\u201cSeis d\u00e9cadas de aventuras, risos e sonhos\u201d faz um apanhado dos filmes brasileiros e capixabas que marcaram as \u00faltimas seis d\u00e9cadas, sintetizam a hist\u00f3ria do cinema nacional, \u00a0al\u00e9m de oferecer um apanhado da produ\u00e7\u00e3o audiovisual e cinematogr\u00e1fica no Esp\u00edrito Santo. [&hellip;]<\/p>\n","protected":false},"author":165,"featured_media":0,"parent":0,"menu_order":0,"comment_status":"open","ping_status":"open","template":"","meta":{"_bbp_topic_count":0,"_bbp_reply_count":0,"_bbp_total_topic_count":0,"_bbp_total_reply_count":0,"_bbp_voice_count":0,"_bbp_anonymous_reply_count":0,"_bbp_topic_count_hidden":0,"_bbp_reply_count_hidden":0,"_bbp_forum_subforum_count":0,"_uag_custom_page_level_css":"","footnotes":""},"class_list":["post-123","page","type-page","status-publish","hentry"],"uagb_featured_image_src":{"full":false,"thumbnail":false,"medium":false,"medium_large":false,"large":false,"1536x1536":false,"2048x2048":false,"post-thumbnail":false},"uagb_author_info":{"display_name":"ruth.reis","author_link":"https:\/\/blog.ufes.br\/60anos\/author\/ruth_de-cassia-dos-reis\/"},"uagb_comment_info":9,"uagb_excerpt":"O Cine Metr\u00f3polis preparou uma programa\u00e7\u00e3o especial para a semana de anivers\u00e1rio da Ufes. A mostra\u00a0\u201cSeis d\u00e9cadas de aventuras, risos e sonhos\u201d faz um apanhado dos filmes brasileiros e capixabas que marcaram as \u00faltimas seis d\u00e9cadas, sintetizam a hist\u00f3ria do cinema nacional, \u00a0al\u00e9m de oferecer um apanhado da produ\u00e7\u00e3o audiovisual e cinematogr\u00e1fica no Esp\u00edrito Santo.&hellip;","_links":{"self":[{"href":"https:\/\/blog.ufes.br\/60anos\/wp-json\/wp\/v2\/pages\/123","targetHints":{"allow":["GET"]}}],"collection":[{"href":"https:\/\/blog.ufes.br\/60anos\/wp-json\/wp\/v2\/pages"}],"about":[{"href":"https:\/\/blog.ufes.br\/60anos\/wp-json\/wp\/v2\/types\/page"}],"author":[{"embeddable":true,"href":"https:\/\/blog.ufes.br\/60anos\/wp-json\/wp\/v2\/users\/165"}],"replies":[{"embeddable":true,"href":"https:\/\/blog.ufes.br\/60anos\/wp-json\/wp\/v2\/comments?post=123"}],"version-history":[{"count":3,"href":"https:\/\/blog.ufes.br\/60anos\/wp-json\/wp\/v2\/pages\/123\/revisions"}],"predecessor-version":[{"id":157,"href":"https:\/\/blog.ufes.br\/60anos\/wp-json\/wp\/v2\/pages\/123\/revisions\/157"}],"wp:attachment":[{"href":"https:\/\/blog.ufes.br\/60anos\/wp-json\/wp\/v2\/media?parent=123"}],"curies":[{"name":"wp","href":"https:\/\/api.w.org\/{rel}","templated":true}]}}

<p>O Cine Metrópolis preparou uma programação especial para a semana de aniversário da Ufes. A mostra “Seis décadas de aventuras, risos e sonhos” faz um apanhado dos filmes brasileiros e capixabas que marcaram as últimas seis décadas, sintetizam a história do cinema nacional,  além de oferecer um apanhado da produção audiovisual e cinematográfica no Espírito Santo.</p>
<p>A mostra foi organizada pela Superintendência de Cultura e Comunicação, por meio da Secretaria de Cultura, com curadoria do ator, jornalista e apresentador do programa Curta Vídeo, da TV Educativa, Luiz Tadeu Teixeira.</p>
<p>Os filmes serão exibidos em sessões gratuitas, entre 6 e 11 de maio, sempre às 12 e às 18 horas, no Cine Metrópolis, Campus de Goiabeiras, Ufes. Confira a programação:</p>
<blockquote><p><strong>06 de maio (terça-feira)</strong></p></blockquote>
<p><strong>18h</strong> &#8211; Abertura da Mostra “Seis décadas de aventuras, risos e sonhos”</p>
<p>&#8220;Maurício de Oliveira, O pescador de sons&#8221;, de Cloves Mendes.</p>
<p>&#8220;O cangaceiro&#8221;, Lima Barreto.</p>
<blockquote><p><strong>07 de maio (quarta-feira)</strong></p></blockquote>
<p><strong>18h</strong> &#8211; &#8220;Imprensados: A luta pelo território quilombola do Sapê do Norte&#8221;, Tião Xará, Kaput, Paulo Torre.</p>
<p>&#8220;Deus e o Diabo na terra do sol&#8221;, Glauber Rocha.</p>
<blockquote><p><strong>08 de maio (quinta-feira)</strong></p></blockquote>
<p><strong>18 h</strong> &#8211; &#8220;Lenda de Proitner&#8221;, Luiza Lubiana, Míope, Gabriele Stein.</p>
<p>Pra Frente Brasil, Roberto Farias.</p>
<blockquote><p><strong>09 de maio (sexta-feira)</strong></p></blockquote>
<p><strong>18 h</strong> &#8211; Um dia de Sol, Virgínia Jorge.</p>
<p>Saudosa, Erli Vieira Jr.</p>
<p>Cabra Marcado para morrer, Eduardo Coutinho.</p>
<blockquote><p><strong>10 de maio (sábado)</strong></p></blockquote>
<p><strong>18h e 20 h</strong> &#8211; &#8220;2 e meio&#8221;, de Alexandre Serafim.</p>
<p>O dia em que meus pais saíram de férias, Cao Hamburger.</p>
<blockquote><p><strong>11 de maio (domingo)</strong></p></blockquote>
<p><strong><strong>18h e </strong>20 h</strong> &#8211; &#8220;O Congueiro Santo Preto&#8221;</p>
<p>Fábio Carvalho.</p>
<p>As melhores Coisa do mundo, Laís Bodanzky.</p>

<p>O Cine Metrópolis preparou uma programação especial para a semana de aniversário da Ufes. A mostra “Seis décadas de aventuras, risos e sonhos” faz um apanhado dos filmes brasileiros e capixabas que marcaram as últimas seis décadas, sintetizam a história do cinema nacional,  além de oferecer um apanhado da produção audiovisual e cinematográfica no Espírito Santo. [&hellip;]</p>

O Cine Metrópolis preparou uma programação especial para a semana de aniversário da Ufes. A mostra “Seis décadas de aventuras, risos e sonhos” faz um apanhado dos filmes brasileiros e capixabas que marcaram as últimas seis décadas, sintetizam a história do cinema nacional,  além de oferecer um apanhado da produção audiovisual e cinematográfica no Espírito Santo.&hellip;
