{"id":207,"date":"2014-05-21T17:17:42","date_gmt":"2014-05-21T17:17:42","guid":{"rendered":"http:\/\/blog.ufes.br\/60anos\/?page_id=207"},"modified":"2014-05-21T17:30:04","modified_gmt":"2014-05-21T17:30:04","slug":"tv-ufes","status":"publish","type":"page","link":"https:\/\/blog.ufes.br\/60anos\/tv-ufes\/","title":{"rendered":"TV Ufes"},"content":{"rendered":"<p style=\"text-align: left\">S\u00e9rie La\u00e7os, produ\u00e7\u00e3o da TV Ufes em homenagem aos 60 anos da Universidade Federal do Esp\u00edrito Santo:<\/p>\n<p style=\"text-align: center\"># 01 &#8211; Cleber Carminatti<\/p>\n<p style=\"text-align: center\"><a href=\"https:\/\/www.youtube.com\/watch?feature=player_detailpage&amp;v=65J7gCLcOBU\"><img loading=\"lazy\" decoding=\"async\" class=\"size-medium wp-image-211 aligncenter\" alt=\"Screen Shot 2014-05-21 at 14.15.35\" src=\"http:\/\/blog.ufes.br\/60anos\/files\/2014\/05\/Screen-Shot-2014-05-21-at-14.15.35-300x230.png\" width=\"300\" height=\"230\" srcset=\"https:\/\/blog.ufes.br\/60anos\/files\/2014\/05\/Screen-Shot-2014-05-21-at-14.15.35-300x230.png 300w, https:\/\/blog.ufes.br\/60anos\/files\/2014\/05\/Screen-Shot-2014-05-21-at-14.15.35-624x478.png 624w, https:\/\/blog.ufes.br\/60anos\/files\/2014\/05\/Screen-Shot-2014-05-21-at-14.15.35.png 928w\" sizes=\"auto, (max-width: 300px) 100vw, 300px\" \/><\/a><\/p>\n<p style=\"text-align: center\">#02 &#8211;\u00a0 Seu Onofre<\/p>\n<p style=\"text-align: center\"><a href=\"\/\/www.youtube.com\/watch?feature=player_detailpage&amp;amp;v=aVByZ45Mz1c&quot; target=&quot;_blank&quot;&gt; &lt;\/a&gt;\"><img loading=\"lazy\" decoding=\"async\" class=\"size-medium wp-image-209 aligncenter\" alt=\"Screen Shot 2014-05-21 at 14.13.28\" src=\"http:\/\/blog.ufes.br\/60anos\/files\/2014\/05\/Screen-Shot-2014-05-21-at-14.13.28-300x164.png\" width=\"300\" height=\"164\" srcset=\"https:\/\/blog.ufes.br\/60anos\/files\/2014\/05\/Screen-Shot-2014-05-21-at-14.13.28-300x164.png 300w, https:\/\/blog.ufes.br\/60anos\/files\/2014\/05\/Screen-Shot-2014-05-21-at-14.13.28-1024x562.png 1024w, https:\/\/blog.ufes.br\/60anos\/files\/2014\/05\/Screen-Shot-2014-05-21-at-14.13.28-624x342.png 624w, https:\/\/blog.ufes.br\/60anos\/files\/2014\/05\/Screen-Shot-2014-05-21-at-14.13.28.png 1256w\" sizes=\"auto, (max-width: 300px) 100vw, 300px\" \/><\/a><\/p>\n<p>&nbsp;<\/p>\n<p>&nbsp;<\/p>\n<p>&nbsp;<\/p>\n<p>&nbsp;<\/p>\n<p>&nbsp;<\/p>\n<p>&nbsp;<\/p>\n<p>&nbsp;<\/p>\n<p>&nbsp;<\/p>\n<p>&nbsp;<\/p>\n<p>#2 &#8211; Seu Onofre<\/p>\n<p>&nbsp;<\/p>\n<p>&nbsp;<\/p>\n<p>&nbsp;<\/p>\n<p>&nbsp;<\/p>\n<p>&nbsp;<\/p>\n<p>&nbsp;<\/p>\n<p>&nbsp;<\/p>\n<p>&nbsp;<\/p>\n<p>&nbsp;<\/p>\n<p>&nbsp;<\/p>\n","protected":false},"excerpt":{"rendered":"<p>S\u00e9rie La\u00e7os, produ\u00e7\u00e3o da TV Ufes em homenagem aos 60 anos da Universidade Federal do Esp\u00edrito Santo: # 01 &#8211; Cleber Carminatti #02 &#8211;\u00a0 Seu Onofre &nbsp; &nbsp; &nbsp; &nbsp; &nbsp; &nbsp; &nbsp; &nbsp; &nbsp; #2 &#8211; Seu Onofre &nbsp; &nbsp; &nbsp; &nbsp; &nbsp; &nbsp; &nbsp; &nbsp; &nbsp; &nbsp;<\/p>\n","protected":false},"author":165,"featured_media":0,"parent":0,"menu_order":0,"comment_status":"open","ping_status":"open","template":"","meta":{"_bbp_topic_count":0,"_bbp_reply_count":0,"_bbp_total_topic_count":0,"_bbp_total_reply_count":0,"_bbp_voice_count":0,"_bbp_anonymous_reply_count":0,"_bbp_topic_count_hidden":0,"_bbp_reply_count_hidden":0,"_bbp_forum_subforum_count":0,"_uag_custom_page_level_css":"","footnotes":""},"class_list":["post-207","page","type-page","status-publish","hentry"],"uagb_featured_image_src":{"full":false,"thumbnail":false,"medium":false,"medium_large":false,"large":false,"1536x1536":false,"2048x2048":false,"post-thumbnail":false},"uagb_author_info":{"display_name":"ruth.reis","author_link":"https:\/\/blog.ufes.br\/60anos\/author\/ruth_de-cassia-dos-reis\/"},"uagb_comment_info":12,"uagb_excerpt":"S\u00e9rie La\u00e7os, produ\u00e7\u00e3o da TV Ufes em homenagem aos 60 anos da Universidade Federal do Esp\u00edrito Santo: # 01 &#8211; Cleber Carminatti #02 &#8211;\u00a0 Seu Onofre &nbsp; &nbsp; &nbsp; &nbsp; &nbsp; &nbsp; &nbsp; &nbsp; &nbsp; #2 &#8211; Seu Onofre &nbsp; &nbsp; &nbsp; &nbsp; &nbsp; &nbsp; &nbsp; &nbsp; &nbsp; &nbsp;","_links":{"self":[{"href":"https:\/\/blog.ufes.br\/60anos\/wp-json\/wp\/v2\/pages\/207","targetHints":{"allow":["GET"]}}],"collection":[{"href":"https:\/\/blog.ufes.br\/60anos\/wp-json\/wp\/v2\/pages"}],"about":[{"href":"https:\/\/blog.ufes.br\/60anos\/wp-json\/wp\/v2\/types\/page"}],"author":[{"embeddable":true,"href":"https:\/\/blog.ufes.br\/60anos\/wp-json\/wp\/v2\/users\/165"}],"replies":[{"embeddable":true,"href":"https:\/\/blog.ufes.br\/60anos\/wp-json\/wp\/v2\/comments?post=207"}],"version-history":[{"count":8,"href":"https:\/\/blog.ufes.br\/60anos\/wp-json\/wp\/v2\/pages\/207\/revisions"}],"predecessor-version":[{"id":225,"href":"https:\/\/blog.ufes.br\/60anos\/wp-json\/wp\/v2\/pages\/207\/revisions\/225"}],"wp:attachment":[{"href":"https:\/\/blog.ufes.br\/60anos\/wp-json\/wp\/v2\/media?parent=207"}],"curies":[{"name":"wp","href":"https:\/\/api.w.org\/{rel}","templated":true}]}}