{"id":32,"date":"2014-04-23T01:41:57","date_gmt":"2014-04-23T01:41:57","guid":{"rendered":"http:\/\/blog.ufes.br\/60anos\/?page_id=32"},"modified":"2014-05-08T02:38:49","modified_gmt":"2014-05-08T02:38:49","slug":"livro-ufes-60-anos","status":"publish","type":"page","link":"https:\/\/blog.ufes.br\/60anos\/livro-ufes-60-anos\/","title":{"rendered":"Livros"},"content":{"rendered":"<p>Dois livros com registros hist\u00f3ricos da Ufes ser\u00e3o distribu\u00eddos a partir do dia 5 de maio em comemora\u00e7\u00e3o aos 60 anos da Ufes. Os formam o in\u00edcio de uma cole\u00e7\u00e3o sobre aspectos hist\u00f3ricos da Universidade Federal do Esp\u00edrito Santo. O primeiro livro \u00e9 uma reedi\u00e7\u00e3o da obra de Ivantir Borgo, sobre os quarenta ano da Ufes, que foi lan\u00e7ada em primeira edi\u00e7\u00e3o pela Editora da Ufes (Edufes), em 1994.<\/p>\n<p>O segundo livro aborda os 60 anos da Ufes, fazendo uma s\u00edntese dos primeiros 40 anos relatados por Borgo e debru\u00e7ando-se mais detidamente nas gest\u00f5es dos reitores que atuaram na Ufes de 94 at\u00e9 os dias atuais. A pesquisa e texto do livro Ufes 60 anos \u00e9 do jornalista Luiz Vital.\u00a0A cria\u00e7\u00e3o gr\u00e1fica da cole\u00e7\u00e3o \u00e9 do programador visual da Ufes Willi Pisk (Edufes)<\/p>\n<p>Voc\u00ea j\u00e1 pode ler o livro Ufes 60 anos. Basta clicar sobre a capa. Em breve ser\u00e1 disponibilidade vers\u00e3o digital do livro Ufes 40 anos. \u00a0 \u00a0 \u00a0 \u00a0 \u00a0 \u00a0 \u00a0 \u00a0 \u00a0 \u00a0 \u00a0 \u00a0 \u00a0 \u00a0 \u00a0<a title=\"Ufes 60 anos\" href=\"http:\/\/issuu.com\/ufes\/docs\/livro_60anos_final\" target=\"_blank\"><img loading=\"lazy\" decoding=\"async\" class=\"alignright size-medium wp-image-131\" title=\"capa livro Ufes 60 anos\" alt=\"capa livro Ufes 60 anos\" src=\"http:\/\/blog.ufes.br\/60anos\/files\/2014\/04\/capa_60-276x300.jpg\" width=\"276\" height=\"300\" srcset=\"https:\/\/blog.ufes.br\/60anos\/files\/2014\/04\/capa_60-276x300.jpg 276w, https:\/\/blog.ufes.br\/60anos\/files\/2014\/04\/capa_60-944x1024.jpg 944w, https:\/\/blog.ufes.br\/60anos\/files\/2014\/04\/capa_60-624x676.jpg 624w\" sizes=\"auto, (max-width: 276px) 100vw, 276px\" \/><\/a> <a href=\"http:\/\/blog.ufes.br\/60anos\/files\/2014\/04\/Capa-40.jpg\"><img loading=\"lazy\" decoding=\"async\" class=\"alignright size-medium wp-image-132\" title=\"capa livro Ufes 40 anos\" alt=\"capa livro Ufes 40 anos\" src=\"http:\/\/blog.ufes.br\/60anos\/files\/2014\/04\/Capa-40-273x300.jpg\" width=\"273\" height=\"300\" srcset=\"https:\/\/blog.ufes.br\/60anos\/files\/2014\/04\/Capa-40-273x300.jpg 273w, https:\/\/blog.ufes.br\/60anos\/files\/2014\/04\/Capa-40-934x1024.jpg 934w, https:\/\/blog.ufes.br\/60anos\/files\/2014\/04\/Capa-40-624x683.jpg 624w\" sizes=\"auto, (max-width: 273px) 100vw, 273px\" \/><\/a><\/p>\n","protected":false},"excerpt":{"rendered":"<p>Dois livros com registros hist\u00f3ricos da Ufes ser\u00e3o distribu\u00eddos a partir do dia 5 de maio em comemora\u00e7\u00e3o aos 60 anos da Ufes. Os formam o in\u00edcio de uma cole\u00e7\u00e3o sobre aspectos hist\u00f3ricos da Universidade Federal do Esp\u00edrito Santo. O primeiro livro \u00e9 uma reedi\u00e7\u00e3o da obra de Ivantir Borgo, sobre os quarenta ano da [&hellip;]<\/p>\n","protected":false},"author":165,"featured_media":131,"parent":0,"menu_order":0,"comment_status":"open","ping_status":"open","template":"","meta":{"_bbp_topic_count":0,"_bbp_reply_count":0,"_bbp_total_topic_count":0,"_bbp_total_reply_count":0,"_bbp_voice_count":0,"_bbp_anonymous_reply_count":0,"_bbp_topic_count_hidden":0,"_bbp_reply_count_hidden":0,"_bbp_forum_subforum_count":0,"_uag_custom_page_level_css":"","footnotes":""},"class_list":["post-32","page","type-page","status-publish","has-post-thumbnail","hentry"],"uagb_featured_image_src":{"full":["https:\/\/blog.ufes.br\/60anos\/files\/2014\/04\/capa_60.jpg",2513,2724,false],"thumbnail":["https:\/\/blog.ufes.br\/60anos\/files\/2014\/04\/capa_60-150x150.jpg",150,150,true],"medium":["https:\/\/blog.ufes.br\/60anos\/files\/2014\/04\/capa_60-276x300.jpg",276,300,true],"medium_large":["https:\/\/blog.ufes.br\/60anos\/files\/2014\/04\/capa_60.jpg",625,677,false],"large":["https:\/\/blog.ufes.br\/60anos\/files\/2014\/04\/capa_60-944x1024.jpg",625,678,true],"1536x1536":["https:\/\/blog.ufes.br\/60anos\/files\/2014\/04\/capa_60.jpg",1417,1536,false],"2048x2048":["https:\/\/blog.ufes.br\/60anos\/files\/2014\/04\/capa_60.jpg",1889,2048,false],"post-thumbnail":["https:\/\/blog.ufes.br\/60anos\/files\/2014\/04\/capa_60-624x676.jpg",624,676,true]},"uagb_author_info":{"display_name":"ruth.reis","author_link":"https:\/\/blog.ufes.br\/60anos\/author\/ruth_de-cassia-dos-reis\/"},"uagb_comment_info":9,"uagb_excerpt":"Dois livros com registros hist\u00f3ricos da Ufes ser\u00e3o distribu\u00eddos a partir do dia 5 de maio em comemora\u00e7\u00e3o aos 60 anos da Ufes. Os formam o in\u00edcio de uma cole\u00e7\u00e3o sobre aspectos hist\u00f3ricos da Universidade Federal do Esp\u00edrito Santo. O primeiro livro \u00e9 uma reedi\u00e7\u00e3o da obra de Ivantir Borgo, sobre os quarenta ano da&hellip;","_links":{"self":[{"href":"https:\/\/blog.ufes.br\/60anos\/wp-json\/wp\/v2\/pages\/32","targetHints":{"allow":["GET"]}}],"collection":[{"href":"https:\/\/blog.ufes.br\/60anos\/wp-json\/wp\/v2\/pages"}],"about":[{"href":"https:\/\/blog.ufes.br\/60anos\/wp-json\/wp\/v2\/types\/page"}],"author":[{"embeddable":true,"href":"https:\/\/blog.ufes.br\/60anos\/wp-json\/wp\/v2\/users\/165"}],"replies":[{"embeddable":true,"href":"https:\/\/blog.ufes.br\/60anos\/wp-json\/wp\/v2\/comments?post=32"}],"version-history":[{"count":7,"href":"https:\/\/blog.ufes.br\/60anos\/wp-json\/wp\/v2\/pages\/32\/revisions"}],"predecessor-version":[{"id":205,"href":"https:\/\/blog.ufes.br\/60anos\/wp-json\/wp\/v2\/pages\/32\/revisions\/205"}],"wp:featuredmedia":[{"embeddable":true,"href":"https:\/\/blog.ufes.br\/60anos\/wp-json\/wp\/v2\/media\/131"}],"wp:attachment":[{"href":"https:\/\/blog.ufes.br\/60anos\/wp-json\/wp\/v2\/media?parent=32"}],"curies":[{"name":"wp","href":"https:\/\/api.w.org\/{rel}","templated":true}]}}

<p>Dois livros com registros históricos da Ufes serão distribuídos a partir do dia 5 de maio em comemoração aos 60 anos da Ufes. Os formam o início de uma coleção sobre aspectos históricos da Universidade Federal do Espírito Santo. O primeiro livro é uma reedição da obra de Ivantir Borgo, sobre os quarenta ano da Ufes, que foi lançada em primeira edição pela Editora da Ufes (Edufes), em 1994.</p>
<p>O segundo livro aborda os 60 anos da Ufes, fazendo uma síntese dos primeiros 40 anos relatados por Borgo e debruçando-se mais detidamente nas gestões dos reitores que atuaram na Ufes de 94 até os dias atuais. A pesquisa e texto do livro Ufes 60 anos é do jornalista Luiz Vital. A criação gráfica da coleção é do programador visual da Ufes Willi Pisk (Edufes)</p>
<p>Você já pode ler o livro Ufes 60 anos. Basta clicar sobre a capa. Em breve será disponibilidade versão digital do livro Ufes 40 anos.                              <a title="Ufes 60 anos" href="http://issuu.com/ufes/docs/livro_60anos_final" target="_blank"><img loading="lazy" decoding="async" class="alignright size-medium wp-image-131" title="capa livro Ufes 60 anos" alt="capa livro Ufes 60 anos" src="http://blog.ufes.br/60anos/files/2014/04/capa_60-276x300.jpg" width="276" height="300" srcset="https://blog.ufes.br/60anos/files/2014/04/capa_60-276x300.jpg 276w, https://blog.ufes.br/60anos/files/2014/04/capa_60-944x1024.jpg 944w, https://blog.ufes.br/60anos/files/2014/04/capa_60-624x676.jpg 624w" sizes="auto, (max-width: 276px) 100vw, 276px" /></a> <a href="http://blog.ufes.br/60anos/files/2014/04/Capa-40.jpg"><img loading="lazy" decoding="async" class="alignright size-medium wp-image-132" title="capa livro Ufes 40 anos" alt="capa livro Ufes 40 anos" src="http://blog.ufes.br/60anos/files/2014/04/Capa-40-273x300.jpg" width="273" height="300" srcset="https://blog.ufes.br/60anos/files/2014/04/Capa-40-273x300.jpg 273w, https://blog.ufes.br/60anos/files/2014/04/Capa-40-934x1024.jpg 934w, https://blog.ufes.br/60anos/files/2014/04/Capa-40-624x683.jpg 624w" sizes="auto, (max-width: 273px) 100vw, 273px" /></a></p>

<p>Dois livros com registros históricos da Ufes serão distribuídos a partir do dia 5 de maio em comemoração aos 60 anos da Ufes. Os formam o início de uma coleção sobre aspectos históricos da Universidade Federal do Espírito Santo. O primeiro livro é uma reedição da obra de Ivantir Borgo, sobre os quarenta ano da [&hellip;]</p>

Dois livros com registros históricos da Ufes serão distribuídos a partir do dia 5 de maio em comemoração aos 60 anos da Ufes. Os formam o início de uma coleção sobre aspectos históricos da Universidade Federal do Espírito Santo. O primeiro livro é uma reedição da obra de Ivantir Borgo, sobre os quarenta ano da&hellip;
