{"id":61,"date":"2019-08-27T09:35:19","date_gmt":"2019-08-27T12:35:19","guid":{"rendered":"http:\/\/blog.ufes.br\/arteposmidia\/?page_id=61"},"modified":"2023-03-16T15:13:41","modified_gmt":"2023-03-16T18:13:41","slug":"referencias","status":"publish","type":"page","link":"https:\/\/blog.ufes.br\/arteposmidia\/","title":{"rendered":"publica\u00e7\u00f5es"},"content":{"rendered":"\n<p>HORA, Daniel. BELLO, Hugo de S . Entropias negativas na era da cultura p\u00f3s-digital: remedia\u00e7\u00f5es cr\u00edticas e curatoriais da arte na internet. In: 20o. Encontro Internacional de Arte e Tecnologia, 2021, Val\u00eancia. <strong>Anais&#8230;<\/strong> Val\u00eancia: Universitat Polit\u00e8cnica de Val\u00e8ncia; Media Lab BR, 2021. p. 456-466. doi: <a href=\"http:\/\/dx.doi.org\/10.5281\/zenodo.5803575\">http:\/\/dx.doi.org\/10.5281\/zenodo.5803575<\/a>.  <\/p>\n\n\n\n<p>\u0392\u03af\u03bf\u03c2 + BI\/OS: Diferen\u00e7a e corporeidade nas abordagens tecnol\u00f3gicas transgressivas observadas na artem\u00eddia. <strong>Artefilosofia,<\/strong> Ouro Preto, v. 15, edi\u00e7\u00e3o especial, 2020. Dispon\u00edvel em:  <a href=\"https:\/\/periodicos.ufop.br\/raf\/article\/view\/4309\/3590\">https:\/\/periodicos.ufop.br\/raf\/article\/view\/4309\/3590<\/a>. Acesso em: 15 abr. 2021.<\/p>\n\n\n\n<p>Remedia\u00e7\u00f5es do conv\u00edvio na arte p\u00f3s-digital: o car\u00e1ter cr\u00edtico de proposi\u00e7\u00f5es em realidade urbana aumentada e m\u00eddias sociais. In: SEMIN\u00c1RIO \u00cdBERO-AMERICANO SOBRE O PROCESSO DE CRIA\u00c7\u00c3O NAS ARTES, 10., 2020, Vit\u00f3ria. <strong>Anais&#8230;<\/strong> Vit\u00f3ria: Edufes, 2020. p. 462-470. <a href=\"https:\/\/leena.ufes.br\/sites\/leena.ufes.br\/files\/field\/anexo\/parte_1poeticas_2020_anais-1-489.pdf#462\" data-type=\"URL\" data-id=\"https:\/\/leena.ufes.br\/sites\/leena.ufes.br\/files\/field\/anexo\/parte_1poeticas_2020_anais-1-489.pdf#462\">PDF<\/a><\/p>\n\n\n\n<p>Arte e algoritmo: uma genealogia. <strong>Revista SeLecT<\/strong>, S\u00e3o Paulo, primavera 2020, p. 68-73. <a rel=\"noreferrer noopener\" href=\"https:\/\/www.select.art.br\/arte-e-algoritmo-uma-genealogia\/\" target=\"_blank\">vers\u00e3o on-line<\/a> <\/p>\n\n\n\n<p>Cubo branco, caixa preta, plataformas radiantes: portabilidade e experi\u00eancia est\u00e9tica da arte por meio de aparatos reticulares. In: SIMP\u00d3SIO INTERNACIONAL DE RELA\u00c7\u00d5ES SIST\u00caMICAS DA ARTE, 2., 2019, S\u00e3o Paulo. <strong>Anais<\/strong> [&#8230;]. Porto Alegre: UFRGS, 2020. p. 259-267. <a rel=\"noreferrer noopener\" href=\"https:\/\/2simposioirsablog.files.wordpress.com\/2020\/07\/2-arte-alc3a9m-da-arte-ebook.pdf\" target=\"_blank\">e-book<\/a><\/p>\n\n\n\n<p>Paradoxes of post-digital activism in art, design and architecture. <strong>DAT Journal<\/strong>, S\u00e3o Paulo. v. 4, n. 2, p. 22-31, 5 Aug. 2019. DOI: <a rel=\"noreferrer noopener\" href=\"https:\/\/doi.org\/10.29147\/dat.v4i2.126\" target=\"_blank\">10.29147\/dat.v4i2.126<\/a><\/p>\n\n\n\n<p>Alteridade operacional da imagem: acerca do anonimato no arte-ativismo hacker. <strong>Revista Farol<\/strong>, Vit\u00f3ria, v. 1, n. 21, p. 44\u201350, 2019. DOI: <a rel=\"noreferrer noopener\" href=\"https:\/\/doi.org\/10.47456\/rf.v1i21.30842\" target=\"_blank\">10.47456\/rf.v1i21.30842. <\/a><\/p>\n\n\n\n<p>Media\u00e7\u00e3o informacional e neguentropia: espacialidades, temporalidades, singularidades da arte na \u00e9poca p\u00f3s-digital. In: COL\u00d3QUIO DE ARTE E PESQUISA DOS ALUNOS DO PROGRAMA DE P\u00d3S-GRADUA\u00c7\u00c3O EM ARTES DA UFES, 7., 2019, Vit\u00f3ria. <strong>Anais<\/strong> [&#8230;] Vit\u00f3ria: 2019, Ufes. p. 11-15. <a rel=\"noreferrer noopener\" href=\"https:\/\/viicolartes2019.webnode.com\/_files\/200000167-aa109aa10c\/ENSAIO%2003_VII%20COLARTES%202019.pdf\" target=\"_blank\">PDF<\/a> e <a rel=\"noreferrer noopener\" href=\"https:\/\/issuu.com\/colartes2019\/docs\/anais_completo_vii_colartes_2019_parte_1\" target=\"_blank\">e-book<\/a><\/p>\n\n\n\n<p>Extens\u00f5es do sistema p\u00f3s-digital: fun\u00e7\u00f5es de registro e opera\u00e7\u00f5es comput\u00e1veis derivadas dos \u201carquivos de artistas\u201d. In: SIMP\u00d3SIO INTERNACIONAL DE RELA\u00c7\u00d5ES SIST\u00caMICAS DA ARTE, 1., 2018, Porto Alegre. <strong>Anais<\/strong> [&#8230;]. Porto Alegre: UFRGS, 2018. p. 247-257. <a rel=\"noreferrer noopener\" href=\"https:\/\/1simposioirsablog.files.wordpress.com\/2018\/09\/anais-arte-alc3a9m-da-arte.pdf\" target=\"_blank\">e-book<\/a><\/p>\n\n\n\n<div class=\"wp-block-group\"><div class=\"wp-block-group__inner-container is-layout-flow wp-block-group-is-layout-flow\">\n<p>Mal-estar do algoritmo: notas sobre o arte-ativismo digital. In: ENCONTRO INTERNACIONAL DE ARTE E TECNOLOGIA, 17., 2018, Bras\u00edlia. <strong>Anais [&#8230;]. <\/strong>Bras\u00edlia: UnB, 2018. p. 97-101. <a rel=\"noreferrer noopener\" href=\"https:\/\/files.cercomp.ufg.br\/weby\/up\/779\/o\/12-Daniel_Hora.pdf\" target=\"_blank\">PDF<\/a><\/p>\n\n\n\n<p>Performance e disrup\u00e7\u00e3o: arte-ativismo hacker. <strong>Revista VIS, <\/strong>Bras\u00edlia, v. 15, n. 1, p. 4-29, jun. 2016. DOI: <a href=\"https:\/\/doi.org\/10.26512\/vis.v15i1.14522\">10.26512\/vis.v15i1.14522<\/a><\/p>\n\n\n\n<p>Da in-visibilidade na arte: c\u00f3digos e corporifica\u00e7\u00f5es. In: SIMP\u00d3SIO INTERNACIONAL LAVITS, 3., 2015, Rio de Janeiro. <strong>Anais [&#8230;] <\/strong>Rio de Janeiro: UFRJ, 2015. p. 358-377. <a href=\"http:\/\/medialabufrj.net\/download\/lavits2015-anais\/6\/2.Resumo44.pdf\" target=\"_blank\" rel=\"noreferrer noopener\">PDF<\/a><\/p>\n<\/div><\/div>\n\n\n\n<div class=\"wp-block-group\"><div class=\"wp-block-group__inner-container is-layout-flow wp-block-group-is-layout-flow\">\n<hr class=\"wp-block-separator has-css-opacity is-style-wide\" \/>\n<\/div><\/div>\n\n\n\n<h2 class=\"wp-block-heading\">mais informa\u00e7\u00f5es:<\/h2>\n\n\n\n<p><a rel=\"noreferrer noopener\" href=\"https:\/\/ufes.academia.edu\/DanielHora\" target=\"_blank\">Academia.edu<\/a><\/p>\n\n\n\n<p><a href=\"https:\/\/www.researchgate.net\/profile\/Daniel_Hora\">ResearchGate<\/a><\/p>\n\n\n\n<p><a rel=\"noreferrer noopener\" href=\"http:\/\/lattes.cnpq.br\/1587944007709027\" target=\"_blank\">CV Lattes<\/a><\/p>\n","protected":false},"excerpt":{"rendered":"<p>HORA, Daniel. BELLO, Hugo de S . Entropias negativas na era da cultura p\u00f3s-digital: remedia\u00e7\u00f5es [&hellip;]<\/p>\n","protected":false},"author":338,"featured_media":0,"parent":0,"menu_order":0,"comment_status":"closed","ping_status":"closed","template":"template-full.php","meta":{"_bbp_topic_count":0,"_bbp_reply_count":0,"_bbp_total_topic_count":0,"_bbp_total_reply_count":0,"_bbp_voice_count":0,"_bbp_anonymous_reply_count":0,"_bbp_topic_count_hidden":0,"_bbp_reply_count_hidden":0,"_bbp_forum_subforum_count":0,"_uag_custom_page_level_css":"","footnotes":""},"class_list":["post-61","page","type-page","status-publish","hentry"],"uagb_featured_image_src":{"full":false,"thumbnail":false,"medium":false,"medium_large":false,"large":false,"1536x1536":false,"2048x2048":false,"post-thumbnail":false,"small":false,"blog":false,"portfoliowidget":false,"portfoliosmall":false,"portfoliosmallnc":false,"blogsmall":false,"portfoliolarge":false,"itg_featured":false,"itg_post":false,"itg_widget":false},"uagb_author_info":{"display_name":"daniel.hora","author_link":"https:\/\/blog.ufes.br\/arteposmidia\/author\/daniel_de-souza-neves-hora\/"},"uagb_comment_info":0,"uagb_excerpt":"HORA, Daniel. BELLO, Hugo de S . Entropias negativas na era da cultura p\u00f3s-digital: remedia\u00e7\u00f5es [&hellip;]","_links":{"self":[{"href":"https:\/\/blog.ufes.br\/arteposmidia\/wp-json\/wp\/v2\/pages\/61","targetHints":{"allow":["GET"]}}],"collection":[{"href":"https:\/\/blog.ufes.br\/arteposmidia\/wp-json\/wp\/v2\/pages"}],"about":[{"href":"https:\/\/blog.ufes.br\/arteposmidia\/wp-json\/wp\/v2\/types\/page"}],"author":[{"embeddable":true,"href":"https:\/\/blog.ufes.br\/arteposmidia\/wp-json\/wp\/v2\/users\/338"}],"replies":[{"embeddable":true,"href":"https:\/\/blog.ufes.br\/arteposmidia\/wp-json\/wp\/v2\/comments?post=61"}],"version-history":[{"count":20,"href":"https:\/\/blog.ufes.br\/arteposmidia\/wp-json\/wp\/v2\/pages\/61\/revisions"}],"predecessor-version":[{"id":1268,"href":"https:\/\/blog.ufes.br\/arteposmidia\/wp-json\/wp\/v2\/pages\/61\/revisions\/1268"}],"wp:attachment":[{"href":"https:\/\/blog.ufes.br\/arteposmidia\/wp-json\/wp\/v2\/media?parent=61"}],"curies":[{"name":"wp","href":"https:\/\/api.w.org\/{rel}","templated":true}]}}