{"id":860,"date":"2020-12-21T20:41:19","date_gmt":"2020-12-21T23:41:19","guid":{"rendered":"http:\/\/blog.ufes.br\/arteposmidia\/?page_id=860"},"modified":"2020-12-28T19:40:01","modified_gmt":"2020-12-28T22:40:01","slug":"ensaios-em-hipermidia","status":"publish","type":"page","link":"https:\/\/blog.ufes.br\/arteposmidia\/ensino\/ensaios-em-hipermidia\/","title":{"rendered":"Ensaios em hiperm\u00eddia"},"content":{"rendered":"<p>Produ\u00e7\u00e3o realizada pelos estudantes de mestrado matriculados na disciplina de Arte e M\u00eddias Contempor\u00e2neas (2020\/1), do Programa de P\u00f3s-Gradua\u00e7\u00e3o em Artes da Ufes.<\/p>\n<p><\/p>\n\n\n<\/p>\n<p><a href=\"https:\/\/blog.ufes.br\/arteposmidia\/entre-a-producao-de-conteudo-e-a-arte-quando-o-mimetismo-a-disrupcao-a-critica-e-a-originalidade-fazem-parte-de-um-conteudo\/?preview_id=586&amp;preview_nonce=65b536f913&amp;preview=true\">Entre a produ\u00e7\u00e3o de conte\u00fado e a arte: quando o mimetismo, a disrup\u00e7\u00e3o, a cr\u00edtica e a originalidade fazem parte de um conte\u00fado\u200e<\/a><br \/><b>Stef\u00e2nia Masotti<\/b><\/p>\n<p><a style=\"letter-spacing: 0.4px\" href=\"https:\/\/blog.ufes.br\/arteposmidia\/ensino\/ensaios-em-hipermidia\/imagens-tecnicas-algoritmos-e-magia-aproximacoes-sinestesicas\/\" target=\"_blank\" rel=\"noopener\">Imagens t\u00e9cnicas, algoritmos e magia: aproxima\u00e7\u00f5es sinest\u00e9sicas<\/a><br \/><b>Daniel Jos\u00e9 dos Santos J\u00fanior<\/b><\/p>\n<p><a href=\"https:\/\/blog.ufes.br\/arteposmidia\/ensino\/ensaios-em-hipermidia\/o-corpo-como-midia-uma-leitura-contemporanea-de-imagens-de-nu-masculino-na-arte\/\">O corpo como m\u00eddia: uma leitura contempor\u00e2nea de imagens de nu masculino na arte<\/a><br \/><b>Cesar Silva Barcelos J\u00fanior<\/b><\/p>\n<p style=\"text-align: justify\"><a style=\"letter-spacing: 0.4px\" href=\"https:\/\/blog.ufes.br\/arteposmidia\/ensino\/ensaios-em-hipermidia\/memes-apropriacao-da-arte-na-construcao-de-sentido-no-contexto-politico-da-covid-19\/\" target=\"_blank\" rel=\"noopener\">MEMES: Apropria\u00e7\u00e3o da arte na constru\u00e7\u00e3o de sentido no contexto politico da COVID-19<\/a><br \/><b>Dayana C\u00f4rtes<\/b><\/p>\n<p style=\"text-align: justify\"><a href=\"https:\/\/blog.ufes.br\/arteposmidia\/ensino\/ensaios-em-hipermidia\/provocacoes-artisticas-contra-a-idiotizacao-social\/\" target=\"_blank\" rel=\"noopener\">Provoca\u00e7\u00f5es art\u00edsticas contra a idiotiza\u00e7\u00e3o social<\/a><br \/><strong>Hendy Anna Oliveira<\/strong><\/p>\n<p>\n\n\n<p><\/p>","protected":false},"excerpt":{"rendered":"<p>Produ\u00e7\u00e3o realizada pelos estudantes de mestrado matriculados na disciplina de Arte e M\u00eddias Contempor\u00e2neas (2020\/1), [&hellip;]<\/p>\n","protected":false},"author":338,"featured_media":1112,"parent":41,"menu_order":0,"comment_status":"closed","ping_status":"closed","template":"template-full.php","meta":{"_bbp_topic_count":0,"_bbp_reply_count":0,"_bbp_total_topic_count":0,"_bbp_total_reply_count":0,"_bbp_voice_count":0,"_bbp_anonymous_reply_count":0,"_bbp_topic_count_hidden":0,"_bbp_reply_count_hidden":0,"_bbp_forum_subforum_count":0,"_uag_custom_page_level_css":"","footnotes":""},"class_list":["post-860","page","type-page","status-publish","has-post-thumbnail","hentry"],"uagb_featured_image_src":{"full":["https:\/\/blog.ufes.br\/arteposmidia\/files\/2020\/12\/247px-Klee-angelus-novus.jpg",247,300,false],"thumbnail":["https:\/\/blog.ufes.br\/arteposmidia\/files\/2020\/12\/247px-Klee-angelus-novus.jpg",124,150,false],"medium":["https:\/\/blog.ufes.br\/arteposmidia\/files\/2020\/12\/247px-Klee-angelus-novus.jpg",247,300,false],"medium_large":["https:\/\/blog.ufes.br\/arteposmidia\/files\/2020\/12\/247px-Klee-angelus-novus.jpg",247,300,false],"large":["https:\/\/blog.ufes.br\/arteposmidia\/files\/2020\/12\/247px-Klee-angelus-novus.jpg",247,300,false],"1536x1536":["https:\/\/blog.ufes.br\/arteposmidia\/files\/2020\/12\/247px-Klee-angelus-novus.jpg",247,300,false],"2048x2048":["https:\/\/blog.ufes.br\/arteposmidia\/files\/2020\/12\/247px-Klee-angelus-novus.jpg",247,300,false],"post-thumbnail":["https:\/\/blog.ufes.br\/arteposmidia\/files\/2020\/12\/247px-Klee-angelus-novus.jpg",41,50,false],"small":["https:\/\/blog.ufes.br\/arteposmidia\/files\/2020\/12\/247px-Klee-angelus-novus.jpg",125,152,false],"blog":["https:\/\/blog.ufes.br\/arteposmidia\/files\/2020\/12\/247px-Klee-angelus-novus.jpg",222,270,false],"portfoliowidget":["https:\/\/blog.ufes.br\/arteposmidia\/files\/2020\/12\/247px-Klee-angelus-novus.jpg",46,56,false],"portfoliosmall":["https:\/\/blog.ufes.br\/arteposmidia\/files\/2020\/12\/247px-Klee-angelus-novus.jpg",247,300,false],"portfoliosmallnc":["https:\/\/blog.ufes.br\/arteposmidia\/files\/2020\/12\/247px-Klee-angelus-novus.jpg",247,300,false],"blogsmall":["https:\/\/blog.ufes.br\/arteposmidia\/files\/2020\/12\/247px-Klee-angelus-novus.jpg",203,246,false],"portfoliolarge":["https:\/\/blog.ufes.br\/arteposmidia\/files\/2020\/12\/247px-Klee-angelus-novus.jpg",247,300,false],"itg_featured":["https:\/\/blog.ufes.br\/arteposmidia\/files\/2020\/12\/247px-Klee-angelus-novus.jpg",247,300,false],"itg_post":["https:\/\/blog.ufes.br\/arteposmidia\/files\/2020\/12\/247px-Klee-angelus-novus.jpg",206,250,false],"itg_widget":["https:\/\/blog.ufes.br\/arteposmidia\/files\/2020\/12\/247px-Klee-angelus-novus.jpg",33,40,false]},"uagb_author_info":{"display_name":"daniel.hora","author_link":"https:\/\/blog.ufes.br\/arteposmidia\/author\/daniel_de-souza-neves-hora\/"},"uagb_comment_info":0,"uagb_excerpt":"Produ\u00e7\u00e3o realizada pelos estudantes de mestrado matriculados na disciplina de Arte e M\u00eddias Contempor\u00e2neas (2020\/1), [&hellip;]","_links":{"self":[{"href":"https:\/\/blog.ufes.br\/arteposmidia\/wp-json\/wp\/v2\/pages\/860","targetHints":{"allow":["GET"]}}],"collection":[{"href":"https:\/\/blog.ufes.br\/arteposmidia\/wp-json\/wp\/v2\/pages"}],"about":[{"href":"https:\/\/blog.ufes.br\/arteposmidia\/wp-json\/wp\/v2\/types\/page"}],"author":[{"embeddable":true,"href":"https:\/\/blog.ufes.br\/arteposmidia\/wp-json\/wp\/v2\/users\/338"}],"replies":[{"embeddable":true,"href":"https:\/\/blog.ufes.br\/arteposmidia\/wp-json\/wp\/v2\/comments?post=860"}],"version-history":[{"count":60,"href":"https:\/\/blog.ufes.br\/arteposmidia\/wp-json\/wp\/v2\/pages\/860\/revisions"}],"predecessor-version":[{"id":1114,"href":"https:\/\/blog.ufes.br\/arteposmidia\/wp-json\/wp\/v2\/pages\/860\/revisions\/1114"}],"up":[{"embeddable":true,"href":"https:\/\/blog.ufes.br\/arteposmidia\/wp-json\/wp\/v2\/pages\/41"}],"wp:featuredmedia":[{"embeddable":true,"href":"https:\/\/blog.ufes.br\/arteposmidia\/wp-json\/wp\/v2\/media\/1112"}],"wp:attachment":[{"href":"https:\/\/blog.ufes.br\/arteposmidia\/wp-json\/wp\/v2\/media?parent=860"}],"curies":[{"name":"wp","href":"https:\/\/api.w.org\/{rel}","templated":true}]}}

Ensaios em hipermídia

<p>Produção realizada pelos estudantes de mestrado matriculados na disciplina de Arte e Mídias Contemporâneas (2020/1), do Programa de Pós-Graduação em Artes da Ufes.</p>
<p></p>


</p>
<p><a href="https://blog.ufes.br/arteposmidia/entre-a-producao-de-conteudo-e-a-arte-quando-o-mimetismo-a-disrupcao-a-critica-e-a-originalidade-fazem-parte-de-um-conteudo/?preview_id=586&amp;preview_nonce=65b536f913&amp;preview=true">Entre a produção de conteúdo e a arte: quando o mimetismo, a disrupção, a crítica e a originalidade fazem parte de um conteúdo‎</a><br /><b>Stefânia Masotti</b></p>
<p><a style="letter-spacing: 0.4px" href="https://blog.ufes.br/arteposmidia/ensino/ensaios-em-hipermidia/imagens-tecnicas-algoritmos-e-magia-aproximacoes-sinestesicas/" target="_blank" rel="noopener">Imagens técnicas, algoritmos e magia: aproximações sinestésicas</a><br /><b>Daniel José dos Santos Júnior</b></p>
<p><a href="https://blog.ufes.br/arteposmidia/ensino/ensaios-em-hipermidia/o-corpo-como-midia-uma-leitura-contemporanea-de-imagens-de-nu-masculino-na-arte/">O corpo como mídia: uma leitura contemporânea de imagens de nu masculino na arte</a><br /><b>Cesar Silva Barcelos Júnior</b></p>
<p style="text-align: justify"><a style="letter-spacing: 0.4px" href="https://blog.ufes.br/arteposmidia/ensino/ensaios-em-hipermidia/memes-apropriacao-da-arte-na-construcao-de-sentido-no-contexto-politico-da-covid-19/" target="_blank" rel="noopener">MEMES: Apropriação da arte na construção de sentido no contexto politico da COVID-19</a><br /><b>Dayana Côrtes</b></p>
<p style="text-align: justify"><a href="https://blog.ufes.br/arteposmidia/ensino/ensaios-em-hipermidia/provocacoes-artisticas-contra-a-idiotizacao-social/" target="_blank" rel="noopener">Provocações artísticas contra a idiotização social</a><br /><strong>Hendy Anna Oliveira</strong></p>
<p>


<p></p>

<p>Produção realizada pelos estudantes de mestrado matriculados na disciplina de Arte e Mídias Contemporâneas (2020/1), [&hellip;]</p>

Produção realizada pelos estudantes de mestrado matriculados na disciplina de Arte e Mídias Contemporâneas (2020/1), [&hellip;]
