{"id":13,"date":"2017-06-12T22:28:43","date_gmt":"2017-06-13T01:28:43","guid":{"rendered":"http:\/\/blog.ufes.br\/cafematematico\/?page_id=13"},"modified":"2020-01-07T12:50:18","modified_gmt":"2020-01-07T15:50:18","slug":"proposta","status":"publish","type":"page","link":"https:\/\/blog.ufes.br\/cafematematico\/proposta\/","title":{"rendered":"O Projeto"},"content":{"rendered":"<p>O Ciclo de Palestras do Departamento de Matem\u00e1tica Aplicada (UFES\/Ceunes) \u00e9 uma iniciativa de alguns docentes do departamento com o intuito de oferecer palestras sobre temas diversos que sejam, a nosso ver, de interesse dos alunos de Licenciatura em Matem\u00e1tica. Alunos de outros cursos s\u00e3o igualmente bem-vindos. As palestras t\u00eam tamb\u00e9m por objetivo complementar a forma\u00e7\u00e3o do estudante ao abordar temas que muitas vezes n\u00e3o s\u00e3o tratados em sala de aula no \u00e2mbito de um curso regular.<\/p>\n","protected":false},"excerpt":{"rendered":"<p>O Ciclo de Palestras do Departamento de Matem\u00e1tica Aplicada (UFES\/Ceunes) \u00e9 uma iniciativa de alguns docentes do departamento com o intuito de oferecer palestras sobre temas diversos que sejam, a nosso ver, de interesse dos alunos de Licenciatura em Matem\u00e1tica. &hellip; <a href=\"https:\/\/blog.ufes.br\/cafematematico\/proposta\/\">Continue lendo <span class=\"meta-nav\">&rarr;<\/span><\/a><\/p>\n","protected":false},"author":306,"featured_media":0,"parent":0,"menu_order":0,"comment_status":"closed","ping_status":"closed","template":"","meta":{"_bbp_topic_count":0,"_bbp_reply_count":0,"_bbp_total_topic_count":0,"_bbp_total_reply_count":0,"_bbp_voice_count":0,"_bbp_anonymous_reply_count":0,"_bbp_topic_count_hidden":0,"_bbp_reply_count_hidden":0,"_bbp_forum_subforum_count":0,"_uag_custom_page_level_css":"","footnotes":""},"class_list":["post-13","page","type-page","status-publish","hentry"],"uagb_featured_image_src":{"full":false,"thumbnail":false,"medium":false,"medium_large":false,"large":false,"1536x1536":false,"2048x2048":false,"post-thumbnail":false,"large-feature":false,"small-feature":false},"uagb_author_info":{"display_name":"Jamil","author_link":"https:\/\/blog.ufes.br\/cafematematico\/author\/jamil_gomes-de-abreu-junior\/"},"uagb_comment_info":0,"uagb_excerpt":"O Ciclo de Palestras do Departamento de Matem\u00e1tica Aplicada (UFES\/Ceunes) \u00e9 uma iniciativa de alguns docentes do departamento com o intuito de oferecer palestras sobre temas diversos que sejam, a nosso ver, de interesse dos alunos de Licenciatura em Matem\u00e1tica. &hellip; Continue lendo &rarr;","_links":{"self":[{"href":"https:\/\/blog.ufes.br\/cafematematico\/wp-json\/wp\/v2\/pages\/13","targetHints":{"allow":["GET"]}}],"collection":[{"href":"https:\/\/blog.ufes.br\/cafematematico\/wp-json\/wp\/v2\/pages"}],"about":[{"href":"https:\/\/blog.ufes.br\/cafematematico\/wp-json\/wp\/v2\/types\/page"}],"author":[{"embeddable":true,"href":"https:\/\/blog.ufes.br\/cafematematico\/wp-json\/wp\/v2\/users\/306"}],"replies":[{"embeddable":true,"href":"https:\/\/blog.ufes.br\/cafematematico\/wp-json\/wp\/v2\/comments?post=13"}],"version-history":[{"count":3,"href":"https:\/\/blog.ufes.br\/cafematematico\/wp-json\/wp\/v2\/pages\/13\/revisions"}],"predecessor-version":[{"id":26,"href":"https:\/\/blog.ufes.br\/cafematematico\/wp-json\/wp\/v2\/pages\/13\/revisions\/26"}],"wp:attachment":[{"href":"https:\/\/blog.ufes.br\/cafematematico\/wp-json\/wp\/v2\/media?parent=13"}],"curies":[{"name":"wp","href":"https:\/\/api.w.org\/{rel}","templated":true}]}}

<p>O Ciclo de Palestras do Departamento de Matemática Aplicada (UFES/Ceunes) é uma iniciativa de alguns docentes do departamento com o intuito de oferecer palestras sobre temas diversos que sejam, a nosso ver, de interesse dos alunos de Licenciatura em Matemática. Alunos de outros cursos são igualmente bem-vindos. As palestras têm também por objetivo complementar a formação do estudante ao abordar temas que muitas vezes não são tratados em sala de aula no âmbito de um curso regular.</p>

<p>O Ciclo de Palestras do Departamento de Matemática Aplicada (UFES/Ceunes) é uma iniciativa de alguns docentes do departamento com o intuito de oferecer palestras sobre temas diversos que sejam, a nosso ver, de interesse dos alunos de Licenciatura em Matemática. &hellip; <a href="https://blog.ufes.br/cafematematico/proposta/">Continue lendo <span class="meta-nav">&rarr;</span></a></p>

O Ciclo de Palestras do Departamento de Matemática Aplicada (UFES/Ceunes) é uma iniciativa de alguns docentes do departamento com o intuito de oferecer palestras sobre temas diversos que sejam, a nosso ver, de interesse dos alunos de Licenciatura em Matemática. &hellip; Continue lendo &rarr;
