{"id":17,"date":"2017-06-12T22:36:17","date_gmt":"2017-06-13T01:36:17","guid":{"rendered":"http:\/\/blog.ufes.br\/cafematematico\/?page_id=17"},"modified":"2020-01-11T09:38:12","modified_gmt":"2020-01-11T12:38:12","slug":"2019-2","status":"publish","type":"page","link":"https:\/\/blog.ufes.br\/cafematematico\/palestras\/2019-2\/","title":{"rendered":"2019"},"content":{"rendered":"<hr \/>\n<h3>25\/11\/2019<\/h3>\n<ul>\n<li>T\u00edtulo: Um encontro com Euler &#8211; Aspectos da vida e obra de Leonhard Euler<\/li>\n<li>Palestrante: Prof. Jamil Abreu<\/li>\n<li>Resumo: Nesta palestra discorremos sobre v\u00e1rios pontos da vida e obra do matem\u00e1tico Leonhard Euler (1707-1783), destacando aspectos quantitativos e qualitativos de sua obra.<\/li>\n<\/ul>\n<hr \/>\n<h3>03\/09\/2019<\/h3>\n<ul>\n<li>T\u00edtulo: Que fazem os matem\u00e1ticos? Uma jornada do problema da quadratura<br \/>\ndo c\u00edrculo aos dias atuais<\/li>\n<li>Palestrante: Prof. Jamil Abreu<\/li>\n<li>Resumo: Nesta palestra tratamos de v\u00e1rios aspectos envolvidos na carreira de um matem\u00e1tico, a partir de uma digress\u00e3o hist\u00f3rica ao problema da quadratura do c\u00edrculo.<\/li>\n<\/ul>\n","protected":false},"excerpt":{"rendered":"<p>25\/11\/2019 T\u00edtulo: Um encontro com Euler &#8211; Aspectos da vida e obra de Leonhard Euler Palestrante: Prof. Jamil Abreu Resumo: Nesta palestra discorremos sobre v\u00e1rios pontos da vida e obra do matem\u00e1tico Leonhard Euler (1707-1783), destacando aspectos quantitativos e qualitativos &hellip; <a href=\"https:\/\/blog.ufes.br\/cafematematico\/palestras\/2019-2\/\">Continue lendo <span class=\"meta-nav\">&rarr;<\/span><\/a><\/p>\n","protected":false},"author":306,"featured_media":0,"parent":29,"menu_order":0,"comment_status":"closed","ping_status":"closed","template":"","meta":{"_bbp_topic_count":0,"_bbp_reply_count":0,"_bbp_total_topic_count":0,"_bbp_total_reply_count":0,"_bbp_voice_count":0,"_bbp_anonymous_reply_count":0,"_bbp_topic_count_hidden":0,"_bbp_reply_count_hidden":0,"_bbp_forum_subforum_count":0,"_uag_custom_page_level_css":"","footnotes":""},"class_list":["post-17","page","type-page","status-publish","hentry"],"uagb_featured_image_src":{"full":false,"thumbnail":false,"medium":false,"medium_large":false,"large":false,"1536x1536":false,"2048x2048":false,"post-thumbnail":false,"large-feature":false,"small-feature":false},"uagb_author_info":{"display_name":"Jamil","author_link":"https:\/\/blog.ufes.br\/cafematematico\/author\/jamil_gomes-de-abreu-junior\/"},"uagb_comment_info":0,"uagb_excerpt":"25\/11\/2019 T\u00edtulo: Um encontro com Euler &#8211; Aspectos da vida e obra de Leonhard Euler Palestrante: Prof. Jamil Abreu Resumo: Nesta palestra discorremos sobre v\u00e1rios pontos da vida e obra do matem\u00e1tico Leonhard Euler (1707-1783), destacando aspectos quantitativos e qualitativos &hellip; Continue lendo &rarr;","_links":{"self":[{"href":"https:\/\/blog.ufes.br\/cafematematico\/wp-json\/wp\/v2\/pages\/17","targetHints":{"allow":["GET"]}}],"collection":[{"href":"https:\/\/blog.ufes.br\/cafematematico\/wp-json\/wp\/v2\/pages"}],"about":[{"href":"https:\/\/blog.ufes.br\/cafematematico\/wp-json\/wp\/v2\/types\/page"}],"author":[{"embeddable":true,"href":"https:\/\/blog.ufes.br\/cafematematico\/wp-json\/wp\/v2\/users\/306"}],"replies":[{"embeddable":true,"href":"https:\/\/blog.ufes.br\/cafematematico\/wp-json\/wp\/v2\/comments?post=17"}],"version-history":[{"count":8,"href":"https:\/\/blog.ufes.br\/cafematematico\/wp-json\/wp\/v2\/pages\/17\/revisions"}],"predecessor-version":[{"id":46,"href":"https:\/\/blog.ufes.br\/cafematematico\/wp-json\/wp\/v2\/pages\/17\/revisions\/46"}],"up":[{"embeddable":true,"href":"https:\/\/blog.ufes.br\/cafematematico\/wp-json\/wp\/v2\/pages\/29"}],"wp:attachment":[{"href":"https:\/\/blog.ufes.br\/cafematematico\/wp-json\/wp\/v2\/media?parent=17"}],"curies":[{"name":"wp","href":"https:\/\/api.w.org\/{rel}","templated":true}]}}

<hr />
<h3>25/11/2019</h3>
<ul>
<li>Título: Um encontro com Euler &#8211; Aspectos da vida e obra de Leonhard Euler</li>
<li>Palestrante: Prof. Jamil Abreu</li>
<li>Resumo: Nesta palestra discorremos sobre vários pontos da vida e obra do matemático Leonhard Euler (1707-1783), destacando aspectos quantitativos e qualitativos de sua obra.</li>
</ul>
<hr />
<h3>03/09/2019</h3>
<ul>
<li>Título: Que fazem os matemáticos? Uma jornada do problema da quadratura<br />
do círculo aos dias atuais</li>
<li>Palestrante: Prof. Jamil Abreu</li>
<li>Resumo: Nesta palestra tratamos de vários aspectos envolvidos na carreira de um matemático, a partir de uma digressão histórica ao problema da quadratura do círculo.</li>
</ul>

<p>25/11/2019 Título: Um encontro com Euler &#8211; Aspectos da vida e obra de Leonhard Euler Palestrante: Prof. Jamil Abreu Resumo: Nesta palestra discorremos sobre vários pontos da vida e obra do matemático Leonhard Euler (1707-1783), destacando aspectos quantitativos e qualitativos &hellip; <a href="https://blog.ufes.br/cafematematico/palestras/2019-2/">Continue lendo <span class="meta-nav">&rarr;</span></a></p>

25/11/2019 Título: Um encontro com Euler &#8211; Aspectos da vida e obra de Leonhard Euler Palestrante: Prof. Jamil Abreu Resumo: Nesta palestra discorremos sobre vários pontos da vida e obra do matemático Leonhard Euler (1707-1783), destacando aspectos quantitativos e qualitativos &hellip; Continue lendo &rarr;
