{"id":14,"date":"2015-11-10T17:06:33","date_gmt":"2015-11-10T17:06:33","guid":{"rendered":"http:\/\/blog.ufes.br\/cinemimesis\/?page_id=14"},"modified":"2015-11-10T17:06:33","modified_gmt":"2015-11-10T17:06:33","slug":"cinema-operario","status":"publish","type":"page","link":"https:\/\/blog.ufes.br\/cinemimesis\/cinema-operario\/","title":{"rendered":"Cinema OPer\u00e1rio"},"content":{"rendered":"<p><iframe loading=\"lazy\" title=\"A Classe Oper\u00e1ria Vai ao Para\u00edso (consci\u00eancia de classe)\" width=\"660\" height=\"495\" src=\"https:\/\/www.youtube.com\/embed\/YEHMrHOqIdk?feature=oembed\" frameborder=\"0\" allow=\"accelerometer; autoplay; clipboard-write; encrypted-media; gyroscope; picture-in-picture; web-share\" referrerpolicy=\"strict-origin-when-cross-origin\" allowfullscreen><\/iframe><\/p>\n","protected":false},"excerpt":{"rendered":"","protected":false},"author":241,"featured_media":0,"parent":0,"menu_order":0,"comment_status":"closed","ping_status":"closed","template":"","meta":{"_bbp_topic_count":0,"_bbp_reply_count":0,"_bbp_total_topic_count":0,"_bbp_total_reply_count":0,"_bbp_voice_count":0,"_bbp_anonymous_reply_count":0,"_bbp_topic_count_hidden":0,"_bbp_reply_count_hidden":0,"_bbp_forum_subforum_count":0,"_uag_custom_page_level_css":"","footnotes":""},"class_list":["post-14","page","type-page","status-publish","hentry"],"uagb_featured_image_src":{"full":false,"thumbnail":false,"medium":false,"medium_large":false,"large":false,"1536x1536":false,"2048x2048":false,"post-thumbnail":false},"uagb_author_info":{"display_name":"ana.f.oliveira","author_link":"https:\/\/blog.ufes.br\/cinemimesis\/author\/ana-f-oliveira\/"},"uagb_comment_info":0,"uagb_excerpt":null,"_links":{"self":[{"href":"https:\/\/blog.ufes.br\/cinemimesis\/wp-json\/wp\/v2\/pages\/14","targetHints":{"allow":["GET"]}}],"collection":[{"href":"https:\/\/blog.ufes.br\/cinemimesis\/wp-json\/wp\/v2\/pages"}],"about":[{"href":"https:\/\/blog.ufes.br\/cinemimesis\/wp-json\/wp\/v2\/types\/page"}],"author":[{"embeddable":true,"href":"https:\/\/blog.ufes.br\/cinemimesis\/wp-json\/wp\/v2\/users\/241"}],"replies":[{"embeddable":true,"href":"https:\/\/blog.ufes.br\/cinemimesis\/wp-json\/wp\/v2\/comments?post=14"}],"version-history":[{"count":1,"href":"https:\/\/blog.ufes.br\/cinemimesis\/wp-json\/wp\/v2\/pages\/14\/revisions"}],"predecessor-version":[{"id":15,"href":"https:\/\/blog.ufes.br\/cinemimesis\/wp-json\/wp\/v2\/pages\/14\/revisions\/15"}],"wp:attachment":[{"href":"https:\/\/blog.ufes.br\/cinemimesis\/wp-json\/wp\/v2\/media?parent=14"}],"curies":[{"name":"wp","href":"https:\/\/api.w.org\/{rel}","templated":true}]}}