{"id":10,"date":"2012-04-05T22:30:30","date_gmt":"2012-04-05T22:30:30","guid":{"rendered":"http:\/\/blog.ufes.br\/cristianalosekann\/?page_id=10"},"modified":"2013-11-11T22:07:19","modified_gmt":"2013-11-11T22:07:19","slug":"grupos-de-estudos-e-pesquisas","status":"publish","type":"page","link":"https:\/\/blog.ufes.br\/cristianalosekann\/grupos-de-estudos-e-pesquisas","title":{"rendered":"Agenda de encontros"},"content":{"rendered":"\n\t\t<style type=\"text\/css\">\n\t\t\t#gallery-1 {\n\t\t\t\tmargin: auto;\n\t\t\t}\n\t\t\t#gallery-1 .gallery-item {\n\t\t\t\tfloat: left;\n\t\t\t\tmargin-top: 10px;\n\t\t\t\ttext-align: center;\n\t\t\t\twidth: 33%;\n\t\t\t}\n\t\t\t#gallery-1 img {\n\t\t\t\tborder: 2px solid #cfcfcf;\n\t\t\t}\n\t\t\t#gallery-1 .gallery-caption {\n\t\t\t\tmargin-left: 0;\n\t\t\t}\n\t\t\t\/* see gallery_shortcode() in wp-includes\/media.php *\/\n\t\t<\/style>\n\t\t<div id='gallery-1' class='gallery galleryid-10 gallery-columns-3 gallery-size-thumbnail'><dl class='gallery-item'>\n\t\t\t<dt class='gallery-icon landscape'>\n\t\t\t\t<a href='https:\/\/blog.ufes.br\/cristianalosekann\/files\/2012\/04\/foto111.jpg'><img loading=\"lazy\" decoding=\"async\" width=\"150\" height=\"150\" src=\"https:\/\/blog.ufes.br\/cristianalosekann\/files\/2012\/04\/foto111-150x150.jpg\" class=\"attachment-thumbnail size-thumbnail\" alt=\"\" aria-describedby=\"gallery-1-50\" \/><\/a>\n\t\t\t<\/dt>\n\t\t\t\t<dd class='wp-caption-text gallery-caption' id='gallery-1-50'>\n\t\t\t\tCOL\u00d3QUIO 2011\n\t\t\t\t<\/dd><\/dl><dl class='gallery-item'>\n\t\t\t<dt class='gallery-icon landscape'>\n\t\t\t\t<a href='https:\/\/blog.ufes.br\/cristianalosekann\/files\/2012\/04\/foto8.jpg'><img loading=\"lazy\" decoding=\"async\" width=\"150\" height=\"150\" src=\"https:\/\/blog.ufes.br\/cristianalosekann\/files\/2012\/04\/foto8-150x150.jpg\" class=\"attachment-thumbnail size-thumbnail\" alt=\"\" aria-describedby=\"gallery-1-49\" \/><\/a>\n\t\t\t<\/dt>\n\t\t\t\t<dd class='wp-caption-text gallery-caption' id='gallery-1-49'>\n\t\t\t\tCOL\u00d3QUIO 2011\n\t\t\t\t<\/dd><\/dl><dl class='gallery-item'>\n\t\t\t<dt class='gallery-icon landscape'>\n\t\t\t\t<a href='https:\/\/blog.ufes.br\/cristianalosekann\/files\/2012\/04\/foto7.jpg'><img loading=\"lazy\" decoding=\"async\" width=\"150\" height=\"150\" src=\"https:\/\/blog.ufes.br\/cristianalosekann\/files\/2012\/04\/foto7-150x150.jpg\" class=\"attachment-thumbnail size-thumbnail\" alt=\"\" aria-describedby=\"gallery-1-48\" \/><\/a>\n\t\t\t<\/dt>\n\t\t\t\t<dd class='wp-caption-text gallery-caption' id='gallery-1-48'>\n\t\t\t\tCOL\u00d3QUIO 2011\n\t\t\t\t<\/dd><\/dl><br style=\"clear: both\" \/><dl class='gallery-item'>\n\t\t\t<dt class='gallery-icon landscape'>\n\t\t\t\t<a href='https:\/\/blog.ufes.br\/cristianalosekann\/files\/2012\/04\/foto3.jpg'><img loading=\"lazy\" decoding=\"async\" width=\"150\" height=\"150\" src=\"https:\/\/blog.ufes.br\/cristianalosekann\/files\/2012\/04\/foto3-150x150.jpg\" class=\"attachment-thumbnail size-thumbnail\" alt=\"\" aria-describedby=\"gallery-1-47\" srcset=\"https:\/\/blog.ufes.br\/cristianalosekann\/files\/2012\/04\/foto3-150x150.jpg 150w, https:\/\/blog.ufes.br\/cristianalosekann\/files\/2012\/04\/foto3-300x300.jpg 300w, https:\/\/blog.ufes.br\/cristianalosekann\/files\/2012\/04\/foto3.jpg 720w\" sizes=\"auto, (max-width: 150px) 100vw, 150px\" \/><\/a>\n\t\t\t<\/dt>\n\t\t\t\t<dd class='wp-caption-text gallery-caption' id='gallery-1-47'>\n\t\t\t\tCOL\u00d3QUIO 2011\n\t\t\t\t<\/dd><\/dl><dl class='gallery-item'>\n\t\t\t<dt class='gallery-icon landscape'>\n\t\t\t\t<a href='https:\/\/blog.ufes.br\/cristianalosekann\/files\/2012\/04\/foto12.jpg'><img loading=\"lazy\" decoding=\"async\" width=\"150\" height=\"150\" src=\"https:\/\/blog.ufes.br\/cristianalosekann\/files\/2012\/04\/foto12-150x150.jpg\" class=\"attachment-thumbnail size-thumbnail\" alt=\"\" aria-describedby=\"gallery-1-46\" \/><\/a>\n\t\t\t<\/dt>\n\t\t\t\t<dd class='wp-caption-text gallery-caption' id='gallery-1-46'>\n\t\t\t\tCOL\u00d3QUIO 2011\n\t\t\t\t<\/dd><\/dl>\n\t\t\t<br style='clear: both' \/>\n\t\t<\/div>\n\n<p>&nbsp;<\/p>\n<p>http:\/\/dgp.cnpq.br\/buscaoperacional\/detalhepesq.jsp?pesq=6484935860818055<\/p>\n<p>&nbsp;<\/p>\n<p><span style=\"color: #3366ff\">GRUPO DE ESTUDOS E PESQUISAS EM TEORIA POL\u00cdTICA &#8211; GETPol<\/span><\/p>\n<p><span style=\"color: #3366ff\"><br \/>\n<\/span><\/p>\n<p><span style=\"color: #ffffff\">O grupo dedica-se ao estudo e pesquisa em temas da teoria pol\u00edtica contempor\u00e2nea, tais com<\/span><\/p>\n","protected":false},"excerpt":{"rendered":"<p>&nbsp; http:\/\/dgp.cnpq.br\/buscaoperacional\/detalhepesq.jsp?pesq=6484935860818055 &nbsp; GRUPO DE ESTUDOS E PESQUISAS EM TEORIA POL\u00cdTICA &#8211; GETPol O grupo dedica-se ao estudo e pesquisa em temas da teoria pol\u00edtica contempor\u00e2nea, tais com<\/p>\n","protected":false},"author":63,"featured_media":0,"parent":0,"menu_order":0,"comment_status":"open","ping_status":"open","template":"","meta":{"_bbp_topic_count":0,"_bbp_reply_count":0,"_bbp_total_topic_count":0,"_bbp_total_reply_count":0,"_bbp_voice_count":0,"_bbp_anonymous_reply_count":0,"_bbp_topic_count_hidden":0,"_bbp_reply_count_hidden":0,"_bbp_forum_subforum_count":0,"_uag_custom_page_level_css":"","footnotes":""},"class_list":["post-10","page","type-page","status-publish","hentry"],"uagb_featured_image_src":{"full":false,"thumbnail":false,"medium":false,"medium_large":false,"large":false,"1536x1536":false,"2048x2048":false,"post-thumbnail":false,"large-feature":false,"small-feature":false},"uagb_author_info":{"display_name":"Cristiana Losekann","author_link":"https:\/\/blog.ufes.br\/cristianalosekann\/author\/cristiana-losekann"},"uagb_comment_info":3,"uagb_excerpt":"&nbsp; http:\/\/dgp.cnpq.br\/buscaoperacional\/detalhepesq.jsp?pesq=6484935860818055 &nbsp; GRUPO DE ESTUDOS E PESQUISAS EM TEORIA POL\u00cdTICA &#8211; GETPol O grupo dedica-se ao estudo e pesquisa em temas da teoria pol\u00edtica contempor\u00e2nea, tais com","_links":{"self":[{"href":"https:\/\/blog.ufes.br\/cristianalosekann\/wp-json\/wp\/v2\/pages\/10","targetHints":{"allow":["GET"]}}],"collection":[{"href":"https:\/\/blog.ufes.br\/cristianalosekann\/wp-json\/wp\/v2\/pages"}],"about":[{"href":"https:\/\/blog.ufes.br\/cristianalosekann\/wp-json\/wp\/v2\/types\/page"}],"author":[{"embeddable":true,"href":"https:\/\/blog.ufes.br\/cristianalosekann\/wp-json\/wp\/v2\/users\/63"}],"replies":[{"embeddable":true,"href":"https:\/\/blog.ufes.br\/cristianalosekann\/wp-json\/wp\/v2\/comments?post=10"}],"version-history":[{"count":19,"href":"https:\/\/blog.ufes.br\/cristianalosekann\/wp-json\/wp\/v2\/pages\/10\/revisions"}],"predecessor-version":[{"id":105,"href":"https:\/\/blog.ufes.br\/cristianalosekann\/wp-json\/wp\/v2\/pages\/10\/revisions\/105"}],"wp:attachment":[{"href":"https:\/\/blog.ufes.br\/cristianalosekann\/wp-json\/wp\/v2\/media?parent=10"}],"curies":[{"name":"wp","href":"https:\/\/api.w.org\/{rel}","templated":true}]}}