{"id":98,"date":"2013-11-11T22:01:16","date_gmt":"2013-11-11T22:01:16","guid":{"rendered":"http:\/\/blog.ufes.br\/cristianalosekann\/?page_id=98"},"modified":"2013-11-11T23:51:13","modified_gmt":"2013-11-11T23:51:13","slug":"coloquio-anual","status":"publish","type":"page","link":"https:\/\/blog.ufes.br\/cristianalosekann\/","title":{"rendered":"Col\u00f3quio anual"},"content":{"rendered":"<p><a href=\"http:\/\/blog.ufes.br\/cristianalosekann\/files\/2013\/11\/cHAMADA-II-COL\u00d3QUIO-page-001.jpg\"><img loading=\"lazy\" decoding=\"async\" src=\"http:\/\/blog.ufes.br\/cristianalosekann\/files\/2013\/11\/cHAMADA-II-COL\u00d3QUIO-page-001.jpg\" alt=\"cHAMADA II COL\u00d3QUIO-page-001\" width=\"106\" height=\"150\" class=\"alignnone size-thumbnail wp-image-137\" \/><\/a><a href=\"http:\/\/blog.ufes.br\/cristianalosekann\/files\/2013\/11\/cHAMADA-II-COL\u00d3QUIO.pdf\">Chamada II COL\u00d3QUIO\/2014<\/a><\/p>\n<p><a href=\"http:\/\/blog.ufes.br\/cristianalosekann\/files\/2013\/11\/II-Col\u00f3quio-de-teoria-pol\u00edtica_certo.pdf\">PROGRAMA_II Col\u00f3quio de teoria pol\u00edtica_certo<\/a><\/p>\n<p><a href=\"http:\/\/periodicos.ufes.br\/getpol\">Anais do Col\u00f3quio<\/a><\/p>\n<p>&nbsp;<\/p>\n","protected":false},"excerpt":{"rendered":"<p>Chamada II COL\u00d3QUIO\/2014 PROGRAMA_II Col\u00f3quio de teoria pol\u00edtica_certo Anais do Col\u00f3quio &nbsp;<\/p>\n","protected":false},"author":63,"featured_media":0,"parent":0,"menu_order":0,"comment_status":"open","ping_status":"open","template":"","meta":{"_bbp_topic_count":0,"_bbp_reply_count":0,"_bbp_total_topic_count":0,"_bbp_total_reply_count":0,"_bbp_voice_count":0,"_bbp_anonymous_reply_count":0,"_bbp_topic_count_hidden":0,"_bbp_reply_count_hidden":0,"_bbp_forum_subforum_count":0,"_uag_custom_page_level_css":"","footnotes":""},"class_list":["post-98","page","type-page","status-publish","hentry"],"uagb_featured_image_src":{"full":false,"thumbnail":false,"medium":false,"medium_large":false,"large":false,"1536x1536":false,"2048x2048":false,"post-thumbnail":false,"large-feature":false,"small-feature":false},"uagb_author_info":{"display_name":"Cristiana Losekann","author_link":"https:\/\/blog.ufes.br\/cristianalosekann\/author\/cristiana-losekann"},"uagb_comment_info":66,"uagb_excerpt":"Chamada II COL\u00d3QUIO\/2014 PROGRAMA_II Col\u00f3quio de teoria pol\u00edtica_certo Anais do Col\u00f3quio &nbsp;","_links":{"self":[{"href":"https:\/\/blog.ufes.br\/cristianalosekann\/wp-json\/wp\/v2\/pages\/98","targetHints":{"allow":["GET"]}}],"collection":[{"href":"https:\/\/blog.ufes.br\/cristianalosekann\/wp-json\/wp\/v2\/pages"}],"about":[{"href":"https:\/\/blog.ufes.br\/cristianalosekann\/wp-json\/wp\/v2\/types\/page"}],"author":[{"embeddable":true,"href":"https:\/\/blog.ufes.br\/cristianalosekann\/wp-json\/wp\/v2\/users\/63"}],"replies":[{"embeddable":true,"href":"https:\/\/blog.ufes.br\/cristianalosekann\/wp-json\/wp\/v2\/comments?post=98"}],"version-history":[{"count":8,"href":"https:\/\/blog.ufes.br\/cristianalosekann\/wp-json\/wp\/v2\/pages\/98\/revisions"}],"predecessor-version":[{"id":101,"href":"https:\/\/blog.ufes.br\/cristianalosekann\/wp-json\/wp\/v2\/pages\/98\/revisions\/101"}],"wp:attachment":[{"href":"https:\/\/blog.ufes.br\/cristianalosekann\/wp-json\/wp\/v2\/media?parent=98"}],"curies":[{"name":"wp","href":"https:\/\/api.w.org\/{rel}","templated":true}]}}

Colóquio anual

<p><a href="http://blog.ufes.br/cristianalosekann/files/2013/11/cHAMADA-II-COLÓQUIO-page-001.jpg"><img loading="lazy" decoding="async" src="http://blog.ufes.br/cristianalosekann/files/2013/11/cHAMADA-II-COLÓQUIO-page-001.jpg" alt="cHAMADA II COLÓQUIO-page-001" width="106" height="150" class="alignnone size-thumbnail wp-image-137" /></a><a href="http://blog.ufes.br/cristianalosekann/files/2013/11/cHAMADA-II-COLÓQUIO.pdf">Chamada II COLÓQUIO/2014</a></p>
<p><a href="http://blog.ufes.br/cristianalosekann/files/2013/11/II-Colóquio-de-teoria-política_certo.pdf">PROGRAMA_II Colóquio de teoria política_certo</a></p>
<p><a href="http://periodicos.ufes.br/getpol">Anais do Colóquio</a></p>
<p>&nbsp;</p>

<p>Chamada II COLÓQUIO/2014 PROGRAMA_II Colóquio de teoria política_certo Anais do Colóquio &nbsp;</p>

Chamada II COLÓQUIO/2014 PROGRAMA_II Colóquio de teoria política_certo Anais do Colóquio &nbsp;
