{"id":1333,"date":"2020-10-27T20:54:50","date_gmt":"2020-10-27T23:54:50","guid":{"rendered":"http:\/\/blog.ufes.br\/demografia\/?page_id=1333"},"modified":"2024-05-30T14:57:41","modified_gmt":"2024-05-30T17:57:41","slug":"producao-gpmep","status":"publish","type":"page","link":"https:\/\/blog.ufes.br\/demografia\/producao-gpmep\/","title":{"rendered":"Produ\u00e7\u00e3o GPMEP"},"content":{"rendered":"\n<p>O Grupo de Pesquisa em Mobilidade Espacial da Popula\u00e7\u00e3o re\u00fane ge\u00f3grafos, economistas e dem\u00f3grafos dedicados ao estudo da Redistribui\u00e7\u00e3o Espacial da Popula\u00e7\u00e3o, sob a coordena\u00e7\u00e3o do Prof. Dr. Ednelson Mariano Dota.<\/p>\n\n\n\n<p>Participam do grupo pesquisadores do Laborat\u00f3rio de An\u00e1lises Geogr\u00e1ficas, Demogr\u00e1ficas e da Popula\u00e7\u00e3o (LAGEDEP\/UFES), do N\u00facleo de Estudos Populacionais &#8220;Elza Berqu\u00f3&#8221; (NEPO\/UNICAMP) e do Laborat\u00f3rio do Desenvolvimento Capixaba (IFES).<\/p>\n","protected":false},"excerpt":{"rendered":"<p>O Grupo de Pesquisa em Mobilidade Espacial da Popula\u00e7\u00e3o re\u00fane ge\u00f3grafos, economistas e dem\u00f3grafos dedicados ao estudo da Redistribui\u00e7\u00e3o Espacial da Popula\u00e7\u00e3o, sob a coordena\u00e7\u00e3o do Prof. Dr. Ednelson Mariano Dota. Participam do grupo pesquisadores do Laborat\u00f3rio de An\u00e1lises Geogr\u00e1ficas, Demogr\u00e1ficas e da Popula\u00e7\u00e3o (LAGEDEP\/UFES), do N\u00facleo de Estudos Populacionais &#8220;Elza Berqu\u00f3&#8221; (NEPO\/UNICAMP) e do [&hellip;]<\/p>\n","protected":false},"author":400,"featured_media":0,"parent":0,"menu_order":0,"comment_status":"closed","ping_status":"closed","template":"","meta":{"_bbp_topic_count":0,"_bbp_reply_count":0,"_bbp_total_topic_count":0,"_bbp_total_reply_count":0,"_bbp_voice_count":0,"_bbp_anonymous_reply_count":0,"_bbp_topic_count_hidden":0,"_bbp_reply_count_hidden":0,"_bbp_forum_subforum_count":0,"_uag_custom_page_level_css":"","footnotes":""},"class_list":["post-1333","page","type-page","status-publish","hentry"],"uagb_featured_image_src":{"full":false,"thumbnail":false,"medium":false,"medium_large":false,"large":false,"1536x1536":false,"2048x2048":false,"post-thumbnail":false},"uagb_author_info":{"display_name":"yago.o.santos","author_link":"https:\/\/blog.ufes.br\/demografia\/author\/yago_oliveira-dos-santos\/"},"uagb_comment_info":0,"uagb_excerpt":"O Grupo de Pesquisa em Mobilidade Espacial da Popula\u00e7\u00e3o re\u00fane ge\u00f3grafos, economistas e dem\u00f3grafos dedicados ao estudo da Redistribui\u00e7\u00e3o Espacial da Popula\u00e7\u00e3o, sob a coordena\u00e7\u00e3o do Prof. Dr. Ednelson Mariano Dota. Participam do grupo pesquisadores do Laborat\u00f3rio de An\u00e1lises Geogr\u00e1ficas, Demogr\u00e1ficas e da Popula\u00e7\u00e3o (LAGEDEP\/UFES), do N\u00facleo de Estudos Populacionais &#8220;Elza Berqu\u00f3&#8221; (NEPO\/UNICAMP) e do&hellip;","_links":{"self":[{"href":"https:\/\/blog.ufes.br\/demografia\/wp-json\/wp\/v2\/pages\/1333","targetHints":{"allow":["GET"]}}],"collection":[{"href":"https:\/\/blog.ufes.br\/demografia\/wp-json\/wp\/v2\/pages"}],"about":[{"href":"https:\/\/blog.ufes.br\/demografia\/wp-json\/wp\/v2\/types\/page"}],"author":[{"embeddable":true,"href":"https:\/\/blog.ufes.br\/demografia\/wp-json\/wp\/v2\/users\/400"}],"replies":[{"embeddable":true,"href":"https:\/\/blog.ufes.br\/demografia\/wp-json\/wp\/v2\/comments?post=1333"}],"version-history":[{"count":2,"href":"https:\/\/blog.ufes.br\/demografia\/wp-json\/wp\/v2\/pages\/1333\/revisions"}],"predecessor-version":[{"id":1849,"href":"https:\/\/blog.ufes.br\/demografia\/wp-json\/wp\/v2\/pages\/1333\/revisions\/1849"}],"wp:attachment":[{"href":"https:\/\/blog.ufes.br\/demografia\/wp-json\/wp\/v2\/media?parent=1333"}],"curies":[{"name":"wp","href":"https:\/\/api.w.org\/{rel}","templated":true}]}}

Produção GPMEP

<p>O Grupo de Pesquisa em Mobilidade Espacial da População reúne geógrafos, economistas e demógrafos dedicados ao estudo da Redistribuição Espacial da População, sob a coordenação do Prof. Dr. Ednelson Mariano Dota.</p>



<p>Participam do grupo pesquisadores do Laboratório de Análises Geográficas, Demográficas e da População (LAGEDEP/UFES), do Núcleo de Estudos Populacionais &#8220;Elza Berquó&#8221; (NEPO/UNICAMP) e do Laboratório do Desenvolvimento Capixaba (IFES).</p>

<p>O Grupo de Pesquisa em Mobilidade Espacial da População reúne geógrafos, economistas e demógrafos dedicados ao estudo da Redistribuição Espacial da População, sob a coordenação do Prof. Dr. Ednelson Mariano Dota. Participam do grupo pesquisadores do Laboratório de Análises Geográficas, Demográficas e da População (LAGEDEP/UFES), do Núcleo de Estudos Populacionais &#8220;Elza Berquó&#8221; (NEPO/UNICAMP) e do [&hellip;]</p>

O Grupo de Pesquisa em Mobilidade Espacial da População reúne geógrafos, economistas e demógrafos dedicados ao estudo da Redistribuição Espacial da População, sob a coordenação do Prof. Dr. Ednelson Mariano Dota. Participam do grupo pesquisadores do Laboratório de Análises Geográficas, Demográficas e da População (LAGEDEP/UFES), do Núcleo de Estudos Populacionais &#8220;Elza Berquó&#8221; (NEPO/UNICAMP) e do&hellip;
