{"id":1339,"date":"2020-10-27T20:58:26","date_gmt":"2020-10-27T23:58:26","guid":{"rendered":"http:\/\/blog.ufes.br\/demografia\/?page_id=1339"},"modified":"2024-05-28T16:15:39","modified_gmt":"2024-05-28T19:15:39","slug":"projetos-de-pesquisa","status":"publish","type":"page","link":"https:\/\/blog.ufes.br\/demografia\/projetos-de-pesquisa\/","title":{"rendered":""},"content":{"rendered":"\n<p><strong>Projetos de pesquisa que est\u00e3o sendo realizados no Grupo de Pesquisa Mobilidade Espacial da Popula\u00e7\u00e3o (GPMEP)<\/strong><\/p>\n\n\n\n<p><strong>Mobilidade residencial, fam\u00edlia e desigualdades no espa\u00e7o intraurbano<\/strong><\/p>\n\n\n\n<p>Descri\u00e7\u00e3o: As desigualdades est\u00e3o cada vez mais complexas, e demandam reflex\u00e3o te\u00f3rica ampla e m\u00e9todos diversificados para sua compreens\u00e3o. Aqui, propomos analisar as desigualdades sociais e territoriais no contexto urbano a partir de um estudo de caso na Regi\u00e3o Metropolitana da Grande Vit\u00f3ria, no Estado do Esp\u00edrito Santo, regi\u00e3o Sudeste do Brasil, que apresenta intensa desigualdade, marcada pelas diferen\u00e7as de concentrar, a poucos quil\u00f4metros de dist\u00e2ncia, um dos melhores lugares para se viver no pa\u00eds e um dos mais violentos e mal atendidos em rela\u00e7\u00e3o a servi\u00e7os p\u00fablicos e privados. Nossa perspectiva \u00e9 a de que h\u00e1 mudan\u00e7as sociais ocorrendo em processos e fen\u00f4menos importantes para as desigualdades e que t\u00eam sido negligenciadas. Em particular, o impacto das novas din\u00e2micas familiares sobre a mobilidade residencial, que condiciona a expans\u00e3o urbana e os processos de segrega\u00e7\u00e3o socioespacial nas grandes aglomera\u00e7\u00f5es urbanas. Espera-se, por fim o desvendamento de processos e fen\u00f4menos interdependentes fortemente relacionados aos processos de expans\u00e3o urbana e redistribui\u00e7\u00e3o espacial da popula\u00e7\u00e3o, que atuam decisivamente na desigualdade social e territorial nas grandes aglomera\u00e7\u00f5es urbanas.<\/p>\n\n\n\n<p><strong>Mestrado:\u00a0<\/strong><\/p>\n\n\n\n<p>Jhonatan Telles \u00e9 Mestrando em Geografia pelo Programa de P\u00f3s-Gradua\u00e7\u00e3o em Geografia da Universidade Federal do Esp\u00edrito Santo (2024-atualmente), com o tema: \u201cDin\u00e2mica demogr\u00e1fica e forma\u00e7\u00e3o socioespacial de Cariacica\u201d, sob orienta\u00e7\u00e3o da Profa. Dra. Aur\u00e9lia Herm\u00ednia Castiglioni.<\/p>\n\n\n\n<p><strong>Transforma\u00e7\u00f5es do padr\u00e3o migrat\u00f3rio brasileiro no s\u00e9culo XXI<\/strong> <\/p>\n\n\n\n<p>Descri\u00e7\u00e3o: O presente projeto tem como objetivo analisar as transforma\u00e7\u00f5es no padr\u00e3o migrat\u00f3rio brasileiro frente \u00e0s mudan\u00e7as estruturais e conjunturais dos \u00faltimos 20 anos, per\u00edodo em que se observaram novas formas de distribuir espacialmente a produ\u00e7\u00e3o e os resultados dela, ao mesmo tempo em que sucessivas crises na economia, na pol\u00edtica e recentemente na sa\u00fade colocaram em debate o papel do Estado e das pol\u00edticas p\u00fablicas e governamentais. Utilizar-se-\u00e1 para tanto dados dos Censos Demogr\u00e1ficos de 2000, 2010 e 2021, assim como os dados da PNAD e RAIS ao longo do per\u00edodo. Trabalhos de campo e entrevistas tamb\u00e9m ser\u00e3o realizados, com foco em analisar elementos individuais e de percep\u00e7\u00e3o necess\u00e1rios para atingir os objetivos propostos, sobretudo quanto a avalia\u00e7\u00e3o do papel da migra\u00e7\u00e3o e das redes na conforma\u00e7\u00e3o dos movimentos. Como resultado, espera-se contribuir com a atualiza\u00e7\u00e3o do padr\u00e3o migrat\u00f3rio brasileiro no contexto das transforma\u00e7\u00f5es em andamento, com destaque para o debate sobre a pertin\u00eancia das modalidades migrat\u00f3rias tradicionalmente empregadas nos estudos frente aos novos desafios interpretativos contempor\u00e2neos.<\/p>\n\n\n\n<p><strong>Mestrado:&nbsp;<\/strong><\/p>\n\n\n\n<p>Ana Ivone Salomon Marques \u00e9 Mestre em Geografia pelo Programa de P\u00f3s-Gradua\u00e7\u00e3o em Geografia da Universidade Federal do Esp\u00edrito Santo, com o tema: &#8220;Territ\u00f3rio e inova\u00e7\u00e3o no Esp\u00edrito Santo&#8221;.<\/p>\n\n\n\n<p>Hamanda Marques de Ant\u00f4nio \u00e9 Mestre em Geografia pelo Programa de P\u00f3s-Gradua\u00e7\u00e3o em Geografia da Universidade Federal do Esp\u00edrito Santo (2020-atualmente), com o tema: &#8220;Migra\u00e7\u00e3o no litoral norte capixaba e o setor de petr\u00f3leo e g\u00e1s&#8221;.<\/p>\n\n\n\n<p><strong>Doutorado<\/strong><\/p>\n\n\n\n<p>Rachel Facundo Vasconcelos de Oliveira \u00e9 Doutoranda em Geografia pelo Programa de P\u00f3s-Gradua\u00e7\u00e3o em Geografia da Universidade Federal do Esp\u00edrito Santo (2021-atualmente), com o tema &#8220;O fluxo migrat\u00f3rio da Regi\u00e3o Nordeste: uma an\u00e1lise socioespacial sobre a migra\u00e7\u00e3o de retorno, a partir da d\u00e9cada 90 e a suas representa\u00e7\u00f5es&#8221;. <\/p>\n\n\n\n<p>\u00cdtala Luzia de Andrade \u00e9 Doutoranda em Geografia pelo Programa de P\u00f3s-Gradua\u00e7\u00e3o em Geografia da Universidade Federal do Esp\u00edrito Santo (2022-atualmente), com o tema &#8220;Mobilidade residencial analisada a partir das escolas na RMGV&#8221;. <\/p>\n\n\n\n<p>Yago Oliveira dos Santos \u00e9 Doutorando em Geografia pelo Programa de P\u00f3s-Gradua\u00e7\u00e3o em Geografia da Universidade Federal do Esp\u00edrito Santo (2023-atualmente), com o tema &#8220;Despovoamento no Esp\u00edrito Santo: implica\u00e7\u00f5es populacionais no interior capixaba&#8221;.  <\/p>\n\n\n\n<p>Rennan Moraes Rodrigues \u00e9 Doutorando em Geografia pelo Programa de P\u00f3s-Gradua\u00e7\u00e3o em Geografia da Universidade Federal do Esp\u00edrito Santo (2023-atualmente), com o tema &#8220;Aspira\u00e7\u00f5es, Capacidades e Liberdades de Migra\u00e7\u00e3o dentro do Contexto Familiar e a Influ\u00eancia da Economia Neoliberal&#8221;.  <\/p>\n\n\n\n<p><strong>Din\u00e2mica demogr\u00e1fica familiar e padr\u00e3o migrat\u00f3rio no Brasil: transforma\u00e7\u00f5es desde os anos 1990<\/strong><\/p>\n\n\n\n<p>Financiador(es): Coordena\u00e7\u00e3o de Aperfei\u00e7oamento de Pessoal de N\u00edvel Superior &#8211; Aux\u00edlio financeiro.<\/p>\n\n\n\n<p>Descri\u00e7\u00e3o: O projeto busca analisar se a din\u00e2mica das fam\u00edlias brasileiras observada desde os anos 1990 nos Censos Demogr\u00e1ficos tem contribu\u00eddo com a mudan\u00e7a na migra\u00e7\u00e3o atrav\u00e9s da altera\u00e7\u00e3o do contexto de tomada de decis\u00e3o, em particular a mobilidade residencial.<\/p>\n\n\n\n<p><strong>Inicia\u00e7\u00e3o cient\u00edfica:&nbsp;<\/strong><\/p>\n\n\n\n<p>Jhonatan Telles Ribeiro fez inicia\u00e7\u00e3o cientifica (2022\/2023) na Ufes, com o tema: &#8220;Aspira\u00e7\u00e3o por nova mobilidade entre fam\u00edlias migrantes na RMGV&#8221;.<\/p>\n\n\n\n<p>Nathan Vilela dos Santos fez inicia\u00e7\u00e3o cientifica (2022\/2023) na Ufes, com o tema: &#8220;An\u00e1lise da import\u00e2ncia do arranjo domiciliar para a mobilidade residencial&#8221;.<\/p>\n\n\n\n<p>Guilherme Rigonini Moreira fez inicia\u00e7\u00e3o cientifica (2022\/2023) na Ufes, com o tema: &#8220;Trajet\u00f3rias de mobilidade residencial em bairros perif\u00e9ricos da RMGV&#8221;.<\/p>\n\n\n\n<p><strong>Mestrado:&nbsp;<\/strong><\/p>\n\n\n\n<p>Matheus De Oliveira Fernandes Ad\u00e3o \u00e9 Mestrando em Geografia pelo Programa de P\u00f3s-Gradua\u00e7\u00e3o em Geografia da Universidade Federal do Esp\u00edrito Santo (2021-atualmente), com o tema: &#8220;Expans\u00e3o urbana e migra\u00e7\u00e3o intrametopolitana p\u00f3s- 2010 na RMGV.\u201d<\/p>\n\n\n\n<p>Gearley Leopoldino Veloso \u00e9 Mestrando em Geografia pelo Programa de P\u00f3s-Gradua\u00e7\u00e3o em Geografia da Universidade Federal do Esp\u00edrito Santo (2021-atualmente), com o tema: &#8220;Caracteriza\u00e7\u00e3o das fam\u00edlias na migra\u00e7\u00e3o intrametropolitana da RMGV em 1991, 2000 e 2010.\u201d<\/p>\n\n\n\n<p>Kamilly Antunes de Assis \u00e9 Mestranda em Geografia pelo Programa de P\u00f3s-Gradua\u00e7\u00e3o em Geografia da Universidade Federal do Esp\u00edrito Santo (2021-atualmente), com o tema: &#8220;Em busca de percursos e aspira\u00e7\u00f5es migrat\u00f3rias: uma an\u00e1lise geogr\u00e1fica das trajet\u00f3rias familiares e residenciais na RMGV no s\u00e9culo XXI.\u201d<\/p>\n\n\n\n<p>Flora Antonia Soares Ribeiro \u00e9 Mestranda em Geografia pelo Programa de P\u00f3s-Gradua\u00e7\u00e3o em Geografia da Universidade Federal do Esp\u00edrito Santo (2021-atualmente), com o tema: &#8220;Mapa da Desigualdade da Grande Vit\u00f3ria: inclus\u00e3o-exclus\u00e3o socioespacial das fam\u00edlias entre 1991 e 2020.\u201d<\/p>\n","protected":false},"excerpt":{"rendered":"<p>Projetos de pesquisa que est\u00e3o sendo realizados no Grupo de Pesquisa Mobilidade Espacial da Popula\u00e7\u00e3o (GPMEP) Mobilidade residencial, fam\u00edlia e desigualdades no espa\u00e7o intraurbano Descri\u00e7\u00e3o: As desigualdades est\u00e3o cada vez mais complexas, e demandam reflex\u00e3o te\u00f3rica ampla e m\u00e9todos diversificados para sua compreens\u00e3o. Aqui, propomos analisar as desigualdades sociais e territoriais no contexto urbano a [&hellip;]<\/p>\n","protected":false},"author":400,"featured_media":0,"parent":0,"menu_order":0,"comment_status":"closed","ping_status":"closed","template":"","meta":{"_bbp_topic_count":0,"_bbp_reply_count":0,"_bbp_total_topic_count":0,"_bbp_total_reply_count":0,"_bbp_voice_count":0,"_bbp_anonymous_reply_count":0,"_bbp_topic_count_hidden":0,"_bbp_reply_count_hidden":0,"_bbp_forum_subforum_count":0,"_uag_custom_page_level_css":"","footnotes":""},"class_list":["post-1339","page","type-page","status-publish","hentry"],"uagb_featured_image_src":{"full":false,"thumbnail":false,"medium":false,"medium_large":false,"large":false,"1536x1536":false,"2048x2048":false,"post-thumbnail":false},"uagb_author_info":{"display_name":"yago.o.santos","author_link":"https:\/\/blog.ufes.br\/demografia\/author\/yago_oliveira-dos-santos\/"},"uagb_comment_info":0,"uagb_excerpt":"Projetos de pesquisa que est\u00e3o sendo realizados no Grupo de Pesquisa Mobilidade Espacial da Popula\u00e7\u00e3o (GPMEP) Mobilidade residencial, fam\u00edlia e desigualdades no espa\u00e7o intraurbano Descri\u00e7\u00e3o: As desigualdades est\u00e3o cada vez mais complexas, e demandam reflex\u00e3o te\u00f3rica ampla e m\u00e9todos diversificados para sua compreens\u00e3o. Aqui, propomos analisar as desigualdades sociais e territoriais no contexto urbano a&hellip;","_links":{"self":[{"href":"https:\/\/blog.ufes.br\/demografia\/wp-json\/wp\/v2\/pages\/1339","targetHints":{"allow":["GET"]}}],"collection":[{"href":"https:\/\/blog.ufes.br\/demografia\/wp-json\/wp\/v2\/pages"}],"about":[{"href":"https:\/\/blog.ufes.br\/demografia\/wp-json\/wp\/v2\/types\/page"}],"author":[{"embeddable":true,"href":"https:\/\/blog.ufes.br\/demografia\/wp-json\/wp\/v2\/users\/400"}],"replies":[{"embeddable":true,"href":"https:\/\/blog.ufes.br\/demografia\/wp-json\/wp\/v2\/comments?post=1339"}],"version-history":[{"count":14,"href":"https:\/\/blog.ufes.br\/demografia\/wp-json\/wp\/v2\/pages\/1339\/revisions"}],"predecessor-version":[{"id":1845,"href":"https:\/\/blog.ufes.br\/demografia\/wp-json\/wp\/v2\/pages\/1339\/revisions\/1845"}],"wp:attachment":[{"href":"https:\/\/blog.ufes.br\/demografia\/wp-json\/wp\/v2\/media?parent=1339"}],"curies":[{"name":"wp","href":"https:\/\/api.w.org\/{rel}","templated":true}]}}

<p><strong>Projetos de pesquisa que estão sendo realizados no Grupo de Pesquisa Mobilidade Espacial da População (GPMEP)</strong></p>



<p><strong>Mobilidade residencial, família e desigualdades no espaço intraurbano</strong></p>



<p>Descrição: As desigualdades estão cada vez mais complexas, e demandam reflexão teórica ampla e métodos diversificados para sua compreensão. Aqui, propomos analisar as desigualdades sociais e territoriais no contexto urbano a partir de um estudo de caso na Região Metropolitana da Grande Vitória, no Estado do Espírito Santo, região Sudeste do Brasil, que apresenta intensa desigualdade, marcada pelas diferenças de concentrar, a poucos quilômetros de distância, um dos melhores lugares para se viver no país e um dos mais violentos e mal atendidos em relação a serviços públicos e privados. Nossa perspectiva é a de que há mudanças sociais ocorrendo em processos e fenômenos importantes para as desigualdades e que têm sido negligenciadas. Em particular, o impacto das novas dinâmicas familiares sobre a mobilidade residencial, que condiciona a expansão urbana e os processos de segregação socioespacial nas grandes aglomerações urbanas. Espera-se, por fim o desvendamento de processos e fenômenos interdependentes fortemente relacionados aos processos de expansão urbana e redistribuição espacial da população, que atuam decisivamente na desigualdade social e territorial nas grandes aglomerações urbanas.</p>



<p><strong>Mestrado: </strong></p>



<p>Jhonatan Telles é Mestrando em Geografia pelo Programa de Pós-Graduação em Geografia da Universidade Federal do Espírito Santo (2024-atualmente), com o tema: “Dinâmica demográfica e formação socioespacial de Cariacica”, sob orientação da Profa. Dra. Aurélia Hermínia Castiglioni.</p>



<p><strong>Transformações do padrão migratório brasileiro no século XXI</strong> </p>



<p>Descrição: O presente projeto tem como objetivo analisar as transformações no padrão migratório brasileiro frente às mudanças estruturais e conjunturais dos últimos 20 anos, período em que se observaram novas formas de distribuir espacialmente a produção e os resultados dela, ao mesmo tempo em que sucessivas crises na economia, na política e recentemente na saúde colocaram em debate o papel do Estado e das políticas públicas e governamentais. Utilizar-se-á para tanto dados dos Censos Demográficos de 2000, 2010 e 2021, assim como os dados da PNAD e RAIS ao longo do período. Trabalhos de campo e entrevistas também serão realizados, com foco em analisar elementos individuais e de percepção necessários para atingir os objetivos propostos, sobretudo quanto a avaliação do papel da migração e das redes na conformação dos movimentos. Como resultado, espera-se contribuir com a atualização do padrão migratório brasileiro no contexto das transformações em andamento, com destaque para o debate sobre a pertinência das modalidades migratórias tradicionalmente empregadas nos estudos frente aos novos desafios interpretativos contemporâneos.</p>



<p><strong>Mestrado:&nbsp;</strong></p>



<p>Ana Ivone Salomon Marques é Mestre em Geografia pelo Programa de Pós-Graduação em Geografia da Universidade Federal do Espírito Santo, com o tema: &#8220;Território e inovação no Espírito Santo&#8221;.</p>



<p>Hamanda Marques de Antônio é Mestre em Geografia pelo Programa de Pós-Graduação em Geografia da Universidade Federal do Espírito Santo (2020-atualmente), com o tema: &#8220;Migração no litoral norte capixaba e o setor de petróleo e gás&#8221;.</p>



<p><strong>Doutorado</strong></p>



<p>Rachel Facundo Vasconcelos de Oliveira é Doutoranda em Geografia pelo Programa de Pós-Graduação em Geografia da Universidade Federal do Espírito Santo (2021-atualmente), com o tema &#8220;O fluxo migratório da Região Nordeste: uma análise socioespacial sobre a migração de retorno, a partir da década 90 e a suas representações&#8221;. </p>



<p>Ítala Luzia de Andrade é Doutoranda em Geografia pelo Programa de Pós-Graduação em Geografia da Universidade Federal do Espírito Santo (2022-atualmente), com o tema &#8220;Mobilidade residencial analisada a partir das escolas na RMGV&#8221;. </p>



<p>Yago Oliveira dos Santos é Doutorando em Geografia pelo Programa de Pós-Graduação em Geografia da Universidade Federal do Espírito Santo (2023-atualmente), com o tema &#8220;Despovoamento no Espírito Santo: implicações populacionais no interior capixaba&#8221;.  </p>



<p>Rennan Moraes Rodrigues é Doutorando em Geografia pelo Programa de Pós-Graduação em Geografia da Universidade Federal do Espírito Santo (2023-atualmente), com o tema &#8220;Aspirações, Capacidades e Liberdades de Migração dentro do Contexto Familiar e a Influência da Economia Neoliberal&#8221;.  </p>



<p><strong>Dinâmica demográfica familiar e padrão migratório no Brasil: transformações desde os anos 1990</strong></p>



<p>Financiador(es): Coordenação de Aperfeiçoamento de Pessoal de Nível Superior &#8211; Auxílio financeiro.</p>



<p>Descrição: O projeto busca analisar se a dinâmica das famílias brasileiras observada desde os anos 1990 nos Censos Demográficos tem contribuído com a mudança na migração através da alteração do contexto de tomada de decisão, em particular a mobilidade residencial.</p>



<p><strong>Iniciação científica:&nbsp;</strong></p>



<p>Jhonatan Telles Ribeiro fez iniciação cientifica (2022/2023) na Ufes, com o tema: &#8220;Aspiração por nova mobilidade entre famílias migrantes na RMGV&#8221;.</p>



<p>Nathan Vilela dos Santos fez iniciação cientifica (2022/2023) na Ufes, com o tema: &#8220;Análise da importância do arranjo domiciliar para a mobilidade residencial&#8221;.</p>



<p>Guilherme Rigonini Moreira fez iniciação cientifica (2022/2023) na Ufes, com o tema: &#8220;Trajetórias de mobilidade residencial em bairros periféricos da RMGV&#8221;.</p>



<p><strong>Mestrado:&nbsp;</strong></p>



<p>Matheus De Oliveira Fernandes Adão é Mestrando em Geografia pelo Programa de Pós-Graduação em Geografia da Universidade Federal do Espírito Santo (2021-atualmente), com o tema: &#8220;Expansão urbana e migração intrametopolitana pós- 2010 na RMGV.”</p>



<p>Gearley Leopoldino Veloso é Mestrando em Geografia pelo Programa de Pós-Graduação em Geografia da Universidade Federal do Espírito Santo (2021-atualmente), com o tema: &#8220;Caracterização das famílias na migração intrametropolitana da RMGV em 1991, 2000 e 2010.”</p>



<p>Kamilly Antunes de Assis é Mestranda em Geografia pelo Programa de Pós-Graduação em Geografia da Universidade Federal do Espírito Santo (2021-atualmente), com o tema: &#8220;Em busca de percursos e aspirações migratórias: uma análise geográfica das trajetórias familiares e residenciais na RMGV no século XXI.”</p>



<p>Flora Antonia Soares Ribeiro é Mestranda em Geografia pelo Programa de Pós-Graduação em Geografia da Universidade Federal do Espírito Santo (2021-atualmente), com o tema: &#8220;Mapa da Desigualdade da Grande Vitória: inclusão-exclusão socioespacial das famílias entre 1991 e 2020.”</p>

<p>Projetos de pesquisa que estão sendo realizados no Grupo de Pesquisa Mobilidade Espacial da População (GPMEP) Mobilidade residencial, família e desigualdades no espaço intraurbano Descrição: As desigualdades estão cada vez mais complexas, e demandam reflexão teórica ampla e métodos diversificados para sua compreensão. Aqui, propomos analisar as desigualdades sociais e territoriais no contexto urbano a [&hellip;]</p>

Projetos de pesquisa que estão sendo realizados no Grupo de Pesquisa Mobilidade Espacial da População (GPMEP) Mobilidade residencial, família e desigualdades no espaço intraurbano Descrição: As desigualdades estão cada vez mais complexas, e demandam reflexão teórica ampla e métodos diversificados para sua compreensão. Aqui, propomos analisar as desigualdades sociais e territoriais no contexto urbano a&hellip;
