{"id":161,"date":"2017-10-19T21:10:48","date_gmt":"2017-10-19T23:10:48","guid":{"rendered":"http:\/\/blog.ufes.br\/demografia\/?page_id=161"},"modified":"2024-01-08T21:05:10","modified_gmt":"2024-01-09T00:05:10","slug":"projetos","status":"publish","type":"page","link":"https:\/\/blog.ufes.br\/demografia\/projetos\/","title":{"rendered":"PROJETO"},"content":{"rendered":"<h3>Projeto finalizado<\/h3>\n<p style=\"text-align: center\"><strong>EXTENS\u00c3O<\/strong><\/p>\n<p style=\"text-align: center\"><em><strong>Os perfis sociais dos fluxos migrat\u00f3rios no Esp\u00edrito Santo<\/strong><\/em><\/p>\n<p>O projeto de extens\u00e3o visa contribuir para um melhor conhecimento dos perfis sociais dos migrantes e da migra\u00e7\u00e3o no \u00e2mbito do Estado do Esp\u00edrito Santo. A relev\u00e2ncia da migra\u00e7\u00e3o para o crescimento demogr\u00e1fico em algumas \u00e1reas e a evas\u00e3o observada em outras aponta para a necessidade de melhor conhecer a popula\u00e7\u00e3o que est\u00e1 se movimentando para que pol\u00edticas de planejamento possam ser efetivadas. Utiliza-se dos os microdados do Censo Demogr\u00e1fico, assim como da PNAD como base de informa\u00e7\u00f5es, e o p\u00fablico-alvo deste projeto s\u00e3o os gestores estaduais e municipais, assim como outros interessados da sociedade civil. O projeto \u00e9 desenvolvido no \u00e2mbito da Universidade Federal do Esp\u00edrito Santo.<\/p>\n<p><strong>Produtos:<\/strong><\/p>\n<ul>\n<li><strong>Indicadores de envelhecimento dos munic\u00edpios do Esp\u00edrito Santo<\/strong><\/li>\n<li><strong>Envelhecimento e migra\u00e7\u00e3o no Esp\u00edrito Santo: din\u00e2mica espacial e sociodemogr\u00e1fica para pol\u00edticas p\u00fablicas (livro)<\/strong><\/li>\n<li><strong><strong><strong>Trajet\u00f3rias: indicadores da popula\u00e7\u00e3o brasileira <\/strong><\/strong><\/strong><strong>(painel)<\/strong><\/li>\n<li><strong><strong><strong>Trajet\u00f3rias habitacionais: alguns elementos da geografia da popula\u00e7\u00e3o da RMGV <\/strong><\/strong><\/strong><strong>(documento)<\/strong><\/li>\n<li><strong>Banco de indicadores sobre a migra\u00e7\u00e3o no Esp\u00edrito Santo<\/strong><\/li>\n<li><strong>Atlas da migra\u00e7\u00e3o do Estado do Esp\u00edrito Santo<\/strong><\/li>\n<\/ul>\n<p><strong>Conhe\u00e7a-os clicando <a href=\"http:\/\/www.geo.ufes.br\/projeto-de-extens%C3%A3o-%E2%80%9Cos-perfis-sociais-dos-fluxos-migrat%C3%B3rios-no-esp%C3%ADrito-santo%E2%80%9D\" target=\"_blank\" rel=\"noopener noreferrer\">AQUI<\/a>.<\/strong><\/p>\n","protected":false},"excerpt":{"rendered":"<p>Projeto finalizado EXTENS\u00c3O Os perfis sociais dos fluxos migrat\u00f3rios no Esp\u00edrito Santo O projeto de extens\u00e3o visa contribuir para um melhor conhecimento dos perfis sociais dos migrantes e da migra\u00e7\u00e3o no \u00e2mbito do Estado do Esp\u00edrito Santo. A relev\u00e2ncia da migra\u00e7\u00e3o para o crescimento demogr\u00e1fico em algumas \u00e1reas e a evas\u00e3o observada em outras aponta [&hellip;]<\/p>\n","protected":false},"author":323,"featured_media":0,"parent":0,"menu_order":0,"comment_status":"closed","ping_status":"closed","template":"sidebar-page.php","meta":{"_bbp_topic_count":0,"_bbp_reply_count":0,"_bbp_total_topic_count":0,"_bbp_total_reply_count":0,"_bbp_voice_count":0,"_bbp_anonymous_reply_count":0,"_bbp_topic_count_hidden":0,"_bbp_reply_count_hidden":0,"_bbp_forum_subforum_count":0,"_uag_custom_page_level_css":"","footnotes":""},"class_list":["post-161","page","type-page","status-publish","hentry"],"uagb_featured_image_src":{"full":false,"thumbnail":false,"medium":false,"medium_large":false,"large":false,"1536x1536":false,"2048x2048":false,"post-thumbnail":false},"uagb_author_info":{"display_name":"lais.lovate","author_link":"https:\/\/blog.ufes.br\/demografia\/author\/lais-lovate\/"},"uagb_comment_info":0,"uagb_excerpt":"Projeto finalizado EXTENS\u00c3O Os perfis sociais dos fluxos migrat\u00f3rios no Esp\u00edrito Santo O projeto de extens\u00e3o visa contribuir para um melhor conhecimento dos perfis sociais dos migrantes e da migra\u00e7\u00e3o no \u00e2mbito do Estado do Esp\u00edrito Santo. A relev\u00e2ncia da migra\u00e7\u00e3o para o crescimento demogr\u00e1fico em algumas \u00e1reas e a evas\u00e3o observada em outras aponta&hellip;","_links":{"self":[{"href":"https:\/\/blog.ufes.br\/demografia\/wp-json\/wp\/v2\/pages\/161","targetHints":{"allow":["GET"]}}],"collection":[{"href":"https:\/\/blog.ufes.br\/demografia\/wp-json\/wp\/v2\/pages"}],"about":[{"href":"https:\/\/blog.ufes.br\/demografia\/wp-json\/wp\/v2\/types\/page"}],"author":[{"embeddable":true,"href":"https:\/\/blog.ufes.br\/demografia\/wp-json\/wp\/v2\/users\/323"}],"replies":[{"embeddable":true,"href":"https:\/\/blog.ufes.br\/demografia\/wp-json\/wp\/v2\/comments?post=161"}],"version-history":[{"count":21,"href":"https:\/\/blog.ufes.br\/demografia\/wp-json\/wp\/v2\/pages\/161\/revisions"}],"predecessor-version":[{"id":1795,"href":"https:\/\/blog.ufes.br\/demografia\/wp-json\/wp\/v2\/pages\/161\/revisions\/1795"}],"wp:attachment":[{"href":"https:\/\/blog.ufes.br\/demografia\/wp-json\/wp\/v2\/media?parent=161"}],"curies":[{"name":"wp","href":"https:\/\/api.w.org\/{rel}","templated":true}]}}