{"id":222,"date":"2017-10-20T20:47:14","date_gmt":"2017-10-20T22:47:14","guid":{"rendered":"http:\/\/blog.ufes.br\/demografia\/?page_id=222"},"modified":"2021-06-28T15:51:05","modified_gmt":"2021-06-28T18:51:05","slug":"contato","status":"publish","type":"page","link":"https:\/\/blog.ufes.br\/demografia\/contato\/","title":{"rendered":"CONTATO"},"content":{"rendered":"<p><strong>E-mail:<\/strong> demografiaufes@gmail.com<br \/><strong>Instagram:<\/strong> <a href=\"http:\/\/instagram.com\/demografiaufes\">instagram.com\/demografiaufes<\/a><\/p>\n<p><strong>Onde estamos:<\/strong><\/p>\n<p>Universidade Federal do Esp\u00edrito Santo<br \/>Centro de Ci\u00eancias Humanas e Naturais<br \/>Pr\u00e9dio ICII &#8211; Departamento de Geografia<br \/>Av. Fernando Ferrari, 514<br \/>Goiabeiras &#8211; Vit\u00f3ria &#8211; ES<br \/>CEP: 29075-910<\/p>\n\n\n<p><\/p>\n","protected":false},"excerpt":{"rendered":"<p>E-mail: demografiaufes@gmail.comInstagram: instagram.com\/demografiaufes Onde estamos: Universidade Federal do Esp\u00edrito SantoCentro de Ci\u00eancias Humanas e NaturaisPr\u00e9dio ICII &#8211; Departamento de GeografiaAv. Fernando Ferrari, 514Goiabeiras &#8211; Vit\u00f3ria &#8211; ESCEP: 29075-910<\/p>\n","protected":false},"author":323,"featured_media":0,"parent":0,"menu_order":0,"comment_status":"closed","ping_status":"closed","template":"sidebar-page.php","meta":{"_bbp_topic_count":0,"_bbp_reply_count":0,"_bbp_total_topic_count":0,"_bbp_total_reply_count":0,"_bbp_voice_count":0,"_bbp_anonymous_reply_count":0,"_bbp_topic_count_hidden":0,"_bbp_reply_count_hidden":0,"_bbp_forum_subforum_count":0,"_uag_custom_page_level_css":"","footnotes":""},"class_list":["post-222","page","type-page","status-publish","hentry"],"uagb_featured_image_src":{"full":false,"thumbnail":false,"medium":false,"medium_large":false,"large":false,"1536x1536":false,"2048x2048":false,"post-thumbnail":false},"uagb_author_info":{"display_name":"lais.lovate","author_link":"https:\/\/blog.ufes.br\/demografia\/author\/lais-lovate\/"},"uagb_comment_info":0,"uagb_excerpt":"E-mail: demografiaufes@gmail.comInstagram: instagram.com\/demografiaufes Onde estamos: Universidade Federal do Esp\u00edrito SantoCentro de Ci\u00eancias Humanas e NaturaisPr\u00e9dio ICII &#8211; Departamento de GeografiaAv. Fernando Ferrari, 514Goiabeiras &#8211; Vit\u00f3ria &#8211; ESCEP: 29075-910","_links":{"self":[{"href":"https:\/\/blog.ufes.br\/demografia\/wp-json\/wp\/v2\/pages\/222","targetHints":{"allow":["GET"]}}],"collection":[{"href":"https:\/\/blog.ufes.br\/demografia\/wp-json\/wp\/v2\/pages"}],"about":[{"href":"https:\/\/blog.ufes.br\/demografia\/wp-json\/wp\/v2\/types\/page"}],"author":[{"embeddable":true,"href":"https:\/\/blog.ufes.br\/demografia\/wp-json\/wp\/v2\/users\/323"}],"replies":[{"embeddable":true,"href":"https:\/\/blog.ufes.br\/demografia\/wp-json\/wp\/v2\/comments?post=222"}],"version-history":[{"count":22,"href":"https:\/\/blog.ufes.br\/demografia\/wp-json\/wp\/v2\/pages\/222\/revisions"}],"predecessor-version":[{"id":1482,"href":"https:\/\/blog.ufes.br\/demografia\/wp-json\/wp\/v2\/pages\/222\/revisions\/1482"}],"wp:attachment":[{"href":"https:\/\/blog.ufes.br\/demografia\/wp-json\/wp\/v2\/media?parent=222"}],"curies":[{"name":"wp","href":"https:\/\/api.w.org\/{rel}","templated":true}]}}

<p><strong>E-mail:</strong> demografiaufes@gmail.com<br /><strong>Instagram:</strong> <a href="http://instagram.com/demografiaufes">instagram.com/demografiaufes</a></p>
<p><strong>Onde estamos:</strong></p>
<p>Universidade Federal do Espírito Santo<br />Centro de Ciências Humanas e Naturais<br />Prédio ICII &#8211; Departamento de Geografia<br />Av. Fernando Ferrari, 514<br />Goiabeiras &#8211; Vitória &#8211; ES<br />CEP: 29075-910</p>


<p></p>

<p>E-mail: demografiaufes@gmail.comInstagram: instagram.com/demografiaufes Onde estamos: Universidade Federal do Espírito SantoCentro de Ciências Humanas e NaturaisPrédio ICII &#8211; Departamento de GeografiaAv. Fernando Ferrari, 514Goiabeiras &#8211; Vitória &#8211; ESCEP: 29075-910</p>

E-mail: demografiaufes@gmail.comInstagram: instagram.com/demografiaufes Onde estamos: Universidade Federal do Espírito SantoCentro de Ciências Humanas e NaturaisPrédio ICII &#8211; Departamento de GeografiaAv. Fernando Ferrari, 514Goiabeiras &#8211; Vitória &#8211; ESCEP: 29075-910
