{"id":776,"date":"2018-06-22T18:07:06","date_gmt":"2018-06-22T21:07:06","guid":{"rendered":"http:\/\/blog.ufes.br\/demografia\/?page_id=776"},"modified":"2018-06-25T22:59:36","modified_gmt":"2018-06-26T01:59:36","slug":"dados-demograficos-dos-municipios-do-estado-do-es","status":"publish","type":"page","link":"https:\/\/blog.ufes.br\/demografia\/dados-demograficos-dos-municipios-do-estado-do-es\/","title":{"rendered":"DADOS DEMOGR\u00c1FICOS DOS MUNIC\u00cdPIOS DO ESTADO DO ES"},"content":{"rendered":"<p><a href=\"http:\/\/blog.ufes.br\/demografia\/files\/2018\/06\/TABELA-1-Popula\u00e7\u00e3o-total-por-sexo-e-faixa-et\u00e1ria-dos-munic\u00edpios-do-Estado-do-Esp\u00edrito-Santo-\u2013-2000.-1.pdf\">TABELA 1 &#8211; Popula\u00e7\u00e3o total, por sexo e faixa et\u00e1ria dos munic\u00edpios do Estado do Esp\u00edrito Santo \u2013 2000.<\/a><\/p>\n<p><a href=\"http:\/\/blog.ufes.br\/demografia\/files\/2018\/06\/TABELA-2-Popula\u00e7\u00e3o-total-por-sexo-e-faixa-et\u00e1ria-dos-munic\u00edpios-do-Estado-do-Esp\u00edrito-Santo-\u2013-2010.-1.pdf\">TABELA 2 &#8211; Popula\u00e7\u00e3o total, por sexo e faixa et\u00e1ria dos munic\u00edpios do Estado do Esp\u00edrito Santo \u2013 2010.<\/a><\/p>\n<p><a href=\"http:\/\/blog.ufes.br\/demografia\/files\/2018\/06\/TABELA-3-Taxa-Bruta-de-Natalidade-por-mil-habitantes-dos-munic\u00edpios-do-Estado-do-Esp\u00edrito-Santo.-2000-e-2010.-1.pdf\">TABELA 3 &#8211; Taxa Bruta de natalidade por mil habitantes dos munic\u00edpios do Estado do Esp\u00edrito Santo. 2000 e 2010.<\/a><\/p>\n<p><a href=\"http:\/\/blog.ufes.br\/demografia\/files\/2018\/06\/TABELA-4-Taxa-Bruta-de-mortalidade-por-mil-habitantes-dos-munic\u00edpios-do-Estado-do-Esp\u00edrito-Santo.-2000-e-2010.-1.pdf\">TABELA 4 &#8211; Taxa Bruta de mortalidade por mil habitantes dos munic\u00edpios do Estado do Esp\u00edrito Santo. 2000 e 2010.<\/a><\/p>\n<p><a href=\"http:\/\/blog.ufes.br\/demografia\/files\/2018\/06\/TABELA-5-\u00cdndice-de-Envelhecimento-dos-munic\u00edpios-do-Estado-do-Esp\u00edrito-Santo.-2000-e-2010-1.pdf\">TABELA 5 &#8211; \u00cdndice de envelhecimento dos munic\u00edpios do Estado do Esp\u00edrito Santo. 2000 e 2010<\/a>.<\/p>\n<p><a href=\"http:\/\/blog.ufes.br\/demografia\/files\/2018\/06\/TABELA-6-Raz\u00e3o-de-Depend\u00eancia-Total-dos-Munic\u00edpios-do-Estado-do-Esp\u00edrito-Santo-2000-e-2010.pdf\">TABELA 6 &#8211; Raz\u00e3o de depend\u00eancia Total dos Munic\u00edpios do Estado do Esp\u00edrito Santo, 2000 e 2010<\/a>.<\/p>\n<p><a href=\"http:\/\/blog.ufes.br\/demografia\/files\/2018\/06\/TABELA-7-\u2013-Raz\u00e3o-de-Depend\u00eancia-de-jovens-dos-munic\u00edpios-do-Estado-do-Esp\u00edrito-Santo.-2000-e-2010.pdf\">TABELA 7 \u2013 Raz\u00e3o de depend\u00eancia de jovens dos munic\u00edpios do Estado do Esp\u00edrito Santo. 2000 e 2010<\/a>.<\/p>\n<p><a href=\"http:\/\/blog.ufes.br\/demografia\/files\/2018\/06\/TABELA-8-\u2013-Raz\u00e3o-de-Depend\u00eancia-de-idosos-dos-munic\u00edpios-do-Estado-do-Esp\u00edrito-Santo.-2000-e-2010.-1.pdf\">TABELA 8 \u2013 Raz\u00e3o de depend\u00eancia de idosos dos munic\u00edpios do Estado do Esp\u00edrito Santo. 2000 e 2010.<\/a><\/p>\n<p><a href=\"http:\/\/blog.ufes.br\/demografia\/files\/2018\/06\/TABELA-9-\u2013-Raz\u00e3o-de-sexos-segundo-faixa-et\u00e1ria-dos-munic\u00edpios-do-Estado-do-Esp\u00edrito-Santo-2000.-1.pdf\">TABELA 9 \u2013 Raz\u00e3o de sexos segundo faixa et\u00e1ria dos munic\u00edpios do Estado do Esp\u00edrito Santo &#8211; 2000.<\/a><\/p>\n<p><a href=\"http:\/\/blog.ufes.br\/demografia\/files\/2018\/06\/TABELA-10-\u2013-Raz\u00e3o-de-sexos-segundo-faixa-et\u00e1ria-dos-munic\u00edpios-do-Estado-do-Esp\u00edrito-Santo-2010.-1.pdf\">TABELA 10 \u2013 Raz\u00e3o de sexos segundo faixa et\u00e1ria dos munic\u00edpios do Estado do Esp\u00edrito Santo &#8211; 2010.<\/a><\/p>\n","protected":false},"excerpt":{"rendered":"<p>TABELA 1 &#8211; Popula\u00e7\u00e3o total, por sexo e faixa et\u00e1ria dos munic\u00edpios do Estado do Esp\u00edrito Santo \u2013 2000. TABELA 2 &#8211; Popula\u00e7\u00e3o total, por sexo e faixa et\u00e1ria dos munic\u00edpios do Estado do Esp\u00edrito Santo \u2013 2010. TABELA 3 &#8211; Taxa Bruta de natalidade por mil habitantes dos munic\u00edpios do Estado do Esp\u00edrito Santo. [&hellip;]<\/p>\n","protected":false},"author":323,"featured_media":0,"parent":0,"menu_order":0,"comment_status":"closed","ping_status":"closed","template":"sidebar-page.php","meta":{"_bbp_topic_count":0,"_bbp_reply_count":0,"_bbp_total_topic_count":0,"_bbp_total_reply_count":0,"_bbp_voice_count":0,"_bbp_anonymous_reply_count":0,"_bbp_topic_count_hidden":0,"_bbp_reply_count_hidden":0,"_bbp_forum_subforum_count":0,"_uag_custom_page_level_css":"","footnotes":""},"class_list":["post-776","page","type-page","status-publish","hentry"],"uagb_featured_image_src":{"full":false,"thumbnail":false,"medium":false,"medium_large":false,"large":false,"1536x1536":false,"2048x2048":false,"post-thumbnail":false},"uagb_author_info":{"display_name":"lais.lovate","author_link":"https:\/\/blog.ufes.br\/demografia\/author\/lais-lovate\/"},"uagb_comment_info":0,"uagb_excerpt":"TABELA 1 &#8211; Popula\u00e7\u00e3o total, por sexo e faixa et\u00e1ria dos munic\u00edpios do Estado do Esp\u00edrito Santo \u2013 2000. TABELA 2 &#8211; Popula\u00e7\u00e3o total, por sexo e faixa et\u00e1ria dos munic\u00edpios do Estado do Esp\u00edrito Santo \u2013 2010. TABELA 3 &#8211; Taxa Bruta de natalidade por mil habitantes dos munic\u00edpios do Estado do Esp\u00edrito Santo.&hellip;","_links":{"self":[{"href":"https:\/\/blog.ufes.br\/demografia\/wp-json\/wp\/v2\/pages\/776","targetHints":{"allow":["GET"]}}],"collection":[{"href":"https:\/\/blog.ufes.br\/demografia\/wp-json\/wp\/v2\/pages"}],"about":[{"href":"https:\/\/blog.ufes.br\/demografia\/wp-json\/wp\/v2\/types\/page"}],"author":[{"embeddable":true,"href":"https:\/\/blog.ufes.br\/demografia\/wp-json\/wp\/v2\/users\/323"}],"replies":[{"embeddable":true,"href":"https:\/\/blog.ufes.br\/demografia\/wp-json\/wp\/v2\/comments?post=776"}],"version-history":[{"count":20,"href":"https:\/\/blog.ufes.br\/demografia\/wp-json\/wp\/v2\/pages\/776\/revisions"}],"predecessor-version":[{"id":822,"href":"https:\/\/blog.ufes.br\/demografia\/wp-json\/wp\/v2\/pages\/776\/revisions\/822"}],"wp:attachment":[{"href":"https:\/\/blog.ufes.br\/demografia\/wp-json\/wp\/v2\/media?parent=776"}],"curies":[{"name":"wp","href":"https:\/\/api.w.org\/{rel}","templated":true}]}}