{"id":93,"date":"2013-04-07T18:50:40","date_gmt":"2013-04-08T03:50:40","guid":{"rendered":"http:\/\/blog.ufes.br\/enearte\/?page_id=93"},"modified":"2013-06-07T15:47:21","modified_gmt":"2013-06-08T00:47:21","slug":"cadastro-para-monitoresufes","status":"publish","type":"page","link":"https:\/\/blog.ufes.br\/enearte\/inscricoes\/cadastro-para-monitoresufes\/","title":{"rendered":"Cadastro para Monitores\/UFES"},"content":{"rendered":"<p><span style=\"color: #ff0000\"><a href=\"https:\/\/docs.google.com\/forms\/d\/1aBA_Cz9R3Q2AJ7wXN5jf0AA8eX9I23KkDoZ7W0ec0gQ\/viewform\" target=\"_blank\"><img loading=\"lazy\" decoding=\"async\" class=\"size-full wp-image-374 aligncenter\" src=\"http:\/\/blog.ufes.br\/enearte\/files\/2013\/04\/inscri\u00e7\u00e3o-monitor-ufes.jpg\" alt=\"\" width=\"512\" height=\"69\" srcset=\"https:\/\/blog.ufes.br\/enearte\/files\/2013\/04\/inscri\u00e7\u00e3o-monitor-ufes.jpg 512w, https:\/\/blog.ufes.br\/enearte\/files\/2013\/04\/inscri\u00e7\u00e3o-monitor-ufes-300x40.jpg 300w\" sizes=\"auto, (max-width: 512px) 100vw, 512px\" \/><\/a>\u00a0<\/span><\/p>\n<p><span style=\"font-size: 1.8em;line-height: 1.5em\">Cadastro exclusivo para universit\u00e1rios UFES.<\/span><\/p>\n<p><span style=\"font-size: 1.8em;line-height: 1.5em\">Fa\u00e7a aqui seu cadastro para trabalhar como Monitor durante o ENEARTE VIX 2013.<\/span><\/p>\n<h2>O Treinamento com certifica\u00e7\u00e3o de participa\u00e7\u00e3o em monitoria e produ\u00e7\u00e3o cultural.<\/h2>\n<h2>(O edital contempla na categoria de Suporte\/Monitoria a sele\u00e7\u00e3o de universit\u00e1rios de outras universidades &#8211; vide edital)<\/h2>\n<p style=\"text-align: center\"><a href=\"https:\/\/docs.google.com\/forms\/d\/1aBA_Cz9R3Q2AJ7wXN5jf0AA8eX9I23KkDoZ7W0ec0gQ\/viewform\" target=\"_blank\"><img loading=\"lazy\" decoding=\"async\" class=\"aligncenter size-full wp-image-126\" src=\"http:\/\/blog.ufes.br\/enearte\/files\/2013\/04\/Voluntariado.jpg\" alt=\"\" width=\"556\" height=\"595\" srcset=\"https:\/\/blog.ufes.br\/enearte\/files\/2013\/04\/Voluntariado.jpg 556w, https:\/\/blog.ufes.br\/enearte\/files\/2013\/04\/Voluntariado-280x300.jpg 280w\" sizes=\"auto, (max-width: 556px) 100vw, 556px\" \/><\/a><\/p>\n<p>&nbsp;<\/p>\n<p>&nbsp;<\/p>\n<p>&nbsp;<\/p>\n<p>&nbsp;<\/p>\n<p>&nbsp;<\/p>\n","protected":false},"excerpt":{"rendered":"<p>\u00a0 Cadastro exclusivo para universit\u00e1rios UFES. Fa\u00e7a aqui seu cadastro para trabalhar como Monitor durante o ENEARTE VIX 2013. O Treinamento com certifica\u00e7\u00e3o de participa\u00e7\u00e3o em monitoria e produ\u00e7\u00e3o cultural. (O edital contempla na categoria de Suporte\/Monitoria a sele\u00e7\u00e3o de universit\u00e1rios de outras universidades &#8211; vide edital) &nbsp; &nbsp; &nbsp; &nbsp; &nbsp;<\/p>\n","protected":false},"author":114,"featured_media":126,"parent":18,"menu_order":1,"comment_status":"open","ping_status":"open","template":"","meta":{"_bbp_topic_count":0,"_bbp_reply_count":0,"_bbp_total_topic_count":0,"_bbp_total_reply_count":0,"_bbp_voice_count":0,"_bbp_anonymous_reply_count":0,"_bbp_topic_count_hidden":0,"_bbp_reply_count_hidden":0,"_bbp_forum_subforum_count":0,"_uag_custom_page_level_css":"","ngg_post_thumbnail":0,"footnotes":""},"class_list":["post-93","page","type-page","status-publish","has-post-thumbnail","hentry"],"uagb_featured_image_src":{"full":["https:\/\/blog.ufes.br\/enearte\/files\/2013\/04\/Voluntariado.jpg",556,595,false],"thumbnail":["https:\/\/blog.ufes.br\/enearte\/files\/2013\/04\/Voluntariado-150x150.jpg",150,150,true],"medium":["https:\/\/blog.ufes.br\/enearte\/files\/2013\/04\/Voluntariado-280x300.jpg",280,300,true],"medium_large":["https:\/\/blog.ufes.br\/enearte\/files\/2013\/04\/Voluntariado.jpg",556,595,false],"large":["https:\/\/blog.ufes.br\/enearte\/files\/2013\/04\/Voluntariado.jpg",556,595,false],"1536x1536":["https:\/\/blog.ufes.br\/enearte\/files\/2013\/04\/Voluntariado.jpg",556,595,false],"2048x2048":["https:\/\/blog.ufes.br\/enearte\/files\/2013\/04\/Voluntariado.jpg",556,595,false],"post-thumbnail":["https:\/\/blog.ufes.br\/enearte\/files\/2013\/04\/Voluntariado-556x198.jpg",556,198,true]},"uagb_author_info":{"display_name":"bruna.wandekoken","author_link":"https:\/\/blog.ufes.br\/enearte\/author\/bruna-wandekoken\/"},"uagb_comment_info":5,"uagb_excerpt":"\u00a0 Cadastro exclusivo para universit\u00e1rios UFES. Fa\u00e7a aqui seu cadastro para trabalhar como Monitor durante o ENEARTE VIX 2013. O Treinamento com certifica\u00e7\u00e3o de participa\u00e7\u00e3o em monitoria e produ\u00e7\u00e3o cultural. (O edital contempla na categoria de Suporte\/Monitoria a sele\u00e7\u00e3o de universit\u00e1rios de outras universidades &#8211; vide edital) &nbsp; &nbsp; &nbsp; &nbsp; &nbsp;","_links":{"self":[{"href":"https:\/\/blog.ufes.br\/enearte\/wp-json\/wp\/v2\/pages\/93","targetHints":{"allow":["GET"]}}],"collection":[{"href":"https:\/\/blog.ufes.br\/enearte\/wp-json\/wp\/v2\/pages"}],"about":[{"href":"https:\/\/blog.ufes.br\/enearte\/wp-json\/wp\/v2\/types\/page"}],"author":[{"embeddable":true,"href":"https:\/\/blog.ufes.br\/enearte\/wp-json\/wp\/v2\/users\/114"}],"replies":[{"embeddable":true,"href":"https:\/\/blog.ufes.br\/enearte\/wp-json\/wp\/v2\/comments?post=93"}],"version-history":[{"count":34,"href":"https:\/\/blog.ufes.br\/enearte\/wp-json\/wp\/v2\/pages\/93\/revisions"}],"predecessor-version":[{"id":445,"href":"https:\/\/blog.ufes.br\/enearte\/wp-json\/wp\/v2\/pages\/93\/revisions\/445"}],"up":[{"embeddable":true,"href":"https:\/\/blog.ufes.br\/enearte\/wp-json\/wp\/v2\/pages\/18"}],"wp:featuredmedia":[{"embeddable":true,"href":"https:\/\/blog.ufes.br\/enearte\/wp-json\/wp\/v2\/media\/126"}],"wp:attachment":[{"href":"https:\/\/blog.ufes.br\/enearte\/wp-json\/wp\/v2\/media?parent=93"}],"curies":[{"name":"wp","href":"https:\/\/api.w.org\/{rel}","templated":true}]}}