{"id":69,"date":"2025-12-26T16:03:42","date_gmt":"2025-12-26T19:03:42","guid":{"rendered":"https:\/\/blog.ufes.br\/enps\/?page_id=69"},"modified":"2026-04-23T08:00:58","modified_gmt":"2026-04-23T11:00:58","slug":"inscricoes-para-lancamento-de-livros","status":"publish","type":"page","link":"https:\/\/blog.ufes.br\/enps\/inscricoes-para-lancamento-de-livros\/","title":{"rendered":"Inscri\u00e7\u00f5es para Lan\u00e7amento de Livros"},"content":{"rendered":"\t\t<div data-elementor-type=\"wp-page\" data-elementor-id=\"69\" class=\"elementor elementor-69\">\n\t\t\t\t<div class=\"elementor-element elementor-element-e74849a e-flex e-con-boxed e-con e-parent\" data-id=\"e74849a\" data-element_type=\"container\" data-e-type=\"container\">\n\t\t\t\t\t<div class=\"e-con-inner\">\n\t\t\t\t<div class=\"elementor-element elementor-element-6c332a2 elementor-widget elementor-widget-heading\" data-id=\"6c332a2\" data-element_type=\"widget\" data-e-type=\"widget\" data-widget_type=\"heading.default\">\n\t\t\t\t\t<h1 class=\"elementor-heading-title elementor-size-default\">Inscri\u00e7\u00f5es para Lan\u00e7amento de Livros<\/h1>\t\t\t\t<\/div>\n\t\t\t\t\t<\/div>\n\t\t\t\t<\/div>\n\t\t<div class=\"elementor-element elementor-element-7e1cb22 e-flex e-con-boxed e-con e-parent\" data-id=\"7e1cb22\" data-element_type=\"container\" data-e-type=\"container\">\n\t\t\t\t\t<div class=\"e-con-inner\">\n\t\t\t\t<div class=\"elementor-element elementor-element-6c37f29 elementor-widget elementor-widget-text-editor\" data-id=\"6c37f29\" data-element_type=\"widget\" data-e-type=\"widget\" data-widget_type=\"text-editor.default\">\n\t\t\t\t\t\t\t\t\t<p>Orientamos que os(as) interessados(as) enviem um e-mail, no m\u00e1ximo at\u00e9 29\/07\/2026, para a Comiss\u00e3o Cient\u00edfica (<a href=\"mailto:cientifico.enps@ufes.br\" target=\"_blank\" rel=\"noopener\">cientifico.enps@ufes.br<\/a>), com o assunto \u201cLan\u00e7amento de livro\u201d, e sigam as orienta\u00e7\u00f5es abaixo.<br \/>Normas gerais para inscri\u00e7\u00e3o:<br \/>As obras devem ter data de publica\u00e7\u00e3o a partir de 2023;<br \/>A tem\u00e1tica do livro deve estar relacionada, preferencialmente, com as \u00e1reas tem\u00e1ticas do evento (verificar no site <a href=\"https:\/\/blog.ufes.br\/enps\/areas-tematicas\/\">https:\/\/blog.ufes.br\/enps\/areas-tematicas\/<\/a>);<\/p><p>As propostas enviadas devem apresentar as seguintes informa\u00e7\u00f5es:<\/p><ol><li>T\u00edtulo do livro;<\/li><li>Nome dos(as) autores(as)\/organizadores(as);<\/li><li>Editora;<\/li><li>Data de publica\u00e7\u00e3o;<\/li><li>Foto da capa do livro ou e-book em boa resolu\u00e7\u00e3o;<\/li><li>Foto dos(as) autores(as) ou organizadores(as) em boa resolu\u00e7\u00e3o;<\/li><li>Resumo (at\u00e9 100 palavras);<\/li><li>Informa\u00e7\u00e3o sobre se haver\u00e1 venda de exemplares do livro no evento. Em caso afirmativo, indicar os respons\u00e1veis pela venda (autores\/as, editora ou livraria); a forma de pagamento; e o valor aproximado do livro.<\/li><\/ol><p>O dia, hor\u00e1rio e local do lan\u00e7amento de livros ser\u00e3o especificados na programa\u00e7\u00e3o do evento (a ser publicada no site <a href=\"https:\/\/blog.ufes.br\/enps\/\">https:\/\/blog.ufes.br\/enps\/<\/a>);<br \/>A comiss\u00e3o organizadora buscar\u00e1 contemplar as inscri\u00e7\u00f5es de acordo com as normas estabelecidas acima e com a disponibilidade do espa\u00e7o f\u00edsico.<\/p>\t\t\t\t\t\t\t\t<\/div>\n\t\t\t\t\t<\/div>\n\t\t\t\t<\/div>\n\t\t\t\t<\/div>\n\t\t","protected":false},"excerpt":{"rendered":"<p>Inscri\u00e7\u00f5es para Lan\u00e7amento de Livros Orientamos que os(as) interessados(as) enviem um e-mail, no m\u00e1ximo at\u00e9 29\/07\/2026, para a Comiss\u00e3o Cient\u00edfica (cientifico.enps@ufes.br), com o assunto \u201cLan\u00e7amento de livro\u201d, e sigam as orienta\u00e7\u00f5es abaixo.Normas gerais para inscri\u00e7\u00e3o:As obras devem ter data de &hellip; <a href=\"https:\/\/blog.ufes.br\/enps\/inscricoes-para-lancamento-de-livros\/\">Continue lendo <span class=\"meta-nav\">&rarr;<\/span><\/a><\/p>\n","protected":false},"author":492,"featured_media":0,"parent":0,"menu_order":0,"comment_status":"closed","ping_status":"closed","template":"","meta":{"_bbp_topic_count":0,"_bbp_reply_count":0,"_bbp_total_topic_count":0,"_bbp_total_reply_count":0,"_bbp_voice_count":0,"_bbp_anonymous_reply_count":0,"_bbp_topic_count_hidden":0,"_bbp_reply_count_hidden":0,"_bbp_forum_subforum_count":0,"_uag_custom_page_level_css":"","footnotes":""},"class_list":["post-69","page","type-page","status-publish","hentry"],"uagb_featured_image_src":{"full":false,"thumbnail":false,"medium":false,"medium_large":false,"large":false,"1536x1536":false,"2048x2048":false,"post-thumbnail":false,"large-feature":false,"small-feature":false},"uagb_author_info":{"display_name":"admindoenps","author_link":"https:\/\/blog.ufes.br\/enps\/author\/admindoenps\/"},"uagb_comment_info":0,"uagb_excerpt":"Inscri\u00e7\u00f5es para Lan\u00e7amento de Livros Orientamos que os(as) interessados(as) enviem um e-mail, no m\u00e1ximo at\u00e9 29\/07\/2026, para a Comiss\u00e3o Cient\u00edfica (cientifico.enps@ufes.br), com o assunto \u201cLan\u00e7amento de livro\u201d, e sigam as orienta\u00e7\u00f5es abaixo.Normas gerais para inscri\u00e7\u00e3o:As obras devem ter data de &hellip; Continue lendo &rarr;","_links":{"self":[{"href":"https:\/\/blog.ufes.br\/enps\/wp-json\/wp\/v2\/pages\/69","targetHints":{"allow":["GET"]}}],"collection":[{"href":"https:\/\/blog.ufes.br\/enps\/wp-json\/wp\/v2\/pages"}],"about":[{"href":"https:\/\/blog.ufes.br\/enps\/wp-json\/wp\/v2\/types\/page"}],"author":[{"embeddable":true,"href":"https:\/\/blog.ufes.br\/enps\/wp-json\/wp\/v2\/users\/492"}],"replies":[{"embeddable":true,"href":"https:\/\/blog.ufes.br\/enps\/wp-json\/wp\/v2\/comments?post=69"}],"version-history":[{"count":10,"href":"https:\/\/blog.ufes.br\/enps\/wp-json\/wp\/v2\/pages\/69\/revisions"}],"predecessor-version":[{"id":568,"href":"https:\/\/blog.ufes.br\/enps\/wp-json\/wp\/v2\/pages\/69\/revisions\/568"}],"wp:attachment":[{"href":"https:\/\/blog.ufes.br\/enps\/wp-json\/wp\/v2\/media?parent=69"}],"curies":[{"name":"wp","href":"https:\/\/api.w.org\/{rel}","templated":true}]}}