{"id":117,"date":"2016-05-24T20:50:44","date_gmt":"2016-05-24T20:50:44","guid":{"rendered":"http:\/\/blog.ufes.br\/ensinodefisica\/?page_id=117"},"modified":"2016-05-24T20:51:32","modified_gmt":"2016-05-24T20:51:32","slug":"educacao-inclusiva","status":"publish","type":"page","link":"https:\/\/blog.ufes.br\/ensinodefisica\/material-didatico\/tema-2\/educacao-inclusiva\/","title":{"rendered":"Educa\u00e7\u00e3o Inclusiva"},"content":{"rendered":"<p>Um estudo sobre a forma\u00e7\u00e3o do professor de F\u00edsica no contexto das necessidades educacionais especiais de alunos com defici\u00eancia visual:\u00a0<a href=\"http:\/\/www.sbf1.sbfisica.org.br\/eventos\/epef\/x\/sys\/resumos\/T0025-1.pdf\">http:\/\/www.sbf1.sbfisica.org.br\/eventos\/epef\/x\/sys\/resumos\/T0025-1.pdf<\/a><\/p>\n","protected":false},"excerpt":{"rendered":"<p>Um estudo sobre a forma\u00e7\u00e3o do professor de F\u00edsica no contexto das necessidades educacionais especiais de alunos com defici\u00eancia visual:\u00a0http:\/\/www.sbf1.sbfisica.org.br\/eventos\/epef\/x\/sys\/resumos\/T0025-1.pdf<\/p>\n","protected":false},"author":190,"featured_media":0,"parent":88,"menu_order":0,"comment_status":"closed","ping_status":"closed","template":"","meta":{"_bbp_topic_count":0,"_bbp_reply_count":0,"_bbp_total_topic_count":0,"_bbp_total_reply_count":0,"_bbp_voice_count":0,"_bbp_anonymous_reply_count":0,"_bbp_topic_count_hidden":0,"_bbp_reply_count_hidden":0,"_bbp_forum_subforum_count":0,"_uag_custom_page_level_css":"","footnotes":""},"class_list":["post-117","page","type-page","status-publish","hentry"],"uagb_featured_image_src":{"full":false,"thumbnail":false,"medium":false,"medium_large":false,"large":false,"1536x1536":false,"2048x2048":false,"post-thumbnail":false},"uagb_author_info":{"display_name":"Angelita","author_link":"https:\/\/blog.ufes.br\/ensinodefisica\/author\/angelita-morais\/"},"uagb_comment_info":0,"uagb_excerpt":"Um estudo sobre a forma\u00e7\u00e3o do professor de F\u00edsica no contexto das necessidades educacionais especiais de alunos com defici\u00eancia visual:\u00a0http:\/\/www.sbf1.sbfisica.org.br\/eventos\/epef\/x\/sys\/resumos\/T0025-1.pdf","_links":{"self":[{"href":"https:\/\/blog.ufes.br\/ensinodefisica\/wp-json\/wp\/v2\/pages\/117","targetHints":{"allow":["GET"]}}],"collection":[{"href":"https:\/\/blog.ufes.br\/ensinodefisica\/wp-json\/wp\/v2\/pages"}],"about":[{"href":"https:\/\/blog.ufes.br\/ensinodefisica\/wp-json\/wp\/v2\/types\/page"}],"author":[{"embeddable":true,"href":"https:\/\/blog.ufes.br\/ensinodefisica\/wp-json\/wp\/v2\/users\/190"}],"replies":[{"embeddable":true,"href":"https:\/\/blog.ufes.br\/ensinodefisica\/wp-json\/wp\/v2\/comments?post=117"}],"version-history":[{"count":3,"href":"https:\/\/blog.ufes.br\/ensinodefisica\/wp-json\/wp\/v2\/pages\/117\/revisions"}],"predecessor-version":[{"id":124,"href":"https:\/\/blog.ufes.br\/ensinodefisica\/wp-json\/wp\/v2\/pages\/117\/revisions\/124"}],"up":[{"embeddable":true,"href":"https:\/\/blog.ufes.br\/ensinodefisica\/wp-json\/wp\/v2\/pages\/88"}],"wp:attachment":[{"href":"https:\/\/blog.ufes.br\/ensinodefisica\/wp-json\/wp\/v2\/media?parent=117"}],"curies":[{"name":"wp","href":"https:\/\/api.w.org\/{rel}","templated":true}]}}

Educação Inclusiva

<p>Um estudo sobre a formação do professor de Física no contexto das necessidades educacionais especiais de alunos com deficiência visual: <a href="http://www.sbf1.sbfisica.org.br/eventos/epef/x/sys/resumos/T0025-1.pdf">http://www.sbf1.sbfisica.org.br/eventos/epef/x/sys/resumos/T0025-1.pdf</a></p>

<p>Um estudo sobre a formação do professor de Física no contexto das necessidades educacionais especiais de alunos com deficiência visual: http://www.sbf1.sbfisica.org.br/eventos/epef/x/sys/resumos/T0025-1.pdf</p>

Um estudo sobre a formação do professor de Física no contexto das necessidades educacionais especiais de alunos com deficiência visual: http://www.sbf1.sbfisica.org.br/eventos/epef/x/sys/resumos/T0025-1.pdf
