{"id":2,"date":"2014-10-23T18:02:33","date_gmt":"2014-10-23T18:02:33","guid":{"rendered":"http:\/\/blog.ufes.br\/ensinodefisica\/?page_id=2"},"modified":"2021-03-30T14:00:09","modified_gmt":"2021-03-30T14:00:09","slug":"pagina-exemplo","status":"publish","type":"page","link":"https:\/\/blog.ufes.br\/ensinodefisica\/","title":{"rendered":"Home"},"content":{"rendered":"<p style=\"padding-left: 80px\"><span style=\"color: #000000\">Bem-vindo ao nosso Blog!<\/span><\/p>\n<p style=\"padding-left: 80px\"><span style=\"color: #000000\">Essa p\u00e1gina tem o objetivo de reunir propostas relacionadas ao Ensino de F\u00edsica.<\/span><\/p>\n<p style=\"text-align: center\"><strong><span style=\"color: #000080\">P\u00e1gina relacionada: https:\/\/fisica-alem-da-visao.webnode.com\/<\/span><\/strong><\/p>\n<p>\u00a0<\/p>\n\n\n<p><\/p>\n","protected":false},"excerpt":{"rendered":"<p>Bem-vindo ao nosso Blog! Essa p\u00e1gina tem o objetivo de reunir propostas relacionadas ao Ensino de F\u00edsica. P\u00e1gina relacionada: https:\/\/fisica-alem-da-visao.webnode.com\/ \u00a0<\/p>\n","protected":false},"author":190,"featured_media":0,"parent":0,"menu_order":0,"comment_status":"closed","ping_status":"open","template":"","meta":{"_bbp_topic_count":0,"_bbp_reply_count":0,"_bbp_total_topic_count":0,"_bbp_total_reply_count":0,"_bbp_voice_count":0,"_bbp_anonymous_reply_count":0,"_bbp_topic_count_hidden":0,"_bbp_reply_count_hidden":0,"_bbp_forum_subforum_count":0,"_uag_custom_page_level_css":"","footnotes":""},"class_list":["post-2","page","type-page","status-publish","hentry"],"uagb_featured_image_src":{"full":false,"thumbnail":false,"medium":false,"medium_large":false,"large":false,"1536x1536":false,"2048x2048":false,"post-thumbnail":false},"uagb_author_info":{"display_name":"Angelita","author_link":"https:\/\/blog.ufes.br\/ensinodefisica\/author\/angelita-morais\/"},"uagb_comment_info":0,"uagb_excerpt":"Bem-vindo ao nosso Blog! Essa p\u00e1gina tem o objetivo de reunir propostas relacionadas ao Ensino de F\u00edsica. P\u00e1gina relacionada: https:\/\/fisica-alem-da-visao.webnode.com\/ \u00a0","_links":{"self":[{"href":"https:\/\/blog.ufes.br\/ensinodefisica\/wp-json\/wp\/v2\/pages\/2","targetHints":{"allow":["GET"]}}],"collection":[{"href":"https:\/\/blog.ufes.br\/ensinodefisica\/wp-json\/wp\/v2\/pages"}],"about":[{"href":"https:\/\/blog.ufes.br\/ensinodefisica\/wp-json\/wp\/v2\/types\/page"}],"author":[{"embeddable":true,"href":"https:\/\/blog.ufes.br\/ensinodefisica\/wp-json\/wp\/v2\/users\/190"}],"replies":[{"embeddable":true,"href":"https:\/\/blog.ufes.br\/ensinodefisica\/wp-json\/wp\/v2\/comments?post=2"}],"version-history":[{"count":9,"href":"https:\/\/blog.ufes.br\/ensinodefisica\/wp-json\/wp\/v2\/pages\/2\/revisions"}],"predecessor-version":[{"id":140,"href":"https:\/\/blog.ufes.br\/ensinodefisica\/wp-json\/wp\/v2\/pages\/2\/revisions\/140"}],"wp:attachment":[{"href":"https:\/\/blog.ufes.br\/ensinodefisica\/wp-json\/wp\/v2\/media?parent=2"}],"curies":[{"name":"wp","href":"https:\/\/api.w.org\/{rel}","templated":true}]}}

<p style="padding-left: 80px"><span style="color: #000000">Bem-vindo ao nosso Blog!</span></p>
<p style="padding-left: 80px"><span style="color: #000000">Essa página tem o objetivo de reunir propostas relacionadas ao Ensino de Física.</span></p>
<p style="text-align: center"><strong><span style="color: #000080">Página relacionada: https://fisica-alem-da-visao.webnode.com/</span></strong></p>
<p> </p>


<p></p>

<p>Bem-vindo ao nosso Blog! Essa página tem o objetivo de reunir propostas relacionadas ao Ensino de Física. Página relacionada: https://fisica-alem-da-visao.webnode.com/  </p>

Bem-vindo ao nosso Blog! Essa página tem o objetivo de reunir propostas relacionadas ao Ensino de Física. Página relacionada: https://fisica-alem-da-visao.webnode.com/
