{"id":60,"date":"2020-05-01T13:38:58","date_gmt":"2020-05-01T16:38:58","guid":{"rendered":"http:\/\/blog.ufes.br\/giuseppi\/?page_id=60"},"modified":"2020-05-02T15:15:51","modified_gmt":"2020-05-02T18:15:51","slug":"projetos-de-pesquisa-em-ensino","status":"publish","type":"page","link":"https:\/\/blog.ufes.br\/giuseppi\/projetos-de-pesquisa-em-ensino\/","title":{"rendered":"Projetos de Pesquisa"},"content":{"rendered":"\n<p><strong> Aprendizagem Significativa de F\u00edsica  &#8211; Iniciado em 2017<\/strong><\/p>\n\n\n\n<p>O objetivo deste projeto \u00e9 desenvolver propostas did\u00e1ticas baseadas nos pressupostos te\u00f3ricos de Ensino e Aprendizagem para ensinar F\u00edsica, tendo em vista o trabalho do professor de F\u00edsica em forma\u00e7\u00e3o inicial (n\u00edvel de gradua\u00e7\u00e3o) ou continuada (n\u00edvel de p\u00f3s-Gradua\u00e7\u00e3o), e avaliar os impactos destas propostas para a melhoria da qualidade da aprendizagem e desempenho dos estudantes nesta disciplina.<\/p>\n\n\n\n<p><\/p>\n\n\n\n<p><strong>Forma\u00e7\u00e3o de Professores no Contexto da Divulga\u00e7\u00e3o Cient\u00edfica &#8211; Iniciado em 2012<\/strong><\/p>\n\n\n\n<p>O objetivo deste projeto \u00e9 investigar como atividades de Divulga\u00e7\u00e3o Cient\u00edfica desenvolvidas, em espa\u00e7os n\u00e3o formais de educa\u00e7\u00e3o, podem contribuir para a melhoria da qualidade da forma\u00e7\u00e3o inicial e forma\u00e7\u00e3o continuada em servi\u00e7o de professores de F\u00edsica e para a motiva\u00e7\u00e3o dos estudantes para o estudo de Fen\u00f4menos F\u00edsicos.<\/p>\n","protected":false},"excerpt":{"rendered":"<p>Aprendizagem Significativa de F\u00edsica &#8211; Iniciado em 2017 O objetivo deste projeto \u00e9 desenvolver propostas did\u00e1ticas baseadas nos pressupostos te\u00f3ricos de Ensino e Aprendizagem para ensinar F\u00edsica, tendo em vista o trabalho do professor de F\u00edsica em forma\u00e7\u00e3o inicial (n\u00edvel de gradua\u00e7\u00e3o) ou continuada (n\u00edvel de p\u00f3s-Gradua\u00e7\u00e3o), e avaliar os impactos destas propostas para a [&hellip;]<\/p>\n","protected":false},"author":143,"featured_media":0,"parent":0,"menu_order":1,"comment_status":"closed","ping_status":"closed","template":"","meta":{"_bbp_topic_count":0,"_bbp_reply_count":0,"_bbp_total_topic_count":0,"_bbp_total_reply_count":0,"_bbp_voice_count":0,"_bbp_anonymous_reply_count":0,"_bbp_topic_count_hidden":0,"_bbp_reply_count_hidden":0,"_bbp_forum_subforum_count":0,"_uag_custom_page_level_css":"","footnotes":""},"class_list":["post-60","page","type-page","status-publish","hentry"],"uagb_featured_image_src":{"full":false,"thumbnail":false,"medium":false,"medium_large":false,"large":false,"1536x1536":false,"2048x2048":false,"post-thumbnail":false},"uagb_author_info":{"display_name":"giuseppi.camiletti","author_link":"https:\/\/blog.ufes.br\/giuseppi\/author\/giuseppi-camiletti\/"},"uagb_comment_info":0,"uagb_excerpt":"Aprendizagem Significativa de F\u00edsica &#8211; Iniciado em 2017 O objetivo deste projeto \u00e9 desenvolver propostas did\u00e1ticas baseadas nos pressupostos te\u00f3ricos de Ensino e Aprendizagem para ensinar F\u00edsica, tendo em vista o trabalho do professor de F\u00edsica em forma\u00e7\u00e3o inicial (n\u00edvel de gradua\u00e7\u00e3o) ou continuada (n\u00edvel de p\u00f3s-Gradua\u00e7\u00e3o), e avaliar os impactos destas propostas para a&hellip;","_links":{"self":[{"href":"https:\/\/blog.ufes.br\/giuseppi\/wp-json\/wp\/v2\/pages\/60","targetHints":{"allow":["GET"]}}],"collection":[{"href":"https:\/\/blog.ufes.br\/giuseppi\/wp-json\/wp\/v2\/pages"}],"about":[{"href":"https:\/\/blog.ufes.br\/giuseppi\/wp-json\/wp\/v2\/types\/page"}],"author":[{"embeddable":true,"href":"https:\/\/blog.ufes.br\/giuseppi\/wp-json\/wp\/v2\/users\/143"}],"replies":[{"embeddable":true,"href":"https:\/\/blog.ufes.br\/giuseppi\/wp-json\/wp\/v2\/comments?post=60"}],"version-history":[{"count":3,"href":"https:\/\/blog.ufes.br\/giuseppi\/wp-json\/wp\/v2\/pages\/60\/revisions"}],"predecessor-version":[{"id":104,"href":"https:\/\/blog.ufes.br\/giuseppi\/wp-json\/wp\/v2\/pages\/60\/revisions\/104"}],"wp:attachment":[{"href":"https:\/\/blog.ufes.br\/giuseppi\/wp-json\/wp\/v2\/media?parent=60"}],"curies":[{"name":"wp","href":"https:\/\/api.w.org\/{rel}","templated":true}]}}

<p><strong> Aprendizagem Significativa de Física  &#8211; Iniciado em 2017</strong></p>



<p>O objetivo deste projeto é desenvolver propostas didáticas baseadas nos pressupostos teóricos de Ensino e Aprendizagem para ensinar Física, tendo em vista o trabalho do professor de Física em formação inicial (nível de graduação) ou continuada (nível de pós-Graduação), e avaliar os impactos destas propostas para a melhoria da qualidade da aprendizagem e desempenho dos estudantes nesta disciplina.</p>



<p></p>



<p><strong>Formação de Professores no Contexto da Divulgação Científica &#8211; Iniciado em 2012</strong></p>



<p>O objetivo deste projeto é investigar como atividades de Divulgação Científica desenvolvidas, em espaços não formais de educação, podem contribuir para a melhoria da qualidade da formação inicial e formação continuada em serviço de professores de Física e para a motivação dos estudantes para o estudo de Fenômenos Físicos.</p>

<p>Aprendizagem Significativa de Física &#8211; Iniciado em 2017 O objetivo deste projeto é desenvolver propostas didáticas baseadas nos pressupostos teóricos de Ensino e Aprendizagem para ensinar Física, tendo em vista o trabalho do professor de Física em formação inicial (nível de graduação) ou continuada (nível de pós-Graduação), e avaliar os impactos destas propostas para a [&hellip;]</p>

Aprendizagem Significativa de Física &#8211; Iniciado em 2017 O objetivo deste projeto é desenvolver propostas didáticas baseadas nos pressupostos teóricos de Ensino e Aprendizagem para ensinar Física, tendo em vista o trabalho do professor de Física em formação inicial (nível de graduação) ou continuada (nível de pós-Graduação), e avaliar os impactos destas propostas para a&hellip;
