{"id":1309,"date":"2022-10-24T01:29:26","date_gmt":"2022-10-24T04:29:26","guid":{"rendered":"https:\/\/blog.ufes.br\/grupodeconjunturaufes\/?page_id=1309"},"modified":"2026-05-11T10:31:41","modified_gmt":"2026-05-11T13:31:41","slug":"integrantes","status":"publish","type":"page","link":"https:\/\/blog.ufes.br\/grupodeconjunturaufes\/integrantes\/","title":{"rendered":"Integrantes"},"content":{"rendered":"\t\t<div data-elementor-type=\"wp-page\" data-elementor-id=\"1309\" class=\"elementor elementor-1309\">\n\t\t\t\t\t\t<section class=\"elementor-section elementor-top-section elementor-element elementor-element-9e46264 elementor-section-boxed elementor-section-height-default elementor-section-height-default\" data-id=\"9e46264\" data-element_type=\"section\" data-e-type=\"section\">\n\t\t\t\t\t\t<div class=\"elementor-container elementor-column-gap-default\">\n\t\t\t\t\t<div class=\"elementor-column elementor-col-100 elementor-top-column elementor-element elementor-element-b452cba\" data-id=\"b452cba\" data-element_type=\"column\" data-e-type=\"column\">\n\t\t\t<div class=\"elementor-widget-wrap elementor-element-populated\">\n\t\t\t\t\t\t<div class=\"elementor-element elementor-element-e4b9f04 elementor-widget elementor-widget-spacer\" data-id=\"e4b9f04\" data-element_type=\"widget\" data-e-type=\"widget\" data-widget_type=\"spacer.default\">\n\t\t\t\t<div class=\"elementor-widget-container\">\n\t\t\t\t\t\t\t<div class=\"elementor-spacer\">\n\t\t\t<div class=\"elementor-spacer-inner\"><\/div>\n\t\t<\/div>\n\t\t\t\t\t\t<\/div>\n\t\t\t\t<\/div>\n\t\t\t\t\t<\/div>\n\t\t<\/div>\n\t\t\t\t\t<\/div>\n\t\t<\/section>\n\t\t\t\t<section class=\"elementor-section elementor-top-section elementor-element elementor-element-da3e503 elementor-section-boxed elementor-section-height-default elementor-section-height-default\" data-id=\"da3e503\" data-element_type=\"section\" data-e-type=\"section\">\n\t\t\t\t\t\t<div class=\"elementor-container elementor-column-gap-default\">\n\t\t\t\t\t<div class=\"elementor-column elementor-col-33 elementor-top-column elementor-element elementor-element-8d6e185\" data-id=\"8d6e185\" data-element_type=\"column\" data-e-type=\"column\">\n\t\t\t<div class=\"elementor-widget-wrap elementor-element-populated\">\n\t\t\t\t\t\t<div class=\"elementor-element elementor-element-aba577b elementor-widget elementor-widget-heading\" data-id=\"aba577b\" data-element_type=\"widget\" data-e-type=\"widget\" data-widget_type=\"heading.default\">\n\t\t\t\t<div class=\"elementor-widget-container\">\n\t\t\t\t\t<h2 class=\"elementor-heading-title elementor-size-default\">Mercado de trabalho<\/h2>\t\t\t\t<\/div>\n\t\t\t\t<\/div>\n\t\t\t\t<div class=\"elementor-element elementor-element-9fe31fd elementor-widget elementor-widget-text-editor\" data-id=\"9fe31fd\" data-element_type=\"widget\" data-e-type=\"widget\" data-widget_type=\"text-editor.default\">\n\t\t\t\t<div class=\"elementor-widget-container\">\n\t\t\t\t\t\t\t\t\t<p style=\"text-align: left\"><strong>COORDENADORA: Arelys Esquenazi<br \/>Borrego<\/strong><br \/><span style=\"text-decoration: underline\">Alunos integrantes:<br \/><\/span><\/p><ul class=\"appsElementsGenerativeaiAstList\"><li class=\"appsElementsGenerativeaiAstAnimated\"><span class=\"appsElementsGenerativeaiAstAnimated\" data-ast-node-id=\"15\">Arthur Buffon Rodrigues Viana<\/span><\/li><li class=\"appsElementsGenerativeaiAstAnimated\"><span class=\"appsElementsGenerativeaiAstAnimated\" data-ast-node-id=\"16\">Hemille Barbosa Uch\u00f4a<\/span><\/li><li class=\"appsElementsGenerativeaiAstAnimated\"><span class=\"appsElementsGenerativeaiAstAnimated\" data-ast-node-id=\"17\">J\u00falia Veronez de Oliveira<\/span><\/li><li class=\"appsElementsGenerativeaiAstAnimated\"><span class=\"appsElementsGenerativeaiAstAnimated\" data-ast-node-id=\"18\">Lissia Louzada Gomes Marinho<\/span><\/li><li class=\"appsElementsGenerativeaiAstAnimated\"><span class=\"appsElementsGenerativeaiAstAnimated\" data-ast-node-id=\"19\">Livia Rosa Pereira dos Santos<\/span><\/li><li class=\"appsElementsGenerativeaiAstAnimated\"><span class=\"appsElementsGenerativeaiAstAnimated\" data-ast-node-id=\"20\">Maria Luisa dos Santos Damasceno<\/span><\/li><li class=\"appsElementsGenerativeaiAstAnimated\"><span class=\"appsElementsGenerativeaiAstAnimated\" data-ast-node-id=\"21\">Paulo Henrique Bruno da Silva<\/span><\/li><\/ul>\t\t\t\t\t\t\t\t<\/div>\n\t\t\t\t<\/div>\n\t\t\t\t\t<\/div>\n\t\t<\/div>\n\t\t\t\t<div class=\"elementor-column elementor-col-33 elementor-top-column elementor-element elementor-element-f8795b6\" data-id=\"f8795b6\" data-element_type=\"column\" data-e-type=\"column\">\n\t\t\t<div class=\"elementor-widget-wrap elementor-element-populated\">\n\t\t\t\t\t\t<div class=\"elementor-element elementor-element-6d65626 elementor-widget__width-initial elementor-widget elementor-widget-heading\" data-id=\"6d65626\" data-element_type=\"widget\" data-e-type=\"widget\" data-widget_type=\"heading.default\">\n\t\t\t\t<div class=\"elementor-widget-container\">\n\t\t\t\t\t<h2 class=\"elementor-heading-title elementor-size-default\">N\u00edvel de Atividade &amp; Setor Externo<\/h2>\t\t\t\t<\/div>\n\t\t\t\t<\/div>\n\t\t\t\t<div class=\"elementor-element elementor-element-91953b4 elementor-widget elementor-widget-text-editor\" data-id=\"91953b4\" data-element_type=\"widget\" data-e-type=\"widget\" data-widget_type=\"text-editor.default\">\n\t\t\t\t<div class=\"elementor-widget-container\">\n\t\t\t\t\t\t\t\t\t<p><strong><br \/>COORDENADORES: Camilla dos Santos<br \/>Nogueira, Daniel Pereira Sampaio e Renata<br \/>Couto Moreira<br \/><\/strong><span style=\"text-decoration: underline\">Alunos integrantes:<br \/><\/span><\/p><ul class=\"appsElementsGenerativeaiAstList\"><li class=\"appsElementsGenerativeaiAstAnimated\"><span class=\"appsElementsGenerativeaiAstAnimated\" data-ast-node-id=\"23\">Arthur Mariano Soares<\/span><\/li><li class=\"appsElementsGenerativeaiAstAnimated\"><span class=\"appsElementsGenerativeaiAstAnimated\" data-ast-node-id=\"24\">Danielle Vieira Ladislau<\/span><\/li><li class=\"appsElementsGenerativeaiAstAnimated\"><span class=\"appsElementsGenerativeaiAstAnimated\" data-ast-node-id=\"25\">Gustavo Gomes de Almeida<\/span><\/li><li class=\"appsElementsGenerativeaiAstAnimated\"><span class=\"appsElementsGenerativeaiAstAnimated\" data-ast-node-id=\"26\">Jo\u00e3o Henrique da Silva Nascimento<\/span><\/li><li class=\"appsElementsGenerativeaiAstAnimated\"><span class=\"appsElementsGenerativeaiAstAnimated\" data-ast-node-id=\"27\">Julia Ricas Nunes Pereira<\/span><\/li><li class=\"appsElementsGenerativeaiAstAnimated\"><span class=\"appsElementsGenerativeaiAstAnimated\" data-ast-node-id=\"28\">Let\u00edcia Dias da Silva Gon\u00e7alves<\/span><\/li><li class=\"appsElementsGenerativeaiAstAnimated\"><span class=\"appsElementsGenerativeaiAstAnimated\" data-ast-node-id=\"29\">Wallace Alves Cearense<\/span><\/li><\/ul>\t\t\t\t\t\t\t\t<\/div>\n\t\t\t\t<\/div>\n\t\t\t\t\t<\/div>\n\t\t<\/div>\n\t\t\t\t<div class=\"elementor-column elementor-col-33 elementor-top-column elementor-element elementor-element-69e3b02\" data-id=\"69e3b02\" data-element_type=\"column\" data-e-type=\"column\">\n\t\t\t<div class=\"elementor-widget-wrap elementor-element-populated\">\n\t\t\t\t\t\t<div class=\"elementor-element elementor-element-3e9719f elementor-widget__width-initial elementor-widget elementor-widget-heading\" data-id=\"3e9719f\" data-element_type=\"widget\" data-e-type=\"widget\" data-widget_type=\"heading.default\">\n\t\t\t\t<div class=\"elementor-widget-container\">\n\t\t\t\t\t<h2 class=\"elementor-heading-title elementor-size-default\">Infla\u00e7\u00e3o, Pol\u00edtica Monet\u00e1ria &amp; Pol\u00edtica Fiscal<\/h2>\t\t\t\t<\/div>\n\t\t\t\t<\/div>\n\t\t\t\t<div class=\"elementor-element elementor-element-92c2aeb elementor-widget__width-initial elementor-widget elementor-widget-text-editor\" data-id=\"92c2aeb\" data-element_type=\"widget\" data-e-type=\"widget\" data-widget_type=\"text-editor.default\">\n\t\t\t\t<div class=\"elementor-widget-container\">\n\t\t\t\t\t\t\t\t\t<p style=\"text-align: left\"><br \/><strong>COORDENADORES: Neide Cesar Vargas, Lucas de Carvalho Sancho Silva e Henrique Rog\u00ea Batista<br \/><\/strong><span style=\"text-decoration: underline\">Alunos integrantes:<br \/><\/span><\/p><ul class=\"appsElementsGenerativeaiAstList\"><li class=\"appsElementsGenerativeaiAstAnimated\"><span class=\"appsElementsGenerativeaiAstAnimated\" data-ast-node-id=\"4\">\u00c9rick Magioni Brito<\/span><\/li><li class=\"appsElementsGenerativeaiAstAnimated\"><span class=\"appsElementsGenerativeaiAstAnimated\" data-ast-node-id=\"5\">Guilherme Chagas Gomide Muniz<\/span><\/li><li class=\"appsElementsGenerativeaiAstAnimated\"><span class=\"appsElementsGenerativeaiAstAnimated\" data-ast-node-id=\"6\">Guilherme da Silva de Brito<\/span><\/li><li class=\"appsElementsGenerativeaiAstAnimated\"><span class=\"appsElementsGenerativeaiAstAnimated\" data-ast-node-id=\"7\">Helena Guimar\u00e3es Alves Sena<\/span><\/li><li class=\"appsElementsGenerativeaiAstAnimated\"><span class=\"appsElementsGenerativeaiAstAnimated\" data-ast-node-id=\"8\">Iago Rodrigo de Souza Pires Grillo<\/span><\/li><li class=\"appsElementsGenerativeaiAstAnimated\"><span class=\"appsElementsGenerativeaiAstAnimated\" data-ast-node-id=\"9\">Marllon Leonardo Pickhardt<\/span><\/li><li class=\"appsElementsGenerativeaiAstAnimated\"><span class=\"appsElementsGenerativeaiAstAnimated\" data-ast-node-id=\"10\">Maycon Ricardo Carneiro Brendler<\/span><\/li><li class=\"appsElementsGenerativeaiAstAnimated\"><span class=\"appsElementsGenerativeaiAstAnimated\" data-ast-node-id=\"11\">Nickolas Henrique Santos<\/span><\/li><li class=\"appsElementsGenerativeaiAstAnimated\"><span class=\"appsElementsGenerativeaiAstAnimated\" data-ast-node-id=\"12\">Pedro Henrique Cassimiro Almeida<\/span><\/li><li class=\"appsElementsGenerativeaiAstAnimated\"><span class=\"appsElementsGenerativeaiAstAnimated\" data-ast-node-id=\"13\">Pedro Henrique Passos da Silva<\/span><\/li><\/ul>\t\t\t\t\t\t\t\t<\/div>\n\t\t\t\t<\/div>\n\t\t\t\t\t<\/div>\n\t\t<\/div>\n\t\t\t\t\t<\/div>\n\t\t<\/section>\n\t\t\t\t<\/div>\n\t\t","protected":false},"excerpt":{"rendered":"<p>Mercado de trabalho COORDENADORA: Arelys EsquenaziBorregoAlunos integrantes: Arthur Buffon Rodrigues Viana Hemille Barbosa Uch\u00f4a J\u00falia Veronez de Oliveira Lissia Louzada [&hellip;]<\/p>\n","protected":false},"author":383,"featured_media":0,"parent":0,"menu_order":0,"comment_status":"closed","ping_status":"closed","template":"","meta":{"_bbp_topic_count":0,"_bbp_reply_count":0,"_bbp_total_topic_count":0,"_bbp_total_reply_count":0,"_bbp_voice_count":0,"_bbp_anonymous_reply_count":0,"_bbp_topic_count_hidden":0,"_bbp_reply_count_hidden":0,"_bbp_forum_subforum_count":0,"_uag_custom_page_level_css":"","site-sidebar-layout":"default","site-content-layout":"","ast-site-content-layout":"default","site-content-style":"default","site-sidebar-style":"default","ast-global-header-display":"","ast-banner-title-visibility":"","ast-main-header-display":"","ast-hfb-above-header-display":"","ast-hfb-below-header-display":"","ast-hfb-mobile-header-display":"","site-post-title":"disabled","ast-breadcrumbs-content":"","ast-featured-img":"","footer-sml-layout":"","ast-disable-related-posts":"","theme-transparent-header-meta":"","adv-header-id-meta":"","stick-header-meta":"","header-above-stick-meta":"","header-main-stick-meta":"","header-below-stick-meta":"","astra-migrate-meta-layouts":"default","ast-page-background-enabled":"default","ast-page-background-meta":{"desktop":{"background-color":"var(--ast-global-color-5)","background-image":"","background-repeat":"repeat","background-position":"center center","background-size":"auto","background-attachment":"scroll","background-type":"","background-media":"","overlay-type":"","overlay-color":"","overlay-opacity":"","overlay-gradient":""},"tablet":{"background-color":"","background-image":"","background-repeat":"repeat","background-position":"center center","background-size":"auto","background-attachment":"scroll","background-type":"","background-media":"","overlay-type":"","overlay-color":"","overlay-opacity":"","overlay-gradient":""},"mobile":{"background-color":"","background-image":"","background-repeat":"repeat","background-position":"center center","background-size":"auto","background-attachment":"scroll","background-type":"","background-media":"","overlay-type":"","overlay-color":"","overlay-opacity":"","overlay-gradient":""}},"ast-content-background-meta":{"desktop":{"background-color":"var(--ast-global-color-4)","background-image":"","background-repeat":"repeat","background-position":"center center","background-size":"auto","background-attachment":"scroll","background-type":"","background-media":"","overlay-type":"","overlay-color":"","overlay-opacity":"","overlay-gradient":""},"tablet":{"background-color":"var(--ast-global-color-4)","background-image":"","background-repeat":"repeat","background-position":"center center","background-size":"auto","background-attachment":"scroll","background-type":"","background-media":"","overlay-type":"","overlay-color":"","overlay-opacity":"","overlay-gradient":""},"mobile":{"background-color":"var(--ast-global-color-4)","background-image":"","background-repeat":"repeat","background-position":"center center","background-size":"auto","background-attachment":"scroll","background-type":"","background-media":"","overlay-type":"","overlay-color":"","overlay-opacity":"","overlay-gradient":""}},"footnotes":""},"class_list":["post-1309","page","type-page","status-publish","hentry"],"uagb_featured_image_src":{"full":false,"thumbnail":false,"medium":false,"medium_large":false,"large":false,"1536x1536":false,"2048x2048":false},"uagb_author_info":{"display_name":"Luiz Carlos Santos","author_link":"https:\/\/blog.ufes.br\/grupodeconjunturaufes\/author\/luiz_carlos-santos-de-jesus\/"},"uagb_comment_info":0,"uagb_excerpt":"Mercado de trabalho COORDENADORA: Arelys EsquenaziBorregoAlunos integrantes: Arthur Buffon Rodrigues Viana Hemille Barbosa Uch\u00f4a J\u00falia Veronez de Oliveira Lissia Louzada [&hellip;]","_links":{"self":[{"href":"https:\/\/blog.ufes.br\/grupodeconjunturaufes\/wp-json\/wp\/v2\/pages\/1309","targetHints":{"allow":["GET"]}}],"collection":[{"href":"https:\/\/blog.ufes.br\/grupodeconjunturaufes\/wp-json\/wp\/v2\/pages"}],"about":[{"href":"https:\/\/blog.ufes.br\/grupodeconjunturaufes\/wp-json\/wp\/v2\/types\/page"}],"author":[{"embeddable":true,"href":"https:\/\/blog.ufes.br\/grupodeconjunturaufes\/wp-json\/wp\/v2\/users\/383"}],"replies":[{"embeddable":true,"href":"https:\/\/blog.ufes.br\/grupodeconjunturaufes\/wp-json\/wp\/v2\/comments?post=1309"}],"version-history":[{"count":141,"href":"https:\/\/blog.ufes.br\/grupodeconjunturaufes\/wp-json\/wp\/v2\/pages\/1309\/revisions"}],"predecessor-version":[{"id":4064,"href":"https:\/\/blog.ufes.br\/grupodeconjunturaufes\/wp-json\/wp\/v2\/pages\/1309\/revisions\/4064"}],"wp:attachment":[{"href":"https:\/\/blog.ufes.br\/grupodeconjunturaufes\/wp-json\/wp\/v2\/media?parent=1309"}],"curies":[{"name":"wp","href":"https:\/\/api.w.org\/{rel}","templated":true}]}}