{"id":18,"date":"2020-03-13T15:26:38","date_gmt":"2020-03-13T18:26:38","guid":{"rendered":"http:\/\/blog.ufes.br\/grupodeconjunturaufes\/?page_id=18"},"modified":"2025-08-27T00:01:54","modified_gmt":"2025-08-27T03:01:54","slug":"sobre","status":"publish","type":"page","link":"https:\/\/blog.ufes.br\/grupodeconjunturaufes\/sobre\/","title":{"rendered":"Sobre"},"content":{"rendered":"\t\t<div data-elementor-type=\"wp-page\" data-elementor-id=\"18\" class=\"elementor elementor-18\">\n\t\t\t\t\t\t<section class=\"elementor-section elementor-top-section elementor-element elementor-element-25f77afc elementor-section-boxed elementor-section-height-default elementor-section-height-default\" data-id=\"25f77afc\" data-element_type=\"section\" data-e-type=\"section\">\n\t\t\t\t\t\t<div class=\"elementor-container elementor-column-gap-default\">\n\t\t\t\t\t<div class=\"elementor-column elementor-col-100 elementor-top-column elementor-element elementor-element-71ded512\" data-id=\"71ded512\" data-element_type=\"column\" data-e-type=\"column\">\n\t\t\t<div class=\"elementor-widget-wrap elementor-element-populated\">\n\t\t\t\t\t\t<div class=\"elementor-element elementor-element-6dd957b8 elementor-widget elementor-widget-text-editor\" data-id=\"6dd957b8\" data-element_type=\"widget\" data-e-type=\"widget\" data-widget_type=\"text-editor.default\">\n\t\t\t\t<div class=\"elementor-widget-container\">\n\t\t\t\t\t\t\t\t\t<p class=\"has-text-align-left\" style=\"text-align: justify\"><span style=\"color: #19296b\"><strong>Sobre o Grupo de Estudos e Pesquisa em Conjuntura &#8211; CCJE\/UFES<\/strong><\/span><\/p>\n<p class=\"has-text-align-left\" style=\"text-align: left\"><span style=\"color: #000000\">O Grupo de Estudos e Pesquisa em Conjuntura do Departamento de Economia da Universidade federal do Esp\u00edrito Santo (Ufes) iniciou suas atividades em novembro de 1997, nas depend\u00eancias do Departamento de Economia do CCJE \u2013 UFES. S\u00e3o mais de vinte anos de trabalho de forma\u00e7\u00e3o em uma das mais importantes e demandadas fun\u00e7\u00f5es de um economista: a an\u00e1lise de conjuntura econ\u00f4mica.<\/span><\/p>\n<p style=\"text-align: left\"><span style=\"color: #000000\"><!-- \/wp:paragraph --><!-- wp:paragraph --><\/span><\/p>\n<p style=\"text-align: left\"><span style=\"color: #000000\">Criado pelos professores Paulo Nakatani e Fabr\u00edcio Augusto de Oliveira, o grupo teve, ao longo de sua exist\u00eancia, a participa\u00e7\u00e3o de v\u00e1rios professores, alunos e servidores t\u00e9cnico-administrativos. Ao todo, publicamos 61 boletins de conjuntura (\u00faltima vers\u00e3o 2019\/2), sendo um material hist\u00f3rico da conjuntura nacional de extrema relev\u00e2ncia. At\u00e9 ent\u00e3o, o grupo contou com a participa\u00e7\u00e3o de 1.000 estudantes e mais de 1.000 ouvintes. Totalizando, portanto, mais de 2.000 estudantes que tiveram contato com a forma de se fazer uma an\u00e1lise de conjuntura com qualidade. Reconhecida por pessoas que residem em nosso estado, nos demais estados da federa\u00e7\u00e3o e mesmo fora do pa\u00eds.<\/span><\/p>\n<p style=\"text-align: left\"><span style=\"color: #000000\"><!-- \/wp:paragraph --><!-- wp:paragraph --><\/span><\/p>\n<p style=\"text-align: left\"><span style=\"color: #000000\">Os docentes e discentes participantes buscam em entender e debater a conjuntura nacional e local. Nosso objeto de trabalho \u00e9 acompanhar o movimento cotidiano das decis\u00f5es de pol\u00edtica econ\u00f4mica e a din\u00e2mica de funcionamento dos diversos mercados. Isto \u00e9 feito a partir dos indicadores fornecidos continuamente por v\u00e1rias fontes de m\u00eddia e pelos diversos institutos de estat\u00edstica, p\u00fablicos e privados. O debate em torno dos indicadores permite a elabora\u00e7\u00e3o de an\u00e1lises pr\u00f3prias do grupo.<\/span><\/p>\n<p style=\"text-align: left\"><span style=\"color: #000000\"><!-- \/wp:paragraph --><!-- wp:paragraph --><\/span><\/p>\n<p style=\"text-align: left\"><span style=\"color: #000000\">Cabe frisar que este grupo representa uma forma cl\u00e1ssica de jun\u00e7\u00e3o dos eixos de forma\u00e7\u00e3o b\u00e1sicos envolvendo aspectos hist\u00f3ricos, te\u00f3ricos, estat\u00edsticos. Pois, assim, pensamos ser feita a an\u00e1lise de fen\u00f4menos concretos da economia brasileira, consolidando uma necess\u00e1ria e desej\u00e1vel forma\u00e7\u00e3o geral dos estudantes de economia participantes do grupo terem uma vis\u00e3o ampla e cr\u00edtica em torno da an\u00e1lise da conjuntura econ\u00f4mica.<\/span><\/p>\n<p style=\"text-align: left\"><span style=\"color: #000000\"><!-- \/wp:paragraph --><!-- wp:paragraph --><\/span><\/p>\n<p style=\"text-align: left\"><span style=\"color: #000000\">Periodicamente o grupo publica boletins de conjuntura, que s\u00e3o escritos por alunos do curso de gradua\u00e7\u00e3o em Ci\u00eancias Econ\u00f4micas da UFES e revisados pelos professores. O boletim de conjuntura teve periodicidade variada ao longo dos anos. Inicialmente bimestral, passou-se a uma tiragem trimestral, sendo semestral desde 2007.<\/span><\/p>\n<p style=\"text-align: left\"><span style=\"color: #000000\"><!-- \/wp:paragraph --><!-- wp:paragraph --><\/span><\/p>\n<p style=\"text-align: left\"><span style=\"color: #000000\">A forma de divulga\u00e7\u00e3o inicial do boletim era impressa e entregue em v\u00e1rios \u00f3rg\u00e3os representativos do Esp\u00edrito Santo, al\u00e9m da Ufes. Eram os pr\u00f3prios estudantes e professores que iam nos \u00f3rg\u00e3os listados. Contudo, as novas tecnologias de comunica\u00e7\u00e3o geraram mudan\u00e7as na forma de divulga\u00e7\u00e3o do grupo, de suas atividades e intera\u00e7\u00e3o com o p\u00fablico, como nossa p\u00e1gina no Facebook e na internet. Essas mudan\u00e7as, junto com a crise do financiamento das Universidades federais, implicaram na descontinuidade da vers\u00e3o impressa.<\/span><\/p>\n<p style=\"text-align: left\"><span style=\"color: #000000\"><!-- \/wp:paragraph --><!-- wp:paragraph --><\/span><\/p>\n<p style=\"text-align: left\"><span style=\"color: #000000\">Por fim, outra forma importante de divulga\u00e7\u00e3o do trabalho do grupo e intera\u00e7\u00e3o com a comunidade externa, s\u00e3o as reuni\u00f5es semanais, que ocorrem as sextas-feiras, das 11h at\u00e9 12h, em geral, na sala 408 do Ed IV do CCJE\/UFES. Ali\u00e1s, contamos com 60 integrantes ouvintes que, somados aos participantes do grupo, totalizam 90 estudantes no atual semestre letivo.<\/span><\/p>\n<p style=\"text-align: left\"><span style=\"color: #000000\"><!-- \/wp:paragraph --><!-- wp:list --><\/span><\/p>\n<ul style=\"text-align: left\">\n<li><span style=\"color: #000000\">Principais atividades do Grupo de Conjuntura na atualidade:\u00a0 \u00a0 \u00a0 \u00a0 \u00a0 \u00a0 \u00a0 \u00a0 \u00a0 \u00a0 \u00a0 \u00a0 \u00a0 \u00a0 \u00a0 \u00a0 \u00a0 \u00a0 \u00a0 \u00a0 \u00a0 \u00a0 <strong>\u2022\u00a0<\/strong>Publica\u00e7\u00e3o peri\u00f3dica de Boletins de Conjuntura que analisa as principais vari\u00e1veis macroecon\u00f4micas nas seguintes \u00e1reas: Pol\u00edtica Econ\u00f4mica, Infla\u00e7\u00e3o, N\u00edvel de Atividade, Empregos e Sal\u00e1rios, Pol\u00edtica Fiscal, Pol\u00edtica Monet\u00e1ria e Setor;\u00a0 \u00a0 \u00a0 \u00a0 \u00a0 \u00a0 \u00a0 \u00a0 \u00a0 \u00a0 \u00a0 \u00a0 <strong>\u2022<\/strong>Divulga\u00e7\u00e3o de materiais nas redes sociais (Facebook\u00a0e <a style=\"color: #000000\" href=\"https:\/\/www.instagram.com\/conjunturaufes\/\">Instagram<\/a>), bem como divulga\u00e7\u00e3o de colunas jornal\u00edsticas, elaboradas por professores e especialistas, em sites e blogs;\u00a0 \u00a0 \u00a0 \u00a0 \u00a0 \u00a0 \u00a0 \u00a0 \u00a0 \u00a0 \u00a0 \u00a0 \u00a0 \u00a0 \u00a0 \u00a0 \u00a0 \u00a0 \u00a0 \u00a0 \u00a0 \u00a0 \u00a0 \u00a0 \u00a0 \u00a0 \u00a0 \u00a0 \u00a0 \u00a0 \u00a0 \u00a0 \u00a0 \u00a0 \u00a0 \u00a0 \u00a0 \u00a0 \u00a0 \u00a0 \u00a0 \u00a0 \u00a0 \u00a0 \u00a0 \u00a0 \u00a0 \u00a0 \u00a0 \u00a0 \u00a0 \u00a0 \u00a0 \u00a0 \u00a0 \u00a0 \u00a0 \u00a0 \u00a0 \u00a0 \u00a0 \u00a0 \u00a0 \u00a0 \u00a0 \u00a0 \u00a0 \u00a0 \u00a0 \u00a0 \u00a0 \u00a0 <strong>\u2022<\/strong> Realiza\u00e7\u00e3o de reuni\u00f5es semanais nas depend\u00eancias do CCJE abertas para toda a comunidade.<\/span><\/li>\n<\/ul>\n<p style=\"text-align: left\"><span style=\"color: #000000\"><!-- \/wp:list --><!-- wp:paragraph --><\/span><\/p>\n<p style=\"text-align: left\"><span style=\"color: #000000\"><strong>Professores participantes (2025\/02):\u00a0<\/strong><\/span><\/p>\n<p style=\"text-align: left\"><span style=\"color: #000000\"><!-- \/wp:paragraph --><!-- wp:paragraph --><\/span><\/p>\n<p style=\"text-align: left\"><span style=\"font-weight: 400;color: #000000\">Professores: Vin\u00edcius Pereira, Renata Couto Moreira, Neide C\u00e9sar Vargas, Gustavo Moura, Camilla Nogueira, Arelys Borrego, Ana Paula Colombi<\/span><\/p>\n<p style=\"text-align: left\"><span style=\"color: #000000\"><!-- \/wp:paragraph --><!-- wp:paragraph --><\/span><\/p>\n<p style=\"text-align: left\"><span style=\"color: #000000\"><strong>Participe das atividades do Grupo de Conjuntura e saiba mais sobre a Economia Brasileira!<\/strong><\/span><\/p>\n<p style=\"text-align: left\"><span style=\"color: #000000\"><!-- \/wp:paragraph --><!-- wp:paragraph --><\/span><\/p>\n<p style=\"text-align: left\"><span style=\"color: #000000\"><strong>Entre em contato:<\/strong> conjunturaufes2016@gmail.com<\/span><\/p>\n<p><!-- \/wp:paragraph --><\/p>\t\t\t\t\t\t\t\t<\/div>\n\t\t\t\t<\/div>\n\t\t\t\t\t<\/div>\n\t\t<\/div>\n\t\t\t\t\t<\/div>\n\t\t<\/section>\n\t\t\t\t<\/div>\n\t\t","protected":false},"excerpt":{"rendered":"<p>Sobre o Grupo de Estudos e Pesquisa em Conjuntura &#8211; CCJE\/UFES O Grupo de Estudos e Pesquisa em Conjuntura do [&hellip;]<\/p>\n","protected":false},"author":382,"featured_media":0,"parent":0,"menu_order":0,"comment_status":"closed","ping_status":"closed","template":"","meta":{"_bbp_topic_count":0,"_bbp_reply_count":0,"_bbp_total_topic_count":0,"_bbp_total_reply_count":0,"_bbp_voice_count":0,"_bbp_anonymous_reply_count":0,"_bbp_topic_count_hidden":0,"_bbp_reply_count_hidden":0,"_bbp_forum_subforum_count":0,"_uag_custom_page_level_css":"","site-sidebar-layout":"default","site-content-layout":"","ast-site-content-layout":"default","site-content-style":"default","site-sidebar-style":"default","ast-global-header-display":"","ast-banner-title-visibility":"","ast-main-header-display":"","ast-hfb-above-header-display":"","ast-hfb-below-header-display":"","ast-hfb-mobile-header-display":"","site-post-title":"","ast-breadcrumbs-content":"","ast-featured-img":"","footer-sml-layout":"","ast-disable-related-posts":"","theme-transparent-header-meta":"","adv-header-id-meta":"","stick-header-meta":"","header-above-stick-meta":"","header-main-stick-meta":"","header-below-stick-meta":"","astra-migrate-meta-layouts":"default","ast-page-background-enabled":"default","ast-page-background-meta":{"desktop":{"background-color":"var(--ast-global-color-5)","background-image":"","background-repeat":"repeat","background-position":"center center","background-size":"auto","background-attachment":"scroll","background-type":"","background-media":"","overlay-type":"","overlay-color":"","overlay-opacity":"","overlay-gradient":""},"tablet":{"background-color":"","background-image":"","background-repeat":"repeat","background-position":"center center","background-size":"auto","background-attachment":"scroll","background-type":"","background-media":"","overlay-type":"","overlay-color":"","overlay-opacity":"","overlay-gradient":""},"mobile":{"background-color":"","background-image":"","background-repeat":"repeat","background-position":"center center","background-size":"auto","background-attachment":"scroll","background-type":"","background-media":"","overlay-type":"","overlay-color":"","overlay-opacity":"","overlay-gradient":""}},"ast-content-background-meta":{"desktop":{"background-color":"var(--ast-global-color-4)","background-image":"","background-repeat":"repeat","background-position":"center center","background-size":"auto","background-attachment":"scroll","background-type":"","background-media":"","overlay-type":"","overlay-color":"","overlay-opacity":"","overlay-gradient":""},"tablet":{"background-color":"var(--ast-global-color-4)","background-image":"","background-repeat":"repeat","background-position":"center center","background-size":"auto","background-attachment":"scroll","background-type":"","background-media":"","overlay-type":"","overlay-color":"","overlay-opacity":"","overlay-gradient":""},"mobile":{"background-color":"var(--ast-global-color-4)","background-image":"","background-repeat":"repeat","background-position":"center center","background-size":"auto","background-attachment":"scroll","background-type":"","background-media":"","overlay-type":"","overlay-color":"","overlay-opacity":"","overlay-gradient":""}},"footnotes":""},"class_list":["post-18","page","type-page","status-publish","hentry"],"uagb_featured_image_src":{"full":false,"thumbnail":false,"medium":false,"medium_large":false,"large":false,"1536x1536":false,"2048x2048":false},"uagb_author_info":{"display_name":"ana.colombi","author_link":"https:\/\/blog.ufes.br\/grupodeconjunturaufes\/author\/ana-colombi\/"},"uagb_comment_info":0,"uagb_excerpt":"Sobre o Grupo de Estudos e Pesquisa em Conjuntura &#8211; CCJE\/UFES O Grupo de Estudos e Pesquisa em Conjuntura do [&hellip;]","_links":{"self":[{"href":"https:\/\/blog.ufes.br\/grupodeconjunturaufes\/wp-json\/wp\/v2\/pages\/18","targetHints":{"allow":["GET"]}}],"collection":[{"href":"https:\/\/blog.ufes.br\/grupodeconjunturaufes\/wp-json\/wp\/v2\/pages"}],"about":[{"href":"https:\/\/blog.ufes.br\/grupodeconjunturaufes\/wp-json\/wp\/v2\/types\/page"}],"author":[{"embeddable":true,"href":"https:\/\/blog.ufes.br\/grupodeconjunturaufes\/wp-json\/wp\/v2\/users\/382"}],"replies":[{"embeddable":true,"href":"https:\/\/blog.ufes.br\/grupodeconjunturaufes\/wp-json\/wp\/v2\/comments?post=18"}],"version-history":[{"count":48,"href":"https:\/\/blog.ufes.br\/grupodeconjunturaufes\/wp-json\/wp\/v2\/pages\/18\/revisions"}],"predecessor-version":[{"id":3002,"href":"https:\/\/blog.ufes.br\/grupodeconjunturaufes\/wp-json\/wp\/v2\/pages\/18\/revisions\/3002"}],"wp:attachment":[{"href":"https:\/\/blog.ufes.br\/grupodeconjunturaufes\/wp-json\/wp\/v2\/media?parent=18"}],"curies":[{"name":"wp","href":"https:\/\/api.w.org\/{rel}","templated":true}]}}

<div data-elementor-type="wp-page" data-elementor-id="18" class="elementor elementor-18">
						<section class="elementor-section elementor-top-section elementor-element elementor-element-25f77afc elementor-section-boxed elementor-section-height-default elementor-section-height-default" data-id="25f77afc" data-element_type="section" data-e-type="section">
						<div class="elementor-container elementor-column-gap-default">
					<div class="elementor-column elementor-col-100 elementor-top-column elementor-element elementor-element-71ded512" data-id="71ded512" data-element_type="column" data-e-type="column">
			<div class="elementor-widget-wrap elementor-element-populated">
						<div class="elementor-element elementor-element-6dd957b8 elementor-widget elementor-widget-text-editor" data-id="6dd957b8" data-element_type="widget" data-e-type="widget" data-widget_type="text-editor.default">
				<div class="elementor-widget-container">
									<p class="has-text-align-left" style="text-align: justify"><span style="color: #19296b"><strong>Sobre o Grupo de Estudos e Pesquisa em Conjuntura &#8211; CCJE/UFES</strong></span></p>
<p class="has-text-align-left" style="text-align: left"><span style="color: #000000">O Grupo de Estudos e Pesquisa em Conjuntura do Departamento de Economia da Universidade federal do Espírito Santo (Ufes) iniciou suas atividades em novembro de 1997, nas dependências do Departamento de Economia do CCJE – UFES. São mais de vinte anos de trabalho de formação em uma das mais importantes e demandadas funções de um economista: a análise de conjuntura econômica.</span></p>
<p style="text-align: left"><span style="color: #000000"><!-- /wp:paragraph --><!-- wp:paragraph --></span></p>
<p style="text-align: left"><span style="color: #000000">Criado pelos professores Paulo Nakatani e Fabrício Augusto de Oliveira, o grupo teve, ao longo de sua existência, a participação de vários professores, alunos e servidores técnico-administrativos. Ao todo, publicamos 61 boletins de conjuntura (última versão 2019/2), sendo um material histórico da conjuntura nacional de extrema relevância. Até então, o grupo contou com a participação de 1.000 estudantes e mais de 1.000 ouvintes. Totalizando, portanto, mais de 2.000 estudantes que tiveram contato com a forma de se fazer uma análise de conjuntura com qualidade. Reconhecida por pessoas que residem em nosso estado, nos demais estados da federação e mesmo fora do país.</span></p>
<p style="text-align: left"><span style="color: #000000"><!-- /wp:paragraph --><!-- wp:paragraph --></span></p>
<p style="text-align: left"><span style="color: #000000">Os docentes e discentes participantes buscam em entender e debater a conjuntura nacional e local. Nosso objeto de trabalho é acompanhar o movimento cotidiano das decisões de política econômica e a dinâmica de funcionamento dos diversos mercados. Isto é feito a partir dos indicadores fornecidos continuamente por várias fontes de mídia e pelos diversos institutos de estatística, públicos e privados. O debate em torno dos indicadores permite a elaboração de análises próprias do grupo.</span></p>
<p style="text-align: left"><span style="color: #000000"><!-- /wp:paragraph --><!-- wp:paragraph --></span></p>
<p style="text-align: left"><span style="color: #000000">Cabe frisar que este grupo representa uma forma clássica de junção dos eixos de formação básicos envolvendo aspectos históricos, teóricos, estatísticos. Pois, assim, pensamos ser feita a análise de fenômenos concretos da economia brasileira, consolidando uma necessária e desejável formação geral dos estudantes de economia participantes do grupo terem uma visão ampla e crítica em torno da análise da conjuntura econômica.</span></p>
<p style="text-align: left"><span style="color: #000000"><!-- /wp:paragraph --><!-- wp:paragraph --></span></p>
<p style="text-align: left"><span style="color: #000000">Periodicamente o grupo publica boletins de conjuntura, que são escritos por alunos do curso de graduação em Ciências Econômicas da UFES e revisados pelos professores. O boletim de conjuntura teve periodicidade variada ao longo dos anos. Inicialmente bimestral, passou-se a uma tiragem trimestral, sendo semestral desde 2007.</span></p>
<p style="text-align: left"><span style="color: #000000"><!-- /wp:paragraph --><!-- wp:paragraph --></span></p>
<p style="text-align: left"><span style="color: #000000">A forma de divulgação inicial do boletim era impressa e entregue em vários órgãos representativos do Espírito Santo, além da Ufes. Eram os próprios estudantes e professores que iam nos órgãos listados. Contudo, as novas tecnologias de comunicação geraram mudanças na forma de divulgação do grupo, de suas atividades e interação com o público, como nossa página no Facebook e na internet. Essas mudanças, junto com a crise do financiamento das Universidades federais, implicaram na descontinuidade da versão impressa.</span></p>
<p style="text-align: left"><span style="color: #000000"><!-- /wp:paragraph --><!-- wp:paragraph --></span></p>
<p style="text-align: left"><span style="color: #000000">Por fim, outra forma importante de divulgação do trabalho do grupo e interação com a comunidade externa, são as reuniões semanais, que ocorrem as sextas-feiras, das 11h até 12h, em geral, na sala 408 do Ed IV do CCJE/UFES. Aliás, contamos com 60 integrantes ouvintes que, somados aos participantes do grupo, totalizam 90 estudantes no atual semestre letivo.</span></p>
<p style="text-align: left"><span style="color: #000000"><!-- /wp:paragraph --><!-- wp:list --></span></p>
<ul style="text-align: left">
<li><span style="color: #000000">Principais atividades do Grupo de Conjuntura na atualidade:                                            <strong>• </strong>Publicação periódica de Boletins de Conjuntura que analisa as principais variáveis macroeconômicas nas seguintes áreas: Política Econômica, Inflação, Nível de Atividade, Empregos e Salários, Política Fiscal, Política Monetária e Setor;                        <strong>•</strong>Divulgação de materiais nas redes sociais (Facebook e <a style="color: #000000" href="https://www.instagram.com/conjunturaufes/">Instagram</a>), bem como divulgação de colunas jornalísticas, elaboradas por professores e especialistas, em sites e blogs;                                                                                                                                                <strong>•</strong> Realização de reuniões semanais nas dependências do CCJE abertas para toda a comunidade.</span></li>
</ul>
<p style="text-align: left"><span style="color: #000000"><!-- /wp:list --><!-- wp:paragraph --></span></p>
<p style="text-align: left"><span style="color: #000000"><strong>Professores participantes (2025/02): </strong></span></p>
<p style="text-align: left"><span style="color: #000000"><!-- /wp:paragraph --><!-- wp:paragraph --></span></p>
<p style="text-align: left"><span style="font-weight: 400;color: #000000">Professores: Vinícius Pereira, Renata Couto Moreira, Neide César Vargas, Gustavo Moura, Camilla Nogueira, Arelys Borrego, Ana Paula Colombi</span></p>
<p style="text-align: left"><span style="color: #000000"><!-- /wp:paragraph --><!-- wp:paragraph --></span></p>
<p style="text-align: left"><span style="color: #000000"><strong>Participe das atividades do Grupo de Conjuntura e saiba mais sobre a Economia Brasileira!</strong></span></p>
<p style="text-align: left"><span style="color: #000000"><!-- /wp:paragraph --><!-- wp:paragraph --></span></p>
<p style="text-align: left"><span style="color: #000000"><strong>Entre em contato:</strong> conjunturaufes2016@gmail.com</span></p>
<p><!-- /wp:paragraph --></p>								</div>
				</div>
					</div>
		</div>
					</div>
		</section>
				</div>
