{"id":237,"date":"2019-04-04T17:41:17","date_gmt":"2019-04-04T20:41:17","guid":{"rendered":"http:\/\/blog.ufes.br\/intercomsudeste\/?page_id=237"},"modified":"2019-04-04T18:30:46","modified_gmt":"2019-04-04T21:30:46","slug":"duvidas-frequentes","status":"publish","type":"page","link":"https:\/\/blog.ufes.br\/intercomsudeste\/duvidas-frequentes\/","title":{"rendered":"D\u00favidas"},"content":{"rendered":"\n<h5 class=\"wp-block-heading\">Est\u00e1 se preparando para vir ao Intercom Sudeste 2019 mas ainda tem d\u00favidas? Preparamos um guia com os questionamentos mais frequentes:<\/h5>\n\n\n\n<p><strong>Posso me inscrever no dia do evento?<br><\/strong>N\u00e3o. Voc\u00ea deve se cadastrar previamente. O calend\u00e1rio de inscri\u00e7\u00f5es e informa\u00e7\u00f5es sobre as taxas est\u00e3o dispon\u00edveis em:&nbsp;<a href=\"https:\/\/l.facebook.com\/l.php?u=https%3A%2F%2Fbit.ly%2FCalend%C3%A1rioeTaxas%3Ffbclid%3DIwAR1ttDGufOFXzQHaXrzjx0Z9Oq5SNk9xtSGjjGBpS0iOa_eBWWNRqBg9x3g&amp;h=AT2GEAjA9tPaOzXXnqbK8lgyifMj3-0a00yCPmkjF4i5KyeHqrXdRavK1PtRDNgfkBn52UZCuGxPm_arFhwj8SFUJ8U6SZi_-BvYzVpjKUGuEhfz-llmmLdsV3UNw_0416vXy6aKbf21Ov6CNJqEOqeW9fsdoeD_mTmBfFRFy3r-AqkR71FKm_GHwRSqn9RuRM9z6xNfPBZRR4ogLvXUlp0gaHG6TozgKCu88fgxs80F-y2E6sJ4hDz2Vz4CskfwBbYHDWtmcte9UOYTul753xu3n21NzHWYUEkVfS7FK8JZTeh8Fjy9SdcvFzEB8FOhCrCPSHiai3FCu2smQ1Bgw6XFlR0TdmmgT1KKYTL2ASG5IOUfXEa8aA8n5TuYXpf-6xA6eaaf_ng2gyjqH02wXCEUD0qHXtjkK4gqokPnFsjOyLxWtqLanAKx9xi78m7M97rRkgB995S8PmO4PkfNqakPed9PsBIMghgxuVNBp-FyZrRAh2CMgF-ip9EN_vioD8c5eLAAhDMK5GPYRhV47K_lBuVgFeFQC_FG6hC7QV77PmFPJJhAlR4Eg9WdshLqBhz8LdAEbzu7H-vC71pCPiIExgC1EpmdlZAe1HQNe2_RQRTszHM8q1KvsVqp3kifGwl9IOtwV0EuZ75vESWWaCr544o\">bit.ly\/Calend\u00e1rioeTaxas<\/a>. Lembrando que o prazo para submiss\u00e3o de trabalhos vai at\u00e9 17\/04 (interessados em enviar trabalhos devem pagar o boleto da taxa de inscri\u00e7\u00e3o at\u00e9 12\/04) e o prazo de inscri\u00e7\u00f5es para o p\u00fablico em geral (sem apresenta\u00e7\u00e3o de trabalhos) vai at\u00e9 14\/05.<\/p>\n\n\n\n<p><strong>Como fa\u00e7o para me inscrever para o evento?<br><\/strong>Clique no link:&nbsp;<a href=\"http:\/\/www.intercom.org.br\/sis\/eventos\/regional\/novainscricao.asp?eveId=68\">INSCREVA-SE<\/a>. Voc\u00ea s\u00f3 precisa providenciar as informa\u00e7\u00f5es solicitadas, criar uma senha e clicar em ENVIAR INSCRI\u00c7\u00c3O. Para fazer o pagamento, acesse a&nbsp;<a href=\"http:\/\/www.intercom.org.br\/sis\/eventos\/regional\/index.asp?eveid=68\">\u00e1rea reservada<\/a>. Coloque o e-mail que informou na sua inscri\u00e7\u00e3o e a senha que criou. Acesse RECIBO DE PAGAMENTO, clique no link no campo \u201cdescri\u00e7\u00e3o\u201d e gere um boleto ou pague direto no cart\u00e3o. Caso deseje pagar por boleto, coloque seu CEP, n\u00famero de resid\u00eancia e, caso necess\u00e1rio, um complemento como o n\u00famero de seu apartamento. Um boleto ser\u00e1 gerado para pagamento.<\/p>\n\n\n\n<p><strong>Eu recebo a confirma\u00e7\u00e3o de que estou inscrito?<br><\/strong>Sim! Em at\u00e9 48 horas, voc\u00ea recebe uma confirma\u00e7\u00e3o. Acessando&nbsp;a&nbsp;<a href=\"http:\/\/www.intercom.org.br\/sis\/eventos\/regional\/index.asp?eveid=68\">\u00e1rea reservada<\/a>, voc\u00ea pode conferir se seu pagamento foi confirmado.<\/p>\n\n\n\n<p><strong>J\u00e1 me inscrevi! Quais documentos devo levar no dia do evento?<br><\/strong>No dia do evento, basta que o participante traga um documento com foto para a identifica\u00e7\u00e3o.<\/p>\n\n\n\n<p><strong>Quantas horas extracurriculares geram a participa\u00e7\u00e3o no Intercom?<br><\/strong>Como ouvinte, voc\u00ea ganha 30 horas pela participa\u00e7\u00e3o no evento. A apresenta\u00e7\u00e3o do trabalho acarretar\u00e1 no ganho de mais 12 horas. A participa\u00e7\u00e3o em uma oficina no evento vai render 4 horas adicionais.<\/p>\n\n\n\n<p><strong>IJ, Expocom, DTs&nbsp; \u2013 O que s\u00e3o e prazos.<br><\/strong>Os estudantes de gradua\u00e7\u00e3o e rec\u00e9m-graduados (2018-2019) podem submeter trabalhos ao Intercom J\u00fanior e \u00e0 Expocom. Entenda as diferen\u00e7as:<\/p>\n\n\n\n<p><strong>Intercom J\u00fanior (IJ)<\/strong>&nbsp;\u2013 destinado aos trabalhos elaborados nos cursos de gradua\u00e7\u00e3o, seja em projetos de inicia\u00e7\u00e3o cient\u00edfica, laborat\u00f3rios, trabalhos de campo ou oficinas experimentais e que tenham orienta\u00e7\u00e3o de um professor da respectiva institui\u00e7\u00e3o. Ementas:&nbsp;<a href=\"https:\/\/bit.ly\/EmentasIJ?fbclid=IwAR0fawF8iADK7O3cuspC7fKm88Iu88crPmJGOUMXfSeay9loDLMYiYh-tag\">bit.ly\/EmentasIJ<\/a><\/p>\n\n\n\n<p><strong>Expocom<\/strong>&nbsp;\u2013 uma exposi\u00e7\u00e3o e um pr\u00eamio destinados aos melhores trabalhos experimentais exclusivamente produzidos por alunos no \u00e2mbito da \u00e1rea de Comunica\u00e7\u00e3o. Os trabalhos devem obrigatoriamente ser realizados sob a orienta\u00e7\u00e3o de um ou mais docentes, dentro do espa\u00e7o acad\u00eamico da Institui\u00e7\u00e3o de Ensino Superior e obrigatoriamente realizados no \u00e2mbito de uma ou mais disciplinas acad\u00eamicas da estrutura curricular do curso de gradua\u00e7\u00e3o. Regulamento:&nbsp;<a href=\"https:\/\/l.facebook.com\/l.php?u=https%3A%2F%2Fbit.ly%2FRegulamentoExpocom%3Ffbclid%3DIwAR1jMQ-xvJWkMawEM-wM_Hion55_-BOfDEIm6dtFHvwHvRCWaNmr2DtILs4&amp;h=AT3DzHoxS8RM9MiJX7J6AGbklajX_-_z1GKj6HKWmuIAmaLjvbxDDImgoWOeva7FfQM795zvY_dpeoJiOZhLmJItL-pxhRWeQ4Uo-LkBxmRh_iY1wQwOLyw9AKO6nZcca3p9cwmLzmDTbf8LtIS3Ak3SoQwzIb85mmMkiZ8qC0DP6DEraRWAJDLGOvT93OKZQHTtjE0wnXvDUtmt9O8O6aJwsz1D1KjmMbrOUsEdGf6UWYFgQEMy0RbMm0WK28uh_NiNudGipXbxtBYPKP9p9ZaTr79VI5Xm-HA_ppB9c0VBfoJvngXfCiC2OzhEKsLCvAvihhnxUq6o7EFO6Dw2vmFHxvqkraxCgtDuD76F0XKoG4S_FAN-NKU99FEdVsaNys8nBUK2ZI0qJrCLKKoXQbF02U_GPVf6XrQU8q9HXK_oEgqnVHC0hdh1jDfhQ5M1ndNzhwaVHI5m_XSByykW60WHPwAvL3cEXtuLt7e3-8mWugj5B-5rKPPs6V-Cayr4ZL0g14k60g_7s3FHcPrQcxjb4AwBytFKGbJJY_Kvp4Hp-6pbfnDtJCc60jAGvtQDeq-wcXW5NT7khK6AJydhFJQSOI44Ept8qkT1vGej2_B7ZMqxYoMSuw4gAjg9jIwMpR5Fd3yva95sD1FBFf2z1-gL4iU\">bit.ly\/RegulamentoExpocom<\/a><\/p>\n\n\n\n<p>Os doutores, doutorandos, mestres, mestrandos, especialistas, graduados, professores e pesquisadores devem enviar os trabalhos \u00e0s&nbsp;<strong>Divis\u00f5es Tem\u00e1ticas<\/strong>&nbsp;<strong>(DTs)<\/strong>. Ementas:&nbsp;<a href=\"https:\/\/bit.ly\/EmentasDT?fbclid=IwAR1brhAsiF4i-i6ZE33o-3E0m6I6yLm1ztmyUV45YLLbO5tyoPPrPKQVkqE\">bit.ly\/EmentasDT<\/a><\/p>\n\n\n\n<p><strong>Calend\u00e1rio e taxas:<\/strong>&nbsp;<a href=\"https:\/\/bit.ly\/Calend%C3%A1rioeTaxas?fbclid=IwAR1ttDGufOFXzQHaXrzjx0Z9Oq5SNk9xtSGjjGBpS0iOa_eBWWNRqBg9x3g\">bit.ly\/Calend\u00e1rioeTaxas<\/a><br><strong>Chamada de trabalhos:<\/strong>&nbsp;<a href=\"https:\/\/bit.ly\/ChamadaIntercomSE?fbclid=IwAR0ftvF0ZoMiZAY0zMQqlE6a3P0JJJIc4xXAYibM2jfaN0z109dyd53pA88\">bit.ly\/ChamadaIntercomSE<\/a><br><strong>Normas:<\/strong>&nbsp;<a href=\"https:\/\/bit.ly\/NormasIntercomSE?fbclid=IwAR0Sr4f5PZzgBBC3RbZvK4vre5V6CGFsAlarLf3VZ35pIn3DZQzu148zklE\">bit.ly\/NormasIntercomSE<\/a><\/p>\n\n\n\n<p><strong>Qual o modelo de inscri\u00e7\u00e3o do trabalho?<br><\/strong>O modelo para submiss\u00e3o de trabalhos ao Intercom J\u00fanior e \u00e0s Divis\u00f5es Tem\u00e1ticas est\u00e1 dispon\u00edvel no link:&nbsp;<a href=\"http:\/\/www.portalintercom.org.br\/eventos1\/congressos-regionais\/20191\/sudeste5\/normas13\">http:\/\/www.portalintercom.org.br\/eventos1\/congressos-regionais\/20191\/sudeste5\/normas13<\/a>.<\/p>\n\n\n\n<p><strong>Meu trabalho precisa estar relacionado ao tema geral do evento?<br><\/strong>N\u00e3o necessariamente o trabalho deve estar ligado ao tema central do evento, mas \u00e0s discuss\u00f5es da Divis\u00e3o Tem\u00e1tica escolhida. Confira as ementas nos links acima!<\/p>\n\n\n\n<p><strong>Para participar do Intercom nacional preciso participar do regional?<br><\/strong>N\u00e3o, s\u00e3o eventos independentes.<\/p>\n","protected":false},"excerpt":{"rendered":"<div class=\"mh-excerpt\"><p>Est\u00e1 se preparando para vir ao Intercom Sudeste 2019 mas ainda tem d\u00favidas? Preparamos um guia com os questionamentos mais frequentes: Posso me inscrever no <a class=\"mh-excerpt-more\" href=\"https:\/\/blog.ufes.br\/intercomsudeste\/duvidas-frequentes\/\" title=\"D\u00favidas\">[&#8230;]<\/a><\/p>\n<\/div>","protected":false},"author":349,"featured_media":0,"parent":0,"menu_order":0,"comment_status":"closed","ping_status":"closed","template":"","meta":{"_bbp_topic_count":0,"_bbp_reply_count":0,"_bbp_total_topic_count":0,"_bbp_total_reply_count":0,"_bbp_voice_count":0,"_bbp_anonymous_reply_count":0,"_bbp_topic_count_hidden":0,"_bbp_reply_count_hidden":0,"_bbp_forum_subforum_count":0,"_uag_custom_page_level_css":"","footnotes":""},"class_list":["post-237","page","type-page","status-publish","hentry"],"uagb_featured_image_src":{"full":false,"thumbnail":false,"medium":false,"medium_large":false,"large":false,"1536x1536":false,"2048x2048":false,"mh-magazine-lite-slider":false,"mh-magazine-lite-content":false,"mh-magazine-lite-large":false,"mh-magazine-lite-medium":false,"mh-magazine-lite-small":false},"uagb_author_info":{"display_name":"Intercom Sudeste 2019","author_link":"https:\/\/blog.ufes.br\/intercomsudeste\/author\/ana-v-souza\/"},"uagb_comment_info":0,"uagb_excerpt":"Est\u00e1 se preparando para vir ao Intercom Sudeste 2019 mas ainda tem d\u00favidas? Preparamos um guia com os questionamentos mais frequentes: Posso me inscrever no [...]","_links":{"self":[{"href":"https:\/\/blog.ufes.br\/intercomsudeste\/wp-json\/wp\/v2\/pages\/237","targetHints":{"allow":["GET"]}}],"collection":[{"href":"https:\/\/blog.ufes.br\/intercomsudeste\/wp-json\/wp\/v2\/pages"}],"about":[{"href":"https:\/\/blog.ufes.br\/intercomsudeste\/wp-json\/wp\/v2\/types\/page"}],"author":[{"embeddable":true,"href":"https:\/\/blog.ufes.br\/intercomsudeste\/wp-json\/wp\/v2\/users\/349"}],"replies":[{"embeddable":true,"href":"https:\/\/blog.ufes.br\/intercomsudeste\/wp-json\/wp\/v2\/comments?post=237"}],"version-history":[{"count":5,"href":"https:\/\/blog.ufes.br\/intercomsudeste\/wp-json\/wp\/v2\/pages\/237\/revisions"}],"predecessor-version":[{"id":258,"href":"https:\/\/blog.ufes.br\/intercomsudeste\/wp-json\/wp\/v2\/pages\/237\/revisions\/258"}],"wp:attachment":[{"href":"https:\/\/blog.ufes.br\/intercomsudeste\/wp-json\/wp\/v2\/media?parent=237"}],"curies":[{"name":"wp","href":"https:\/\/api.w.org\/{rel}","templated":true}]}}