{"id":50,"date":"2018-11-13T16:59:58","date_gmt":"2018-11-13T18:59:58","guid":{"rendered":"http:\/\/blog.ufes.br\/intercomsudeste\/?page_id=50"},"modified":"2019-06-13T16:03:21","modified_gmt":"2019-06-13T19:03:21","slug":"parceiros","status":"publish","type":"page","link":"https:\/\/blog.ufes.br\/intercomsudeste\/parceiros\/","title":{"rendered":"Organiza\u00e7\u00e3o"},"content":{"rendered":"<p><b>COMISS\u00c3O ORGANIZADORA UFES<\/b><\/p>\n<p><b>Coordena\u00e7\u00e3o Geral<\/b><\/p>\n<p><span style=\"font-weight: 400\">Prof. Dr. Edgard Rebou\u00e7as (Ufes)<\/span><span style=\"font-weight: 400\"><br \/>\n<\/span><span style=\"font-weight: 400\">Profa. Dra. Fl\u00e1via Mayer dos Santos Souza (Ufes)<\/span><span style=\"font-weight: 400\"><br \/>\n<\/span><span style=\"font-weight: 400\">Profa. Dra. Maria Nazareth Bis Pirola (Ufes)<\/span><\/p>\n<p><b>Comiss\u00e3o de Divis\u00f5es Tem\u00e1ticas<\/b><\/p>\n<p><span style=\"font-weight: 400\">Profa. Dra. Daniela Zanetti <\/span><i><span style=\"font-weight: 400\">&#8211; Coordena\u00e7\u00e3o<\/span><\/i><br \/>\n<span style=\"font-weight: 400\">Profa. Dra. Ruth Reis &#8211;<\/span><i><span style=\"font-weight: 400\"> Coordena\u00e7\u00e3o<\/span><\/i><\/p>\n<p><b>Comiss\u00e3o de Intercom Junior<\/b><\/p>\n<p><span style=\"font-weight: 400\">Profa. Dra. Gabriela Alves (Ufes) &#8211; <\/span><i><span style=\"font-weight: 400\">Coordena\u00e7\u00e3o<\/span><\/i><br \/>\n<span style=\"font-weight: 400\">Me. Emerson Campos (Ufes) &#8211;<\/span><i><span style=\"font-weight: 400\"> Coordena\u00e7\u00e3o<\/span><\/i><br \/>\n<span style=\"font-weight: 400\">Prof. Dr. Jo\u00e3o Barreto (UFSJ) &#8211; <\/span><i><span style=\"font-weight: 400\">Coordena\u00e7\u00e3o<\/span><\/i><br \/>\n<span style=\"font-weight: 400\">Profa. Dra. Vanessa Maia (UFSJ) &#8211; <\/span><i><span style=\"font-weight: 400\">Coordena\u00e7\u00e3o<\/span><\/i><\/p>\n<p><b>Comiss\u00e3o de Expocom<\/b><\/p>\n<p><span style=\"font-weight: 400\">Prof. Dr. Rafael Bellan (Ufes) &#8211; <\/span><i><span style=\"font-weight: 400\">Coordena\u00e7\u00e3o<\/span><\/i><br \/>\n<span style=\"font-weight: 400\">Prof. Dr. Marcio Telles (Ufes)<\/span><\/p>\n<p><b>Comiss\u00e3o do Publicom<\/b><\/p>\n<p><span style=\"font-weight: 400\">Prof. Dr. Gabriel Menotti (Ufes) &#8211; <\/span><i><span style=\"font-weight: 400\">Coordena\u00e7\u00e3o<\/span><\/i><br \/>\n<span style=\"font-weight: 400\">Carolina Ofranti Sampaio (Ufes)<\/span><\/p>\n<p><b>Comiss\u00e3o de Oficinas e Minicursos<\/b><\/p>\n<p><span style=\"font-weight: 400\">Isabella Silva de Freitas Mariano (Ufes)<\/span><\/p>\n<p><span style=\"font-weight: 400\"><br \/>\n<\/span><b>Comiss\u00e3o de Programa\u00e7\u00e3o Cultural<\/b><\/p>\n<p><span style=\"font-weight: 400\">Ivana Sonegheti de Mingo (Ufes)<\/span><\/p>\n<p><b>Comiss\u00e3o de Infraestrutura<\/b><\/p>\n<p><span style=\"font-weight: 400\">Profa. Ma. Janaina Leite (Ufes) <\/span><i><span style=\"font-weight: 400\">&#8211; Coordena\u00e7\u00e3o<\/span><\/i><br \/>\n<span style=\"font-weight: 400\">Ana Paula Miranda Costa Bergami (Ufes)<\/span><\/p>\n<p><b>Comiss\u00e3o de Comunica\u00e7\u00e3o<\/b><\/p>\n<p><span style=\"font-weight: 400\">Ma. Ana Paula Vieira de Souza Dias (Ufes) &#8211; <\/span><i><span style=\"font-weight: 400\">Coordena\u00e7\u00e3o<\/span><\/i><br \/>\n<span style=\"font-weight: 400\">Camila Fregona Rocha (Ufes)<\/span><span style=\"font-weight: 400\"><br \/>\n<\/span><span style=\"font-weight: 400\">Fl\u00e1via Freitas Valiate da Silva (Ifes)<\/span><br \/>\n<span style=\"font-weight: 400\">Juliana Bellia Braga (Ufes) <\/span><br \/>\n<span style=\"font-weight: 400\">Ma. Renata Cristina Pinto Pazzini (Ifes)<\/span><\/p>\n<p><b>Comiss\u00e3o de Apoio<\/b><\/p>\n<p><span style=\"font-weight: 400\">Juliana Bellia Braga (Ufes) &#8211; <\/span><i><span style=\"font-weight: 400\">Coordena\u00e7\u00e3o<\/span><\/i><br \/>\n<span style=\"font-weight: 400\">Glauber Pinheiro Rocha (Ufes)<\/span><br \/>\n<span style=\"font-weight: 400\">Ver\u00f4nica Aparecida Ribeiro Haacke (Ufes)<\/span><\/p>\n<p><b>Comiss\u00e3o de Hospitalidade<\/b><\/p>\n<p><span style=\"font-weight: 400\">Amanda C\u00e2mara Pinto (Ufes)<\/span><span style=\"font-weight: 400\"><br \/>\n<\/span><span style=\"font-weight: 400\">Ana Carolina Ronchi (Ufes)<\/span><span style=\"font-weight: 400\"><br \/>\n<\/span><span style=\"font-weight: 400\">Arthur Gomes de Castro (Ufes)<\/span><\/p>\n<h4><\/h4>\n<h4><span style=\"font-size: 1.2em\">Parceiros<\/span><\/h4>\n<p><a href=\"http:\/\/www.gsa.ind.br\/\" target=\"_blank\" rel=\"noopener noreferrer\">GSA &#8211; Gr\u00e1fica &amp; Editora<\/a><br \/>\n<a href=\"https:\/\/www.ecosjr.com.br\/\" target=\"_blank\" rel=\"noopener noreferrer\">Ecos Jr.<\/a><br \/>\n<a href=\"http:\/\/cultura.ufes.br\/\" target=\"_blank\" rel=\"noopener noreferrer\">Secretaria de Cultura da Ufes<\/a><br \/>\n<a href=\"https:\/\/dealarcao.com\/\" target=\"_blank\" rel=\"noopener noreferrer\">Marcos de Alarc\u00e3o Fotografia<\/a><br \/>\n<a href=\"http:\/\/esconvention.com.br\/index.php\/institucional\/#page-top\" target=\"_blank\" rel=\"noopener noreferrer\">Esp\u00edrito Santo Convention &amp; Visitors Bureau<\/a><br \/>\n<a href=\"http:\/\/www.fomatur.com.br\/\" target=\"_blank\" rel=\"noopener noreferrer\">Fomatur Turismo Receptivo<\/a><br \/>\n<a href=\"http:\/\/prodesignufes.org\/\">Laborat\u00f3rio de Projetos em Design da Ufes &#8211; Prodesign<\/a><\/p>\n","protected":false},"excerpt":{"rendered":"<div class=\"mh-excerpt\"><p>COMISS\u00c3O ORGANIZADORA UFES Coordena\u00e7\u00e3o Geral Prof. Dr. Edgard Rebou\u00e7as (Ufes) Profa. Dra. Fl\u00e1via Mayer dos Santos Souza (Ufes) Profa. Dra. Maria Nazareth Bis Pirola (Ufes) <a class=\"mh-excerpt-more\" href=\"https:\/\/blog.ufes.br\/intercomsudeste\/parceiros\/\" title=\"Organiza\u00e7\u00e3o\">[&#8230;]<\/a><\/p>\n<\/div>","protected":false},"author":349,"featured_media":0,"parent":0,"menu_order":0,"comment_status":"closed","ping_status":"closed","template":"","meta":{"_bbp_topic_count":0,"_bbp_reply_count":0,"_bbp_total_topic_count":0,"_bbp_total_reply_count":0,"_bbp_voice_count":0,"_bbp_anonymous_reply_count":0,"_bbp_topic_count_hidden":0,"_bbp_reply_count_hidden":0,"_bbp_forum_subforum_count":0,"_uag_custom_page_level_css":"","footnotes":""},"class_list":["post-50","page","type-page","status-publish","hentry"],"uagb_featured_image_src":{"full":false,"thumbnail":false,"medium":false,"medium_large":false,"large":false,"1536x1536":false,"2048x2048":false,"mh-magazine-lite-slider":false,"mh-magazine-lite-content":false,"mh-magazine-lite-large":false,"mh-magazine-lite-medium":false,"mh-magazine-lite-small":false},"uagb_author_info":{"display_name":"Intercom Sudeste 2019","author_link":"https:\/\/blog.ufes.br\/intercomsudeste\/author\/ana-v-souza\/"},"uagb_comment_info":0,"uagb_excerpt":"COMISS\u00c3O ORGANIZADORA UFES Coordena\u00e7\u00e3o Geral Prof. Dr. Edgard Rebou\u00e7as (Ufes) Profa. Dra. Fl\u00e1via Mayer dos Santos Souza (Ufes) Profa. Dra. Maria Nazareth Bis Pirola (Ufes) [...]","_links":{"self":[{"href":"https:\/\/blog.ufes.br\/intercomsudeste\/wp-json\/wp\/v2\/pages\/50","targetHints":{"allow":["GET"]}}],"collection":[{"href":"https:\/\/blog.ufes.br\/intercomsudeste\/wp-json\/wp\/v2\/pages"}],"about":[{"href":"https:\/\/blog.ufes.br\/intercomsudeste\/wp-json\/wp\/v2\/types\/page"}],"author":[{"embeddable":true,"href":"https:\/\/blog.ufes.br\/intercomsudeste\/wp-json\/wp\/v2\/users\/349"}],"replies":[{"embeddable":true,"href":"https:\/\/blog.ufes.br\/intercomsudeste\/wp-json\/wp\/v2\/comments?post=50"}],"version-history":[{"count":19,"href":"https:\/\/blog.ufes.br\/intercomsudeste\/wp-json\/wp\/v2\/pages\/50\/revisions"}],"predecessor-version":[{"id":535,"href":"https:\/\/blog.ufes.br\/intercomsudeste\/wp-json\/wp\/v2\/pages\/50\/revisions\/535"}],"wp:attachment":[{"href":"https:\/\/blog.ufes.br\/intercomsudeste\/wp-json\/wp\/v2\/media?parent=50"}],"curies":[{"name":"wp","href":"https:\/\/api.w.org\/{rel}","templated":true}]}}