{"id":316,"date":"2018-03-02T17:02:01","date_gmt":"2018-03-02T20:02:01","guid":{"rendered":"http:\/\/blog.ufes.br\/isaacsantos\/?page_id=316"},"modified":"2020-03-03T22:22:57","modified_gmt":"2020-03-04T01:22:57","slug":"topicos-avancados-de-elementos-finitos","status":"publish","type":"page","link":"https:\/\/blog.ufes.br\/isaacsantos\/ensino\/topicos-avancados-de-elementos-finitos\/","title":{"rendered":"T\u00f3picos Avan\u00e7ados de Elementos Finitos &#8211; 2018\/1"},"content":{"rendered":"<h1><span style=\"color: #ff0000\"><strong>Curso<\/strong>:<\/span><\/h1>\n<p>Mestrado e Doutorado em Ci\u00eancia da Computa\u00e7\u00e3o (Per\u00edodo 2018\/1)<\/p>\n<h1><span style=\"color: #ff0000\"><strong>Hor\u00e1rio das aulas<\/strong>:<\/span><\/h1>\n<p>sexta feira: 13:00 &#8211; 17:00 horas &#8211;<\/p>\n<h2><span style=\"color: #ff0000\"><strong>Programa da disciplina<\/strong>:<\/span><\/h2>\n<ol>\n<li><strong>Problemas dependentes do tempo<\/strong>\n<ol>\n<li>M\u00e9todos de diferen\u00e7as finitas para sistemas de EDOs<\/li>\n<li>A equa\u00e7\u00e3o do calor<\/li>\n<li>Estimativas de estabilidade<\/li>\n<li>Estimativas de erro a priori<\/li>\n<li>Implementa\u00e7\u00e3o Computacional<\/li>\n<li>MEF espa\u00e7o-tempo<\/li>\n<li>A equa\u00e7\u00e3o da onda<\/li>\n<li>Implementa\u00e7\u00e3o Computacional<\/li>\n<\/ol>\n<\/li>\n<li><strong>An\u00e1lise de Elementos Finitos<\/strong>\n<ol>\n<li>Espa\u00e7os de fun\u00e7\u00f5es<\/li>\n<li>Interpola\u00e7\u00e3o de fun\u00e7\u00f5es em espa\u00e7os de Hilbert<\/li>\n<li>Problema variacional abstrato<\/li>\n<li>Lema de Lax-Milgram<\/li>\n<li>Aplica\u00e7\u00f5es a equa\u00e7\u00f5es diferenciais el\u00edpticas<\/li>\n<li>Propriedades matem\u00e1ticas do MEF<\/li>\n<li>Estimativas de erro a priori e a posteriori<\/li>\n<\/ol>\n<\/li>\n<li><strong>O Elemento Finito<\/strong>\n<ol>\n<li>Diferentes tipos de elementos finitos<\/li>\n<li>Elemento isoparam\u00e9trico<\/li>\n<\/ol>\n<\/li>\n<li><strong>Problemas N\u00e3o-Lineares<\/strong>\n<ol>\n<li>M\u00e9todo de Picard<\/li>\n<li>M\u00e9todo de Newton<\/li>\n<li>Equa\u00e7\u00e3o de Poisson n\u00e3o linear<\/li>\n<li>Aproxima\u00e7\u00e3o num\u00e9rica da Jacobiana<\/li>\n<\/ol>\n<\/li>\n<li><strong>O Problema de Transporte<\/strong>\n<ol>\n<li>A equa\u00e7\u00e3o de transporte<\/li>\n<li>Formula\u00e7\u00e3o fraca<\/li>\n<li>M\u00e9todo MEF cl\u00e1ssico<\/li>\n<li>Formula\u00e7\u00f5es estabilizadas<\/li>\n<li>Estimativas de erro a priori<\/li>\n<li>Implementa\u00e7\u00e3o Computacional<\/li>\n<\/ol>\n<\/li>\n<\/ol>\n<p><!--more--><\/p>\n<h1><span style=\"color: #ff0000\">Notas de aula<\/span><\/h1>\n<p>Abaixo est\u00e3o listadas algumas notas de aulas.<\/p>\n<ul>\n<li><a href=\"http:\/\/blog.ufes.br\/isaacsantos\/files\/2018\/03\/FEM_2018_I.pdf\" target=\"_blank\" rel=\"noopener noreferrer\">Diferen\u00e7as Finitas e Formula\u00e7\u00e3o Semidiscreta (equa\u00e7\u00e3o do calor)<\/a><\/li>\n<li><a href=\"http:\/\/blog.ufes.br\/isaacsantos\/files\/2018\/05\/Seminario_Vitor.pdf\" target=\"_blank\" rel=\"noopener noreferrer\">Equa\u00e7\u00e3o do Calor<\/a> (Vitor Pinheiro)<\/li>\n<li><a href=\"http:\/\/blog.ufes.br\/isaacsantos\/files\/2018\/03\/FEM_2018_II.pdf\" target=\"_blank\" rel=\"noopener noreferrer\">An\u00e1lise de Estabilidade e Converg\u00eancia <\/a>(Problemas parab\u00f3licos)<\/li>\n<li><a href=\"http:\/\/blog.ufes.br\/isaacsantos\/files\/2018\/05\/FEM_2018_III.pdf\" target=\"_blank\" rel=\"noopener noreferrer\">MEF no espa\u00e7o tempo<\/a><\/li>\n<li><a href=\"http:\/\/blog.ufes.br\/isaacsantos\/files\/2018\/05\/Gera_Malha_Ramoni.pdf\" target=\"_blank\" rel=\"noopener noreferrer\">Gera\u00e7\u00e3o de Malhas<\/a> (Ramoni Z. Sedano)<\/li>\n<li>Equa\u00e7\u00e3o da Onda<\/li>\n<li><a href=\"https:\/\/jkogler.wordpress.com\/2008\/06\/14\/delta-de-dirac-ou-impulso-unitario\/\" target=\"_blank\" rel=\"noopener noreferrer\">Delta de Dirac&nbsp;<\/a><\/li>\n<li><a href=\"http:\/\/blog.ufes.br\/isaacsantos\/files\/2018\/06\/M\u00e9todo-Estabilizados-Para-Problemas-de-Convec\u00e7\u00e3o-Difus\u00e3o-Rea\u00e7\u00e3o.pdf\" target=\"_blank\" rel=\"noopener noreferrer\">M\u00e9todos Estabilizados<\/a> &#8211; Problemas de Convec\u00e7\u00e3o-Difus\u00e3o-Rea\u00e7\u00e3o<\/li>\n<li>Espa\u00e7os de Fun\u00e7\u00f5es<\/li>\n<\/ul>\n<h1><span style=\"color: #ff0000\">Software e Linguagens de programa\u00e7\u00e3o<\/span><\/h1>\n<ol>\n<li><a href=\"https:\/\/www.mathworks.com\/help\/pde\/?requestedDomain=www.mathworks.com\" target=\"_blank\" rel=\"noopener noreferrer\">Matlab (PDE-tool box)<\/a> ou <a href=\"https:\/\/www.gnu.org\/software\/octave\/\" target=\"_blank\" rel=\"noopener noreferrer\">Octave<\/a><\/li>\n<li><a href=\"http:\/\/www.freefem.org\/\" target=\"_blank\" rel=\"noopener noreferrer\">FreeFem++<\/a><\/li>\n<li><a href=\"https:\/\/fenicsproject.org\/\" target=\"_blank\" rel=\"noopener noreferrer\">Fenics<\/a><\/li>\n<li><a href=\"https:\/\/wiki.octave.org\/Fem-fenics\" target=\"_blank\" rel=\"noopener noreferrer\">Fem-Fenics<\/a><\/li>\n<\/ol>\n<h1><span style=\"color: #ff0000\">Geradores de Malhas<\/span><\/h1>\n<ol>\n<li><a href=\"http:\/\/persson.berkeley.edu\/distmesh\/\">DistMesh &#8211; A Simple Mesh Generator in MATLAB<\/a><\/li>\n<li><a href=\"http:\/\/www.cs.cmu.edu\/~quake\/triangle.html\" target=\"_blank\" rel=\"noopener noreferrer\">Triangle &#8211;&nbsp;A Two-Dimensional Quality Mesh Generator and Delaunay Triangulator<\/a><\/li>\n<li><a href=\"https:\/\/inf.ufes.br\/~luciac\/fem\/Gera_Malha.pdf\" target=\"_blank\" rel=\"noopener noreferrer\">Easymes, showmesh e paraview (Ramoni Z. Sedano)<\/a><\/li>\n<\/ol>\n<h1><span style=\"color: #ff0000\">Avalia\u00e7\u00e3o<\/span><\/h1>\n<ul>\n<li>provas, listas de exerc\u00edcios e trabalhos computacionais\n<ol>\n<li><a href=\"http:\/\/blog.ufes.br\/isaacsantos\/files\/2018\/03\/Lista_1_TAMEF_2018.pdf\" target=\"_blank\" rel=\"noopener noreferrer\">Lista 1<\/a> &#8211; entregar dia 06 de abril<\/li>\n<li><a href=\"http:\/\/blog.ufes.br\/isaacsantos\/files\/2018\/04\/Lista_2_TAMEF_2018_1.pdf\" target=\"_blank\" rel=\"noopener noreferrer\">Lista 2<\/a>&nbsp;&#8211; entregar dia 20 de abril<\/li>\n<li><a href=\"http:\/\/blog.ufes.br\/isaacsantos\/files\/2018\/04\/Lista_3_TAMEF_2018.pdf\" target=\"_blank\" rel=\"noopener noreferrer\">lista 3&nbsp;<\/a>&#8211; entregar dia 11 de maio<\/li>\n<li><a href=\"http:\/\/blog.ufes.br\/isaacsantos\/files\/2018\/05\/Lista_4_TAMEF_2018.pdf\" target=\"_blank\" rel=\"noopener noreferrer\">lista 4<\/a>&nbsp;&#8211; entregar dia 01 de junho<\/li>\n<li><a href=\"http:\/\/blog.ufes.br\/isaacsantos\/files\/2018\/06\/Lista_5_TAMEF_2018.pdf\" target=\"_blank\" rel=\"noopener noreferrer\">lista 5&nbsp;<\/a>&#8211; entregar dia 15 de junho<\/li>\n<li><a href=\"http:\/\/blog.ufes.br\/isaacsantos\/files\/2018\/06\/Lista_6_TAMEF_2018.pdf\" target=\"_blank\" rel=\"noopener noreferrer\">lista 6<\/a> &#8211; entregar dia 06 de julho<\/li>\n<\/ol>\n<\/li>\n<\/ul>\n<h1><span style=\"color: #ff0000\">Links interessantes<\/span><\/h1>\n<ol>\n<li><a href=\"http:\/\/persson.berkeley.edu\/distmesh\/\">DistMesh &#8211; A Simple Mesh Generator in MATLAB<\/a><\/li>\n<li><a href=\"http:\/\/Per-Olof Persson, UC Berkeley Mathematics\" target=\"_blank\" rel=\"noopener noreferrer\">Filmes\/simula\u00e7\u00f5es Num\u00e9ricas<\/a> (Prof. Per-Olof Persson, UC Berkeley Mathematics)<\/li>\n<li><a href=\"https:\/\/blog.ufes.br\/isaacsantos\/ensino\/pos-graduacao\/curso-de-verao-lncc-2018\/\" target=\"_blank\" rel=\"noopener noreferrer\">Curso Introdu\u00e7\u00e3o ao MEF<\/a> (Prof. Isaac P. Santos &#8211; LNCC 2018)<\/li>\n<li><a href=\"https:\/\/www.kth.se\/social\/files\/542e7c13f2765401b7da59e3\/robin.pdf\" target=\"_blank\" rel=\"noopener noreferrer\">MEF com condi\u00e7\u00f5es de contorno de Robin &#8211; 1D<\/a><\/li>\n<li><a href=\"https:\/\/www.kth.se\/social\/files\/542e7c32f276547790f96040\/robin_2D.pdf\" target=\"_blank\" rel=\"noopener noreferrer\">MEF com condi\u00e7\u00f5es de contorno de Robin &#8211; 2D<\/a><\/li>\n<\/ol>\n<h1><span style=\"color: #ff0000\">Refer\u00eancias Bibliogr\u00e1ficas<\/span><\/h1>\n<ol>\n<li>Larson, M. G. and Bengzon, F. <a href=\"http:\/\/www.springer.com\/la\/book\/9783642332869\" target=\"_blank\" rel=\"noopener noreferrer\"><em>The Finite Element Method: Theory, Implementation, and Applications<\/em><\/a>. Springer, 2013<\/li>\n<li>Claes Johnson. <a href=\"https:\/\/www.amazon.com\/Numerical-Solution-Differential-Equations-Mathematics\/dp\/048646900X\" target=\"_blank\" rel=\"noopener noreferrer\"><em>Numerical Solution of Partial Differential Equations by the Finite Element Method<\/em><\/a>. Dover Publication, 2009.<\/li>\n<li>Mark S. Gockenbach.&nbsp;<a href=\"http:\/\/bookstore.siam.org\/ot97\/\" target=\"_blank\" rel=\"noopener noreferrer\"><em>Understanding and implementing the finite element method<\/em><\/a>.&nbsp;Society for Industrial and Applied Mathematics (SIAM), 2006.<\/li>\n<li>\n<div>Endre Suli. <a href=\"https:\/\/www.maths.ox.ac.uk\/system\/files\/attachments\/OxPDE_L_12_03.pdf\" target=\"_blank\" rel=\"noopener noreferrer\"><em>Lecture Notes on Finite Element Methods for Partial Differential Equations<\/em><\/a>. Mathematical Institute, University of Oxford, 2012.<\/div>\n<\/li>\n<li>T.J.R. Hughes.&nbsp;<em><a href=\"https:\/\/www.amazon.com\/Finite-Element-Method-Mechanical-Engineering\/dp\/0486411818\" target=\"_blank\" rel=\"noopener noreferrer\">The Finite Element Method<\/a>.<\/em>&nbsp;Prentice-Hall, NJ, 1987.<\/li>\n<li>J.&nbsp;T.&nbsp;Oden,&nbsp;E.&nbsp;B.&nbsp;Becker,&nbsp;G.&nbsp;F.&nbsp;Carey. <a href=\"https:\/\/www.amazon.com\/Finite-Elements-Introduction-Tinsley-Oden\/dp\/0133170578\" target=\"_blank\" rel=\"noopener noreferrer\"><em>Finite&nbsp;Elements:&nbsp;An&nbsp;Introduction<\/em><\/a>. Vol 1,&nbsp;Prentice\u00ad Hall,&nbsp;1981.<\/li>\n<li>Jean Donea and Antonio Huerta. <em><a href=\"http:\/\/www.wiley.com\/WileyCDA\/WileyTitle\/productCd-0471496669.html\" target=\"_blank\" rel=\"noopener noreferrer\">Finite Element Methods for Flow Problems<\/a>.<\/em>&nbsp;John Wiley &amp; Sons, 2003.<\/li>\n<li>\n<div>&nbsp;Fr\u00e9d\u00e9ric Valentim. <em><a href=\"http:\/\/www.lncc.br\/~valentin\/docs\/aulas1-21.pdf\" target=\"_blank\" rel=\"noopener noreferrer\">M\u00e9todo de Elementos Finitos: Teoria B\u00e1sica<\/a> <\/em>(<em>Notas de Aula<\/em>). Laborat\u00f3rio Nacional de Computa\u00e7\u00e3o Cient\u00edfica &#8211; LNCC, 2012.<\/div>\n<\/li>\n<li>Susanne C. Brenner and L. R. Scott. T<em>he Mathematical Theory of Finite Element Methods<\/em>. Springer, 3a edi\u00e7\u00e3o, 2008.<\/li>\n<li>P. Ciarlet. <em>The finite element method for elliptic problems<\/em>. Classics in Applied Mathematics, SIAM, 2002.<\/li>\n<li>\n<div>A. Ern and J. L. Guermond. <em>Theory and Practice of Finite Elements<\/em>. Springer, 2004.<\/div>\n<\/li>\n<\/ol>\n","protected":false},"excerpt":{"rendered":"<p>Curso: Mestrado e Doutorado em Ci\u00eancia da Computa\u00e7\u00e3o (Per\u00edodo 2018\/1) Hor\u00e1rio das aulas: sexta feira: 13:00 &#8211; 17:00 horas &#8211; Programa da disciplina: Problemas dependentes do tempo M\u00e9todos de diferen\u00e7as finitas para sistemas de EDOs A equa\u00e7\u00e3o do calor Estimativas &hellip; <a href=\"https:\/\/blog.ufes.br\/isaacsantos\/ensino\/topicos-avancados-de-elementos-finitos\/\">Continue lendo <span class=\"meta-nav\">&rarr;<\/span><\/a><\/p>\n","protected":false},"author":279,"featured_media":0,"parent":73,"menu_order":0,"comment_status":"open","ping_status":"closed","template":"","meta":{"_bbp_topic_count":0,"_bbp_reply_count":0,"_bbp_total_topic_count":0,"_bbp_total_reply_count":0,"_bbp_voice_count":0,"_bbp_anonymous_reply_count":0,"_bbp_topic_count_hidden":0,"_bbp_reply_count_hidden":0,"_bbp_forum_subforum_count":0,"_uag_custom_page_level_css":"","footnotes":""},"class_list":["post-316","page","type-page","status-publish","hentry"],"uagb_featured_image_src":{"full":false,"thumbnail":false,"medium":false,"medium_large":false,"large":false,"1536x1536":false,"2048x2048":false,"post-thumbnail":false,"large-feature":false,"small-feature":false},"uagb_author_info":{"display_name":"Isaac","author_link":"https:\/\/blog.ufes.br\/isaacsantos\/author\/isaac_pinheiro-dos-santos\/"},"uagb_comment_info":0,"uagb_excerpt":"Curso: Mestrado e Doutorado em Ci\u00eancia da Computa\u00e7\u00e3o (Per\u00edodo 2018\/1) Hor\u00e1rio das aulas: sexta feira: 13:00 &#8211; 17:00 horas &#8211; Programa da disciplina: Problemas dependentes do tempo M\u00e9todos de diferen\u00e7as finitas para sistemas de EDOs A equa\u00e7\u00e3o do calor Estimativas &hellip; Continue lendo &rarr;","_links":{"self":[{"href":"https:\/\/blog.ufes.br\/isaacsantos\/wp-json\/wp\/v2\/pages\/316","targetHints":{"allow":["GET"]}}],"collection":[{"href":"https:\/\/blog.ufes.br\/isaacsantos\/wp-json\/wp\/v2\/pages"}],"about":[{"href":"https:\/\/blog.ufes.br\/isaacsantos\/wp-json\/wp\/v2\/types\/page"}],"author":[{"embeddable":true,"href":"https:\/\/blog.ufes.br\/isaacsantos\/wp-json\/wp\/v2\/users\/279"}],"replies":[{"embeddable":true,"href":"https:\/\/blog.ufes.br\/isaacsantos\/wp-json\/wp\/v2\/comments?post=316"}],"version-history":[{"count":37,"href":"https:\/\/blog.ufes.br\/isaacsantos\/wp-json\/wp\/v2\/pages\/316\/revisions"}],"predecessor-version":[{"id":691,"href":"https:\/\/blog.ufes.br\/isaacsantos\/wp-json\/wp\/v2\/pages\/316\/revisions\/691"}],"up":[{"embeddable":true,"href":"https:\/\/blog.ufes.br\/isaacsantos\/wp-json\/wp\/v2\/pages\/73"}],"wp:attachment":[{"href":"https:\/\/blog.ufes.br\/isaacsantos\/wp-json\/wp\/v2\/media?parent=316"}],"curies":[{"name":"wp","href":"https:\/\/api.w.org\/{rel}","templated":true}]}}