{"id":343,"date":"2018-03-04T12:18:59","date_gmt":"2018-03-04T15:18:59","guid":{"rendered":"http:\/\/blog.ufes.br\/isaacsantos\/?page_id=343"},"modified":"2018-03-04T12:21:23","modified_gmt":"2018-03-04T15:21:23","slug":"dissertacoes-de-mestrado-concluidas","status":"publish","type":"page","link":"https:\/\/blog.ufes.br\/isaacsantos\/pesquisa\/dissertacoes-de-mestrado-concluidas\/","title":{"rendered":"Disserta\u00e7\u00f5es de Mestrado Conclu\u00eddas"},"content":{"rendered":"<ol>\n<li><strong>Roberta Nunes Mattos<\/strong> &#8211; <em>Formula\u00e7\u00f5es Estabilizadas Multiescalas Aplicadas \u00e0s Equa\u00e7\u00f5es de Euler<\/em>. Mestrado em Inform\u00e1tica, PPGI\/UFES, 2011.<\/li>\n<li>\n<hr \/>\n<p><strong>Suzi Lara Werner<\/strong> &#8211;\u00a0<em>M\u00e9todo de Estabiliza\u00e7\u00e3o Submalha Difus\u00e3o Din\u00e2mica Aplicado na Simula\u00e7\u00e3o de Escoamento Misc\u00edvel em Meios Porosos<\/em>. Mestrado em Inform\u00e1tica, PPGI\/UFES, 2011.<\/li>\n<\/ol>\n","protected":false},"excerpt":{"rendered":"<p>Roberta Nunes Mattos &#8211; Formula\u00e7\u00f5es Estabilizadas Multiescalas Aplicadas \u00e0s Equa\u00e7\u00f5es de Euler. Mestrado em Inform\u00e1tica, PPGI\/UFES, 2011. Suzi Lara Werner &#8211;\u00a0M\u00e9todo de Estabiliza\u00e7\u00e3o Submalha Difus\u00e3o Din\u00e2mica Aplicado na Simula\u00e7\u00e3o de Escoamento Misc\u00edvel em Meios Porosos. Mestrado em Inform\u00e1tica, PPGI\/UFES, 2011.<\/p>\n","protected":false},"author":279,"featured_media":0,"parent":79,"menu_order":0,"comment_status":"closed","ping_status":"closed","template":"","meta":{"_bbp_topic_count":0,"_bbp_reply_count":0,"_bbp_total_topic_count":0,"_bbp_total_reply_count":0,"_bbp_voice_count":0,"_bbp_anonymous_reply_count":0,"_bbp_topic_count_hidden":0,"_bbp_reply_count_hidden":0,"_bbp_forum_subforum_count":0,"_uag_custom_page_level_css":"","footnotes":""},"class_list":["post-343","page","type-page","status-publish","hentry"],"uagb_featured_image_src":{"full":false,"thumbnail":false,"medium":false,"medium_large":false,"large":false,"1536x1536":false,"2048x2048":false,"post-thumbnail":false,"large-feature":false,"small-feature":false},"uagb_author_info":{"display_name":"Isaac","author_link":"https:\/\/blog.ufes.br\/isaacsantos\/author\/isaac_pinheiro-dos-santos\/"},"uagb_comment_info":0,"uagb_excerpt":"Roberta Nunes Mattos &#8211; Formula\u00e7\u00f5es Estabilizadas Multiescalas Aplicadas \u00e0s Equa\u00e7\u00f5es de Euler. Mestrado em Inform\u00e1tica, PPGI\/UFES, 2011. Suzi Lara Werner &#8211;\u00a0M\u00e9todo de Estabiliza\u00e7\u00e3o Submalha Difus\u00e3o Din\u00e2mica Aplicado na Simula\u00e7\u00e3o de Escoamento Misc\u00edvel em Meios Porosos. Mestrado em Inform\u00e1tica, PPGI\/UFES, 2011.","_links":{"self":[{"href":"https:\/\/blog.ufes.br\/isaacsantos\/wp-json\/wp\/v2\/pages\/343","targetHints":{"allow":["GET"]}}],"collection":[{"href":"https:\/\/blog.ufes.br\/isaacsantos\/wp-json\/wp\/v2\/pages"}],"about":[{"href":"https:\/\/blog.ufes.br\/isaacsantos\/wp-json\/wp\/v2\/types\/page"}],"author":[{"embeddable":true,"href":"https:\/\/blog.ufes.br\/isaacsantos\/wp-json\/wp\/v2\/users\/279"}],"replies":[{"embeddable":true,"href":"https:\/\/blog.ufes.br\/isaacsantos\/wp-json\/wp\/v2\/comments?post=343"}],"version-history":[{"count":2,"href":"https:\/\/blog.ufes.br\/isaacsantos\/wp-json\/wp\/v2\/pages\/343\/revisions"}],"predecessor-version":[{"id":347,"href":"https:\/\/blog.ufes.br\/isaacsantos\/wp-json\/wp\/v2\/pages\/343\/revisions\/347"}],"up":[{"embeddable":true,"href":"https:\/\/blog.ufes.br\/isaacsantos\/wp-json\/wp\/v2\/pages\/79"}],"wp:attachment":[{"href":"https:\/\/blog.ufes.br\/isaacsantos\/wp-json\/wp\/v2\/media?parent=343"}],"curies":[{"name":"wp","href":"https:\/\/api.w.org\/{rel}","templated":true}]}}