{"id":73,"date":"2017-08-23T16:19:21","date_gmt":"2017-08-23T19:19:21","guid":{"rendered":"http:\/\/blog.ufes.br\/isaacsantos\/?page_id=73"},"modified":"2020-03-03T22:12:56","modified_gmt":"2020-03-04T01:12:56","slug":"ensino","status":"publish","type":"page","link":"https:\/\/blog.ufes.br\/isaacsantos\/ensino\/","title":{"rendered":"ENSINO"},"content":{"rendered":"<h1>Gradua\u00e7\u00e3o:<\/h1>\n<p><em><strong>Disciplinas do per\u00edodo 2020\/1<\/strong><\/em><\/p>\n<ul>\n<li><a href=\"http:\/\/blog.ufes.br\/isaacsantos\/algoritmos-numericos-2020-1\/\">Algoritmos Num\u00e9ricos &#8211; 2020\/1<\/a><\/li>\n<li><a href=\"http:\/\/blog.ufes.br\/isaacsantos\/metodos-numericos-ii-2020-1\/\">M\u00e9todos Num\u00e9ricos II &#8211; 2020\/1<\/a><\/li>\n<\/ul>\n<p><em><strong>Outros<\/strong><\/em><\/p>\n<ul>\n<li><a href=\"http:\/\/blog.ufes.br\/isaacsantos\/ensino\/graduacao\/metodos-numericos-i-2018-2\/\">M\u00e9todos Num\u00e9ricos &#8211; 2019\/2<\/a><\/li>\n<li><a href=\"http:\/\/blog.ufes.br\/isaacsantos\/ensino\/graduacao\/algebra-linear-numerica-2018-2\/\">T\u00f3picos em An\u00e1lise Num\u00e9rica (\u00c1lgebra Linear Num\u00e9rica) &#8211; 2019\/2<\/a><\/li>\n<li><a href=\"http:\/\/blog.ufes.br\/isaacsantos\/ensino\/graduacao\/topicos-em-modelagem-matematica\/\">T\u00f3picos em Modelagem Matem\u00e1tica de Sistemas Cont\u00ednuos &#8211; 2019\/1<\/a><\/li>\n<li><a href=\"http:\/\/blog.ufes.br\/isaacsantos\/ensino\/graduacao\/calculo-numerico-algoritmos-numericos-2018-1\/\" target=\"_blank\" rel=\"noopener noreferrer\">Algoritmos Num\u00e9ricos &#8211; 2018\/1<\/a><\/li>\n<li><a href=\"http:\/\/blog.ufes.br\/isaacsantos\/ensino\/graduacao\/calculo-numerico\/\">C\u00e1lculo Num\u00e9rico &#8211; 2017\/2<\/a><\/li>\n<\/ul>\n<div><a href=\"http:\/\/www.daocs.ufes.br\/sites\/daocs.ufes.br\/files\/field\/anexo\/ilovepdf_merged_10.pdf#overlay-context=resolucoes-de-2019-cepe\">Calend\u00e1rio 2020 &#8211; UFES<\/a><\/div>\n<div><\/div>\n<div>Acesso \u00e0s aulas para alunos n\u00e3o matriculados nas disciplinas<\/div>\n<h1><\/h1>\n<h1>Mestrado e Doutorado (PPGI)<\/h1>\n<ul>\n<li>Estudo Dirigido: M\u00e9todos variacionais multiescala para escoamento turbulento &#8211; 2019\/1<\/li>\n<li>Estudo Dirigido: M\u00e9todos num\u00e9ricos baseados em <em>Deep-Learning<\/em> para equa\u00e7\u00f5es diferenciais parciais &#8211; 2019\/1<\/li>\n<li><a href=\"http:\/\/blog.ufes.br\/isaacsantos\/ensino\/pos-graduacao\/metodos-de-elementos-finitos-para-equacoes-de-navier-stokes-incompressiveis\/\" target=\"_blank\" rel=\"noopener noreferrer\">MEF para equa\u00e7\u00f5es de Navier-Stokes incompress\u00edveis &#8211; 2018\/2<\/a><\/li>\n<li><a href=\"http:\/\/blog.ufes.br\/isaacsantos\/ensino\/pos-graduacao\/topicos-avancados-de-elementos-finitos\/\" target=\"_blank\" rel=\"noopener noreferrer\">T\u00f3picos Avan\u00e7ados do MEF &#8211; 2018\/1<\/a><\/li>\n<li><a href=\"http:\/\/blog.ufes.br\/isaacsantos\/ensino\/pos-graduacao\/elementos-finitos-mestrado-ppgi\/\" target=\"_blank\" rel=\"noopener noreferrer\">Elementos Finitos &#8211; 2017\/2<\/a><\/li>\n<\/ul>\n","protected":false},"excerpt":{"rendered":"<p>Gradua\u00e7\u00e3o: Disciplinas do per\u00edodo 2020\/1 Algoritmos Num\u00e9ricos &#8211; 2020\/1 M\u00e9todos Num\u00e9ricos II &#8211; 2020\/1 Outros M\u00e9todos Num\u00e9ricos &#8211; 2019\/2 T\u00f3picos em An\u00e1lise Num\u00e9rica (\u00c1lgebra Linear Num\u00e9rica) &#8211; 2019\/2 T\u00f3picos em Modelagem Matem\u00e1tica de Sistemas Cont\u00ednuos &#8211; 2019\/1 Algoritmos Num\u00e9ricos &#8211; &hellip; <a href=\"https:\/\/blog.ufes.br\/isaacsantos\/ensino\/\">Continue lendo <span class=\"meta-nav\">&rarr;<\/span><\/a><\/p>\n","protected":false},"author":279,"featured_media":0,"parent":0,"menu_order":0,"comment_status":"closed","ping_status":"closed","template":"","meta":{"_bbp_topic_count":0,"_bbp_reply_count":0,"_bbp_total_topic_count":0,"_bbp_total_reply_count":0,"_bbp_voice_count":0,"_bbp_anonymous_reply_count":0,"_bbp_topic_count_hidden":0,"_bbp_reply_count_hidden":0,"_bbp_forum_subforum_count":0,"_uag_custom_page_level_css":"","footnotes":""},"class_list":["post-73","page","type-page","status-publish","hentry"],"uagb_featured_image_src":{"full":false,"thumbnail":false,"medium":false,"medium_large":false,"large":false,"1536x1536":false,"2048x2048":false,"post-thumbnail":false,"large-feature":false,"small-feature":false},"uagb_author_info":{"display_name":"Isaac","author_link":"https:\/\/blog.ufes.br\/isaacsantos\/author\/isaac_pinheiro-dos-santos\/"},"uagb_comment_info":0,"uagb_excerpt":"Gradua\u00e7\u00e3o: Disciplinas do per\u00edodo 2020\/1 Algoritmos Num\u00e9ricos &#8211; 2020\/1 M\u00e9todos Num\u00e9ricos II &#8211; 2020\/1 Outros M\u00e9todos Num\u00e9ricos &#8211; 2019\/2 T\u00f3picos em An\u00e1lise Num\u00e9rica (\u00c1lgebra Linear Num\u00e9rica) &#8211; 2019\/2 T\u00f3picos em Modelagem Matem\u00e1tica de Sistemas Cont\u00ednuos &#8211; 2019\/1 Algoritmos Num\u00e9ricos &#8211; &hellip; Continue lendo &rarr;","_links":{"self":[{"href":"https:\/\/blog.ufes.br\/isaacsantos\/wp-json\/wp\/v2\/pages\/73","targetHints":{"allow":["GET"]}}],"collection":[{"href":"https:\/\/blog.ufes.br\/isaacsantos\/wp-json\/wp\/v2\/pages"}],"about":[{"href":"https:\/\/blog.ufes.br\/isaacsantos\/wp-json\/wp\/v2\/types\/page"}],"author":[{"embeddable":true,"href":"https:\/\/blog.ufes.br\/isaacsantos\/wp-json\/wp\/v2\/users\/279"}],"replies":[{"embeddable":true,"href":"https:\/\/blog.ufes.br\/isaacsantos\/wp-json\/wp\/v2\/comments?post=73"}],"version-history":[{"count":16,"href":"https:\/\/blog.ufes.br\/isaacsantos\/wp-json\/wp\/v2\/pages\/73\/revisions"}],"predecessor-version":[{"id":680,"href":"https:\/\/blog.ufes.br\/isaacsantos\/wp-json\/wp\/v2\/pages\/73\/revisions\/680"}],"wp:attachment":[{"href":"https:\/\/blog.ufes.br\/isaacsantos\/wp-json\/wp\/v2\/media?parent=73"}],"curies":[{"name":"wp","href":"https:\/\/api.w.org\/{rel}","templated":true}]}}