{"id":91,"date":"2017-08-23T19:04:36","date_gmt":"2017-08-23T22:04:36","guid":{"rendered":"http:\/\/blog.ufes.br\/isaacsantos\/?page_id=91"},"modified":"2020-03-03T22:25:46","modified_gmt":"2020-03-04T01:25:46","slug":"graduacao","status":"publish","type":"page","link":"https:\/\/blog.ufes.br\/isaacsantos\/ensino\/graduacao\/","title":{"rendered":"Gradua\u00e7\u00e3o"},"content":{"rendered":"<h1>Disciplinas:<\/h1>\n<p><em><strong>Per\u00edodo 2019\/2<\/strong><\/em><\/p>\n<ul>\n<li><a href=\"http:\/\/blog.ufes.br\/isaacsantos\/ensino\/graduacao\/metodos-numericos-i-2018-2\/\">M\u00e9todos Num\u00e9ricos &#8211; 2019\/2<\/a><\/li>\n<li><a href=\"http:\/\/blog.ufes.br\/isaacsantos\/ensino\/graduacao\/algebra-linear-numerica-2018-2\/\">T\u00f3picos em An\u00e1lise Num\u00e9rica (\u00c1lgebra Linear Num\u00e9rica) &#8211; 2019\/2<\/a><\/li>\n<\/ul>\n<p><em><strong>Outros<\/strong><\/em><\/p>\n<ul>\n<li><a href=\"http:\/\/blog.ufes.br\/isaacsantos\/ensino\/graduacao\/topicos-em-modelagem-matematica\/\">Modelagem Matem\u00e1tica &#8211; 2019\/1<\/a><\/li>\n<li><a href=\"http:\/\/blog.ufes.br\/isaacsantos\/ensino\/graduacao\/calculo-numerico-algoritmos-numericos-2018-1\/\" target=\"_blank\" rel=\"noopener noreferrer\">Algoritmos Num\u00e9ricos &#8211; 2018\/1<\/a><\/li>\n<li><a href=\"http:\/\/blog.ufes.br\/isaacsantos\/ensino\/graduacao\/calculo-numerico\/\">C\u00e1lculo Num\u00e9rico &#8211; 2017\/2<\/a><\/li>\n<li><a href=\"http:\/\/blog.ufes.br\/isaacsantos\/ensino\/graduacao\/calculo-numerico\/\">Algoritmos Num\u00e9ricos &#8211; 2017\/2<\/a><\/li>\n<\/ul>\n<div>Acesso \u00e0s&nbsp;aulas&nbsp;para alunos n\u00e3o matriculados nas disciplinas<\/div>\n<div><\/div>\n","protected":false},"excerpt":{"rendered":"<p>Disciplinas: Per\u00edodo 2019\/2 M\u00e9todos Num\u00e9ricos &#8211; 2019\/2 T\u00f3picos em An\u00e1lise Num\u00e9rica (\u00c1lgebra Linear Num\u00e9rica) &#8211; 2019\/2 Outros Modelagem Matem\u00e1tica &#8211; 2019\/1 Algoritmos Num\u00e9ricos &#8211; 2018\/1 C\u00e1lculo Num\u00e9rico &#8211; 2017\/2 Algoritmos Num\u00e9ricos &#8211; 2017\/2 Acesso \u00e0s&nbsp;aulas&nbsp;para alunos n\u00e3o matriculados nas disciplinas<\/p>\n","protected":false},"author":279,"featured_media":0,"parent":73,"menu_order":0,"comment_status":"closed","ping_status":"closed","template":"","meta":{"_bbp_topic_count":0,"_bbp_reply_count":0,"_bbp_total_topic_count":0,"_bbp_total_reply_count":0,"_bbp_voice_count":0,"_bbp_anonymous_reply_count":0,"_bbp_topic_count_hidden":0,"_bbp_reply_count_hidden":0,"_bbp_forum_subforum_count":0,"_uag_custom_page_level_css":"","footnotes":""},"class_list":["post-91","page","type-page","status-publish","hentry"],"uagb_featured_image_src":{"full":false,"thumbnail":false,"medium":false,"medium_large":false,"large":false,"1536x1536":false,"2048x2048":false,"post-thumbnail":false,"large-feature":false,"small-feature":false},"uagb_author_info":{"display_name":"Isaac","author_link":"https:\/\/blog.ufes.br\/isaacsantos\/author\/isaac_pinheiro-dos-santos\/"},"uagb_comment_info":0,"uagb_excerpt":"Disciplinas: Per\u00edodo 2019\/2 M\u00e9todos Num\u00e9ricos &#8211; 2019\/2 T\u00f3picos em An\u00e1lise Num\u00e9rica (\u00c1lgebra Linear Num\u00e9rica) &#8211; 2019\/2 Outros Modelagem Matem\u00e1tica &#8211; 2019\/1 Algoritmos Num\u00e9ricos &#8211; 2018\/1 C\u00e1lculo Num\u00e9rico &#8211; 2017\/2 Algoritmos Num\u00e9ricos &#8211; 2017\/2 Acesso \u00e0s&nbsp;aulas&nbsp;para alunos n\u00e3o matriculados nas disciplinas","_links":{"self":[{"href":"https:\/\/blog.ufes.br\/isaacsantos\/wp-json\/wp\/v2\/pages\/91","targetHints":{"allow":["GET"]}}],"collection":[{"href":"https:\/\/blog.ufes.br\/isaacsantos\/wp-json\/wp\/v2\/pages"}],"about":[{"href":"https:\/\/blog.ufes.br\/isaacsantos\/wp-json\/wp\/v2\/types\/page"}],"author":[{"embeddable":true,"href":"https:\/\/blog.ufes.br\/isaacsantos\/wp-json\/wp\/v2\/users\/279"}],"replies":[{"embeddable":true,"href":"https:\/\/blog.ufes.br\/isaacsantos\/wp-json\/wp\/v2\/comments?post=91"}],"version-history":[{"count":20,"href":"https:\/\/blog.ufes.br\/isaacsantos\/wp-json\/wp\/v2\/pages\/91\/revisions"}],"predecessor-version":[{"id":692,"href":"https:\/\/blog.ufes.br\/isaacsantos\/wp-json\/wp\/v2\/pages\/91\/revisions\/692"}],"up":[{"embeddable":true,"href":"https:\/\/blog.ufes.br\/isaacsantos\/wp-json\/wp\/v2\/pages\/73"}],"wp:attachment":[{"href":"https:\/\/blog.ufes.br\/isaacsantos\/wp-json\/wp\/v2\/media?parent=91"}],"curies":[{"name":"wp","href":"https:\/\/api.w.org\/{rel}","templated":true}]}}