{"id":104,"date":"2016-04-07T23:38:30","date_gmt":"2016-04-07T23:38:30","guid":{"rendered":"http:\/\/blog.ufes.br\/iurygoncalves\/?page_id=104"},"modified":"2016-04-09T21:24:31","modified_gmt":"2016-04-09T21:24:31","slug":"previsao-de-ondas-e-da-atmosfera","status":"publish","type":"page","link":"https:\/\/blog.ufes.br\/iurygoncalves\/previsao-de-ondas-e-da-atmosfera\/","title":{"rendered":"Previs\u00f5es de ondas e da atmosfera"},"content":{"rendered":"<p><strong>Previs\u00f5es de ondas e da atmosfera<\/strong><\/p>\n<p>As previs\u00f5es de ondas s\u00e3o realizadas atrav\u00e9s\u00a0 do modelo <em>WAVEWATCH III &#8211; WW3<\/em>. J\u00e1 as previs\u00f5es da atmosfera s\u00e3o geradas pelo modelo <span class=\"st\"><em>Weather Research and Forecasting<\/em> &#8211; <em>WRF<\/em>. Para visualizar\u00a0 as previs\u00f5es, as quais s\u00e3o realizadas pelo grupo de Modelagem de Ondas Oce\u00e2nicas do Instituto Nacional de Pesquisas Espaciais &#8211; INPE, sob responsabilidade do Professor\u00a0 Dr. Valdir Innocentini, acesse:<\/span><\/p>\n<ul>\n<li><a href=\"http:\/\/www.lamma.ufrj.br\/sites\/spo\/\" target=\"_blank\">Sistema de Previs\u00e3o de Ondas e Monitoramento Costeiro &#8211; INPE.<\/a><\/li>\n<\/ul>\n<p><strong>Links de interesse<br \/>\n<\/strong><\/p>\n<ul>\n<li>Modelo de Ondas &#8211; <a href=\"http:\/\/polar.ncep.noaa.gov\/waves\/wavewatch\/wavewatch.shtml\" target=\"_blank\">WAVEWATCH III<\/a>.<\/li>\n<li>Modelo atmosf\u00e9rico &#8211; <a href=\"http:\/\/www.wrf-model.org\/index.php\">WRF<\/a><\/li>\n<li><a href=\"http:\/\/www.inpe.br\/\" target=\"_blank\">Instituto Nacional de Pesquisas Espaciais &#8211; INPE.<\/a><\/li>\n<li><a href=\"http:\/\/www.solas-int.org\/\" target=\"_blank\">Solas &#8211; Surface Ocean<\/a><\/li>\n<\/ul>\n","protected":false},"excerpt":{"rendered":"<p>Previs\u00f5es de ondas e da atmosfera As previs\u00f5es de ondas s\u00e3o realizadas atrav\u00e9s\u00a0 do modelo WAVEWATCH III &#8211; WW3. J\u00e1 as previs\u00f5es da atmosfera s\u00e3o geradas pelo modelo Weather Research and Forecasting &#8211; WRF. Para visualizar\u00a0 as previs\u00f5es, as quais &hellip; <a href=\"https:\/\/blog.ufes.br\/iurygoncalves\/previsao-de-ondas-e-da-atmosfera\/\">Continue lendo <span class=\"meta-nav\">&rarr;<\/span><\/a><\/p>\n","protected":false},"author":222,"featured_media":0,"parent":0,"menu_order":0,"comment_status":"closed","ping_status":"closed","template":"onecolumn-page.php","meta":{"_bbp_topic_count":0,"_bbp_reply_count":0,"_bbp_total_topic_count":0,"_bbp_total_reply_count":0,"_bbp_voice_count":0,"_bbp_anonymous_reply_count":0,"_bbp_topic_count_hidden":0,"_bbp_reply_count_hidden":0,"_bbp_forum_subforum_count":0,"_uag_custom_page_level_css":"","footnotes":""},"class_list":["post-104","page","type-page","status-publish","hentry"],"uagb_featured_image_src":{"full":false,"thumbnail":false,"medium":false,"medium_large":false,"large":false,"1536x1536":false,"2048x2048":false,"post-thumbnail":false},"uagb_author_info":{"display_name":"Iury Angelo Goncalves","author_link":"https:\/\/blog.ufes.br\/iurygoncalves\/author\/iury-goncalves\/"},"uagb_comment_info":0,"uagb_excerpt":"Previs\u00f5es de ondas e da atmosfera As previs\u00f5es de ondas s\u00e3o realizadas atrav\u00e9s\u00a0 do modelo WAVEWATCH III &#8211; WW3. J\u00e1 as previs\u00f5es da atmosfera s\u00e3o geradas pelo modelo Weather Research and Forecasting &#8211; WRF. Para visualizar\u00a0 as previs\u00f5es, as quais &hellip; Continue lendo &rarr;","_links":{"self":[{"href":"https:\/\/blog.ufes.br\/iurygoncalves\/wp-json\/wp\/v2\/pages\/104","targetHints":{"allow":["GET"]}}],"collection":[{"href":"https:\/\/blog.ufes.br\/iurygoncalves\/wp-json\/wp\/v2\/pages"}],"about":[{"href":"https:\/\/blog.ufes.br\/iurygoncalves\/wp-json\/wp\/v2\/types\/page"}],"author":[{"embeddable":true,"href":"https:\/\/blog.ufes.br\/iurygoncalves\/wp-json\/wp\/v2\/users\/222"}],"replies":[{"embeddable":true,"href":"https:\/\/blog.ufes.br\/iurygoncalves\/wp-json\/wp\/v2\/comments?post=104"}],"version-history":[{"count":5,"href":"https:\/\/blog.ufes.br\/iurygoncalves\/wp-json\/wp\/v2\/pages\/104\/revisions"}],"predecessor-version":[{"id":126,"href":"https:\/\/blog.ufes.br\/iurygoncalves\/wp-json\/wp\/v2\/pages\/104\/revisions\/126"}],"wp:attachment":[{"href":"https:\/\/blog.ufes.br\/iurygoncalves\/wp-json\/wp\/v2\/media?parent=104"}],"curies":[{"name":"wp","href":"https:\/\/api.w.org\/{rel}","templated":true}]}}

Previsões de ondas e da atmosfera

<p><strong>Previsões de ondas e da atmosfera</strong></p>
<p>As previsões de ondas são realizadas através  do modelo <em>WAVEWATCH III &#8211; WW3</em>. Já as previsões da atmosfera são geradas pelo modelo <span class="st"><em>Weather Research and Forecasting</em> &#8211; <em>WRF</em>. Para visualizar  as previsões, as quais são realizadas pelo grupo de Modelagem de Ondas Oceânicas do Instituto Nacional de Pesquisas Espaciais &#8211; INPE, sob responsabilidade do Professor  Dr. Valdir Innocentini, acesse:</span></p>
<ul>
<li><a href="http://www.lamma.ufrj.br/sites/spo/" target="_blank">Sistema de Previsão de Ondas e Monitoramento Costeiro &#8211; INPE.</a></li>
</ul>
<p><strong>Links de interesse<br />
</strong></p>
<ul>
<li>Modelo de Ondas &#8211; <a href="http://polar.ncep.noaa.gov/waves/wavewatch/wavewatch.shtml" target="_blank">WAVEWATCH III</a>.</li>
<li>Modelo atmosférico &#8211; <a href="http://www.wrf-model.org/index.php">WRF</a></li>
<li><a href="http://www.inpe.br/" target="_blank">Instituto Nacional de Pesquisas Espaciais &#8211; INPE.</a></li>
<li><a href="http://www.solas-int.org/" target="_blank">Solas &#8211; Surface Ocean</a></li>
</ul>

<p>Previsões de ondas e da atmosfera As previsões de ondas são realizadas através  do modelo WAVEWATCH III &#8211; WW3. Já as previsões da atmosfera são geradas pelo modelo Weather Research and Forecasting &#8211; WRF. Para visualizar  as previsões, as quais &hellip; <a href="https://blog.ufes.br/iurygoncalves/previsao-de-ondas-e-da-atmosfera/">Continue lendo <span class="meta-nav">&rarr;</span></a></p>

Previsões de ondas e da atmosfera As previsões de ondas são realizadas através  do modelo WAVEWATCH III &#8211; WW3. Já as previsões da atmosfera são geradas pelo modelo Weather Research and Forecasting &#8211; WRF. Para visualizar  as previsões, as quais &hellip; Continue lendo &rarr;
