{"id":121,"date":"2016-04-09T20:58:19","date_gmt":"2016-04-09T20:58:19","guid":{"rendered":"http:\/\/blog.ufes.br\/iurygoncalves\/?page_id=121"},"modified":"2017-03-18T15:48:23","modified_gmt":"2017-03-18T15:48:23","slug":"projetos","status":"publish","type":"page","link":"https:\/\/blog.ufes.br\/iurygoncalves\/minha-pesquisa\/projetos\/","title":{"rendered":"Projetos"},"content":{"rendered":"<p>Atualmente,\u00a0 estou trabalhando nos seguintes projetos:<\/p>\n<h3><strong>Projeto 1. Implementa\u00e7\u00e3o de um espectro de ondas curtas (s<em>hort wind\u00a0 wave spectra<\/em>) em um modelo unidimensional de camada limite. <\/strong><\/h3>\n<p>A separa\u00e7\u00e3o do escoamento do ar e a zona de abrigo s\u00e3o elementos fundamentais no processo de intera\u00e7\u00e3o ar-mar, uma vez que ambos t\u00eam potencial para modificar o desenvolvimento do campo de onda e a din\u00e2mica de ar na baixa atmosfera. Por\u00e9m, esses dois efeitos dependem principalmente da parte do espectro (em per\u00edodos menores que 2 s) n\u00e3o resolvido explicitamente pelo modelo de onda. Assim, esse projeto visa incorporar, em um modelo unidimensional de camada limite, o efeito de um espectro de ondas apropriado para ondas curtas (alta frequ\u00eancia) com objetivo de computar com maior acur\u00e1cia a din\u00e2mica da interface ar-mar. Projeto financiado pela UFES, Edital UFES\/FAP-2015. Vig\u00eancia: 03\/2016 a 12\/2018.<\/p>\n<hr \/>\n<h3><strong>Projeto 2.\u00a0 Modelagem da difus\u00e3o de g\u00e1s na superf\u00edcie de got\u00edcula espuma\u00a0 (spume droplets)<\/strong><\/h3>\n<p>Parametrizar o efeito da evapora\u00e7\u00e3o e da \u00e1rea de superf\u00edcie das got\u00edculas espumas no balan\u00e7o de CO2 na interface ar-mar, sob condi\u00e7\u00f5es de ventos fortes e mar agitado. Aqui, ser\u00e1 avaliado o efeito da circula\u00e7\u00e3o interna da got\u00edcula na difus\u00e3o de g\u00e1s em sua interface. Projeto Financiado pelo CNPq,\u00a0 Edital: Chamada Universal 01-2016, Registro N\u00b0 429402\/2016-3. Vig\u00eancia: 03\/2016 a 12\/2018.<\/p>\n<hr \/>\n<h3><strong>Projeto 3. Ensino do C\u00e1lculo Diferencial e Integral &#8211; aprendizagem com apoio de software.<\/strong><\/h3>\n<p>O presente projeto de ensino, consiste em revisar conceitos b\u00e1sicos do C\u00e1lculo Diferencial com o objetivo de proporcionar aos estudantes um melhor aproveitamento nas disciplinas de Equa\u00e7\u00f5es Diferenciais Ordin\u00e1rias\u00a0 e C\u00e1lculo Num\u00e9rico. Pretende-se, acompanhar os alunos durante o semestre, fazendo revis\u00f5es dos conceitos matem\u00e1ticos\u00a0 e resolvendo exerc\u00edcios de modelagem computacional com o aux\u00edlio do computador. Projeto financiado pela UFES\/DAA\/ProGrad,\u00a0 Edital N\u00b0 001\/2016: Projetos de Ensino, Registro N\u00b0 782351\/2016-11. Vig\u00eancia: 03\/2017 a 12\/2017.<\/p>\n<p>&nbsp;<\/p>\n","protected":false},"excerpt":{"rendered":"<p>Atualmente,\u00a0 estou trabalhando nos seguintes projetos: Projeto 1. Implementa\u00e7\u00e3o de um espectro de ondas curtas (short wind\u00a0 wave spectra) em um modelo unidimensional de camada limite. A separa\u00e7\u00e3o do escoamento do ar e a zona de abrigo s\u00e3o elementos fundamentais &hellip; <a href=\"https:\/\/blog.ufes.br\/iurygoncalves\/minha-pesquisa\/projetos\/\">Continue lendo <span class=\"meta-nav\">&rarr;<\/span><\/a><\/p>\n","protected":false},"author":222,"featured_media":0,"parent":62,"menu_order":2,"comment_status":"closed","ping_status":"closed","template":"onecolumn-page.php","meta":{"_bbp_topic_count":0,"_bbp_reply_count":0,"_bbp_total_topic_count":0,"_bbp_total_reply_count":0,"_bbp_voice_count":0,"_bbp_anonymous_reply_count":0,"_bbp_topic_count_hidden":0,"_bbp_reply_count_hidden":0,"_bbp_forum_subforum_count":0,"_uag_custom_page_level_css":"","footnotes":""},"class_list":["post-121","page","type-page","status-publish","hentry"],"uagb_featured_image_src":{"full":false,"thumbnail":false,"medium":false,"medium_large":false,"large":false,"1536x1536":false,"2048x2048":false,"post-thumbnail":false},"uagb_author_info":{"display_name":"Iury Angelo Goncalves","author_link":"https:\/\/blog.ufes.br\/iurygoncalves\/author\/iury-goncalves\/"},"uagb_comment_info":0,"uagb_excerpt":"Atualmente,\u00a0 estou trabalhando nos seguintes projetos: Projeto 1. Implementa\u00e7\u00e3o de um espectro de ondas curtas (short wind\u00a0 wave spectra) em um modelo unidimensional de camada limite. A separa\u00e7\u00e3o do escoamento do ar e a zona de abrigo s\u00e3o elementos fundamentais &hellip; Continue lendo &rarr;","_links":{"self":[{"href":"https:\/\/blog.ufes.br\/iurygoncalves\/wp-json\/wp\/v2\/pages\/121","targetHints":{"allow":["GET"]}}],"collection":[{"href":"https:\/\/blog.ufes.br\/iurygoncalves\/wp-json\/wp\/v2\/pages"}],"about":[{"href":"https:\/\/blog.ufes.br\/iurygoncalves\/wp-json\/wp\/v2\/types\/page"}],"author":[{"embeddable":true,"href":"https:\/\/blog.ufes.br\/iurygoncalves\/wp-json\/wp\/v2\/users\/222"}],"replies":[{"embeddable":true,"href":"https:\/\/blog.ufes.br\/iurygoncalves\/wp-json\/wp\/v2\/comments?post=121"}],"version-history":[{"count":6,"href":"https:\/\/blog.ufes.br\/iurygoncalves\/wp-json\/wp\/v2\/pages\/121\/revisions"}],"predecessor-version":[{"id":131,"href":"https:\/\/blog.ufes.br\/iurygoncalves\/wp-json\/wp\/v2\/pages\/121\/revisions\/131"}],"up":[{"embeddable":true,"href":"https:\/\/blog.ufes.br\/iurygoncalves\/wp-json\/wp\/v2\/pages\/62"}],"wp:attachment":[{"href":"https:\/\/blog.ufes.br\/iurygoncalves\/wp-json\/wp\/v2\/media?parent=121"}],"curies":[{"name":"wp","href":"https:\/\/api.w.org\/{rel}","templated":true}]}}

<p>Atualmente,  estou trabalhando nos seguintes projetos:</p>
<h3><strong>Projeto 1. Implementação de um espectro de ondas curtas (s<em>hort wind  wave spectra</em>) em um modelo unidimensional de camada limite. </strong></h3>
<p>A separação do escoamento do ar e a zona de abrigo são elementos fundamentais no processo de interação ar-mar, uma vez que ambos têm potencial para modificar o desenvolvimento do campo de onda e a dinâmica de ar na baixa atmosfera. Porém, esses dois efeitos dependem principalmente da parte do espectro (em períodos menores que 2 s) não resolvido explicitamente pelo modelo de onda. Assim, esse projeto visa incorporar, em um modelo unidimensional de camada limite, o efeito de um espectro de ondas apropriado para ondas curtas (alta frequência) com objetivo de computar com maior acurácia a dinâmica da interface ar-mar. Projeto financiado pela UFES, Edital UFES/FAP-2015. Vigência: 03/2016 a 12/2018.</p>
<hr />
<h3><strong>Projeto 2.  Modelagem da difusão de gás na superfície de gotícula espuma  (spume droplets)</strong></h3>
<p>Parametrizar o efeito da evaporação e da área de superfície das gotículas espumas no balanço de CO2 na interface ar-mar, sob condições de ventos fortes e mar agitado. Aqui, será avaliado o efeito da circulação interna da gotícula na difusão de gás em sua interface. Projeto Financiado pelo CNPq,  Edital: Chamada Universal 01-2016, Registro N° 429402/2016-3. Vigência: 03/2016 a 12/2018.</p>
<hr />
<h3><strong>Projeto 3. Ensino do Cálculo Diferencial e Integral &#8211; aprendizagem com apoio de software.</strong></h3>
<p>O presente projeto de ensino, consiste em revisar conceitos básicos do Cálculo Diferencial com o objetivo de proporcionar aos estudantes um melhor aproveitamento nas disciplinas de Equações Diferenciais Ordinárias  e Cálculo Numérico. Pretende-se, acompanhar os alunos durante o semestre, fazendo revisões dos conceitos matemáticos  e resolvendo exercícios de modelagem computacional com o auxílio do computador. Projeto financiado pela UFES/DAA/ProGrad,  Edital N° 001/2016: Projetos de Ensino, Registro N° 782351/2016-11. Vigência: 03/2017 a 12/2017.</p>
<p>&nbsp;</p>

<p>Atualmente,  estou trabalhando nos seguintes projetos: Projeto 1. Implementação de um espectro de ondas curtas (short wind  wave spectra) em um modelo unidimensional de camada limite. A separação do escoamento do ar e a zona de abrigo são elementos fundamentais &hellip; <a href="https://blog.ufes.br/iurygoncalves/minha-pesquisa/projetos/">Continue lendo <span class="meta-nav">&rarr;</span></a></p>

Atualmente,  estou trabalhando nos seguintes projetos: Projeto 1. Implementação de um espectro de ondas curtas (short wind  wave spectra) em um modelo unidimensional de camada limite. A separação do escoamento do ar e a zona de abrigo são elementos fundamentais &hellip; Continue lendo &rarr;
