{"id":62,"date":"2016-04-07T17:45:17","date_gmt":"2016-04-07T17:45:17","guid":{"rendered":"http:\/\/blog.ufes.br\/iurygoncalves\/?page_id=62"},"modified":"2016-04-09T21:24:49","modified_gmt":"2016-04-09T21:24:49","slug":"minha-pesquisa","status":"publish","type":"page","link":"https:\/\/blog.ufes.br\/iurygoncalves\/minha-pesquisa\/","title":{"rendered":"Minha Pesquisa"},"content":{"rendered":"<p>A minha pesquisa \u00e9 voltada para a modelagem computacional\u00a0 dos processos\u00a0 intera\u00e7\u00e3o da atmosfera com o oceano agitado (modelagem de ondas oce\u00e2nicas). Estou envolvido particularmente no estudo das parametriza\u00e7\u00f5es dos\u00a0 processos que ocorrem na interface ar-mar, tais como: turbul\u00eancia na\u00a0 baixa atmosfera acima do mar, aerodin\u00e2mica da superf\u00edcie do mar,\u00a0<em> sea-spray<\/em>, <em>sheltered surface<\/em>, transportes de momentum,\u00a0 calor e g\u00e1s\u00a0 induzidos pela agita\u00e7\u00e3o mar\u00edtima. De modo geral,\u00a0 busco entender como esses processos de pequena escala podem afetar a atmosfera e o clima.<\/p>\n","protected":false},"excerpt":{"rendered":"<p>A minha pesquisa \u00e9 voltada para a modelagem computacional\u00a0 dos processos\u00a0 intera\u00e7\u00e3o da atmosfera com o oceano agitado (modelagem de ondas oce\u00e2nicas). Estou envolvido particularmente no estudo das parametriza\u00e7\u00f5es dos\u00a0 processos que ocorrem na interface ar-mar, tais como: turbul\u00eancia na\u00a0 &hellip; <a href=\"https:\/\/blog.ufes.br\/iurygoncalves\/minha-pesquisa\/\">Continue lendo <span class=\"meta-nav\">&rarr;<\/span><\/a><\/p>\n","protected":false},"author":222,"featured_media":0,"parent":0,"menu_order":0,"comment_status":"closed","ping_status":"closed","template":"onecolumn-page.php","meta":{"_bbp_topic_count":0,"_bbp_reply_count":0,"_bbp_total_topic_count":0,"_bbp_total_reply_count":0,"_bbp_voice_count":0,"_bbp_anonymous_reply_count":0,"_bbp_topic_count_hidden":0,"_bbp_reply_count_hidden":0,"_bbp_forum_subforum_count":0,"_uag_custom_page_level_css":"","footnotes":""},"class_list":["post-62","page","type-page","status-publish","hentry"],"uagb_featured_image_src":{"full":false,"thumbnail":false,"medium":false,"medium_large":false,"large":false,"1536x1536":false,"2048x2048":false,"post-thumbnail":false},"uagb_author_info":{"display_name":"Iury Angelo Goncalves","author_link":"https:\/\/blog.ufes.br\/iurygoncalves\/author\/iury-goncalves\/"},"uagb_comment_info":0,"uagb_excerpt":"A minha pesquisa \u00e9 voltada para a modelagem computacional\u00a0 dos processos\u00a0 intera\u00e7\u00e3o da atmosfera com o oceano agitado (modelagem de ondas oce\u00e2nicas). Estou envolvido particularmente no estudo das parametriza\u00e7\u00f5es dos\u00a0 processos que ocorrem na interface ar-mar, tais como: turbul\u00eancia na\u00a0 &hellip; Continue lendo &rarr;","_links":{"self":[{"href":"https:\/\/blog.ufes.br\/iurygoncalves\/wp-json\/wp\/v2\/pages\/62","targetHints":{"allow":["GET"]}}],"collection":[{"href":"https:\/\/blog.ufes.br\/iurygoncalves\/wp-json\/wp\/v2\/pages"}],"about":[{"href":"https:\/\/blog.ufes.br\/iurygoncalves\/wp-json\/wp\/v2\/types\/page"}],"author":[{"embeddable":true,"href":"https:\/\/blog.ufes.br\/iurygoncalves\/wp-json\/wp\/v2\/users\/222"}],"replies":[{"embeddable":true,"href":"https:\/\/blog.ufes.br\/iurygoncalves\/wp-json\/wp\/v2\/comments?post=62"}],"version-history":[{"count":3,"href":"https:\/\/blog.ufes.br\/iurygoncalves\/wp-json\/wp\/v2\/pages\/62\/revisions"}],"predecessor-version":[{"id":72,"href":"https:\/\/blog.ufes.br\/iurygoncalves\/wp-json\/wp\/v2\/pages\/62\/revisions\/72"}],"wp:attachment":[{"href":"https:\/\/blog.ufes.br\/iurygoncalves\/wp-json\/wp\/v2\/media?parent=62"}],"curies":[{"name":"wp","href":"https:\/\/api.w.org\/{rel}","templated":true}]}}

<p>A minha pesquisa é voltada para a modelagem computacional  dos processos  interação da atmosfera com o oceano agitado (modelagem de ondas oceânicas). Estou envolvido particularmente no estudo das parametrizações dos  processos que ocorrem na interface ar-mar, tais como: turbulência na  baixa atmosfera acima do mar, aerodinâmica da superfície do mar, <em> sea-spray</em>, <em>sheltered surface</em>, transportes de momentum,  calor e gás  induzidos pela agitação marítima. De modo geral,  busco entender como esses processos de pequena escala podem afetar a atmosfera e o clima.</p>

<p>A minha pesquisa é voltada para a modelagem computacional  dos processos  interação da atmosfera com o oceano agitado (modelagem de ondas oceânicas). Estou envolvido particularmente no estudo das parametrizações dos  processos que ocorrem na interface ar-mar, tais como: turbulência na  &hellip; <a href="https://blog.ufes.br/iurygoncalves/minha-pesquisa/">Continue lendo <span class="meta-nav">&rarr;</span></a></p>

A minha pesquisa é voltada para a modelagem computacional  dos processos  interação da atmosfera com o oceano agitado (modelagem de ondas oceânicas). Estou envolvido particularmente no estudo das parametrizações dos  processos que ocorrem na interface ar-mar, tais como: turbulência na  &hellip; Continue lendo &rarr;
