{"id":70,"date":"2016-04-07T21:36:17","date_gmt":"2016-04-07T21:36:17","guid":{"rendered":"http:\/\/blog.ufes.br\/iurygoncalves\/?page_id=70"},"modified":"2018-06-27T11:22:42","modified_gmt":"2018-06-27T11:22:42","slug":"publicacoes","status":"publish","type":"page","link":"https:\/\/blog.ufes.br\/iurygoncalves\/minha-pesquisa\/publicacoes\/","title":{"rendered":"Publica\u00e7\u00f5es"},"content":{"rendered":"<div dir=\"ltr\">Disserta\u00e7\u00e3o de Mestrado (2009)<\/div>\n<h3><strong>Impacto do Efeito da Quebra de Ondas Oce\u00e2nicas na Estrutura da Camada Limite Atmosf\u00e9rica.<\/strong><\/h3>\n<div dir=\"ltr\" style=\"text-align: justify\">Neste trabalho foi constru\u00eddo um modelo num\u00e9rico unidimensional de Camada Limite Planet\u00e1ria (CLP), com a Camada de Limite Superficial\u00a0 segundo a teoria de similaridade e os coeficientes de difusividade extrapolados ate o topo da CLP. Os processos f\u00edsicos do arrasto das ondas e da produ\u00e7\u00e3o de got\u00edculas na atmosfera foram implementados no modelo com o intuito de compreender e avaliar seus efeitos (transporte de momentum e calor) na estrutura da CLP.<\/div>\n<div dir=\"ltr\" style=\"text-align: justify\">Acesse agora: <a href=\"http:\/\/mtc-m18.sid.inpe.br\/rep\/sid.inpe.br\/mtc-m18@80\/2009\/02.03.18.25?mirror=sid.inpe.br\/mtc-m18@80\/2008\/03.17.15.17.24&amp;metadatarepository=sid.inpe.br\/mtc-m18@80\/2009\/02.03.18.25.41\" target=\"_blank\" rel=\"noopener\">http:\/\/mtc-m18.sid.inpe.br\/<\/a><\/div>\n<div dir=\"ltr\">\n<hr \/>\n<\/div>\n<div dir=\"ltr\">Artigo Cient\u00edfico (2010)<\/div>\n<h3><strong>The Impact of Spume Droplets and Wave Stress Parametrizations on Simulated Near-Surface Maritime Wind and Temperature.<\/strong><\/h3>\n<div dir=\"ltr\" style=\"text-align: justify\">The influence of ocean gravity waves on the wind and temperature above the surface is investigated using a one-dimensional boundary layer model. The effect of the wave-induced stress is evaluated using three parameterizations: wave age (WaAg), wave steepness (WaSt), and wind action on the wave spectrum (WiAc). It is found that while the WaAg is more effective in reducing the wind for young waves, in the WaSt approach the maximum reduction is for old waves. On the other hand, the WiAc is very sensitive to the energy present in high frequencies corresponding to periods less than 2 s, which are found in both young and mature spectra. Since observations show that most of the wave stress is due to the small-period wave energy, in this aspect the WaSt parameterization is not recommended; WaAg is not as accurate; and thus WiAc is the best among the three, although its computational cost is the highest.<\/div>\n<div dir=\"ltr\" style=\"text-align: justify\">Acesse agora:<a href=\"http:\/\/journals.ametsoc.org\/doi\/abs\/10.1175\/2010JPO4349.1\" target=\"_blank\" rel=\"noopener\"> http:\/\/journals.ametsoc.org<\/a><\/div>\n<div dir=\"ltr\">\n<hr \/>\n<\/div>\n<div dir=\"ltr\">Tese de doutorado (2014)<\/div>\n<h3><strong><span style=\"color: #000000\">Parametriza\u00e7\u00f5es dos Efeitos da Quebra de Ondas Oce\u00e2nicas e Got\u00edculas na Modelagem Num\u00e9rica dos Processos de Troca de CO2, Momentum e Calor na Interface Oceano-Atmosfera.<\/span><\/strong><\/h3>\n<div dir=\"ltr\" style=\"text-align: justify\">Essa pesquisa teve como objetivos (i) avaliar, na presen\u00e7a de ondas, os efeitos da rugosidade do mar, da separa\u00e7\u00e3o do escoamento do ar, da superf\u00edcie de abrigo\u00a0 e da produ\u00e7\u00e3o\u00a0 de got\u00edculas espumas na\u00a0 transfer\u00eancias de momentum e g\u00e1s na interface ar-mar utilizando um modelo unidimensional de camada limite, (ii) construir um modelo fortemente acoplado oceano-atmosfera e (iii) utilizar o modelo acoplado para estudar os efeitos das parametriza\u00e7\u00f5es de got\u00edculas e do desenvolvimento do mar na evolu\u00e7\u00e3o, dissipa\u00e7\u00e3o e trajet\u00f3rias de ciclones. Foram desenvolvidas parametriza\u00e7\u00f5es\u00a0 que quantificam o efeito das got\u00edculas no balan\u00e7o de CO2 na interface ar-mar.<\/div>\n<div dir=\"ltr\" style=\"text-align: justify\">Acesse agora:<a href=\"http:\/\/mtc-m19.sid.inpe.br\/col\/sid.inpe.br\/mtc-m19\/2014\/01.20.13.29\/doc\/publicacao.pdf?ibiurl.language=pt-BR\" target=\"_blank\" rel=\"noopener\"> http:\/\/mtc-m19.sid.inpe.br<\/a><\/div>\n<div dir=\"ltr\" style=\"text-align: justify\">\n<hr \/>\n<\/div>\n<div dir=\"ltr\" style=\"text-align: justify\">Artigo Cient\u00edfico (2018)<\/div>\n<h3 class=\"ArticleTitle\"><strong>Analytical Quantification of Carbon Dioxide Exchange Mediated by Spume Droplets<\/strong><\/h3>\n<div dir=\"ltr\"><em>The role of spume droplets in the air\u2013sea exchange of <span id=\"IEq1\" class=\"InlineEquation\"><span id=\"MathJax-Element-1-Frame\" class=\"MathJax\" role=\"presentation\"><span id=\"MathJax-Span-1\" class=\"math\"><span id=\"MathJax-Span-2\" class=\"mrow\"><span id=\"MathJax-Span-3\" class=\"msubsup\"><span id=\"MathJax-Span-4\" class=\"mstyle\"><span id=\"MathJax-Span-5\" class=\"mrow\"><span id=\"MathJax-Span-6\" class=\"mtext\">CO<\/span><\/span><\/span><span id=\"MathJax-Span-7\" class=\"mn\">2<\/span><\/span><\/span><\/span><\/span><\/span><span id=\"IEq1\" class=\"InlineEquation\"><\/span> is investigated by applying simultaneous rate equations for the mass of dissolved <span id=\"IEq2\" class=\"InlineEquation\"><span id=\"MathJax-Element-2-Frame\" class=\"MathJax\" role=\"presentation\"><span id=\"MathJax-Span-8\" class=\"math\"><span id=\"MathJax-Span-9\" class=\"mrow\"><span id=\"MathJax-Span-10\" class=\"msubsup\"><span id=\"MathJax-Span-11\" class=\"mstyle\"><span id=\"MathJax-Span-12\" class=\"mrow\"><span id=\"MathJax-Span-13\" class=\"mtext\">CO<\/span><\/span><\/span><span id=\"MathJax-Span-14\" class=\"mn\">2<\/span><\/span><\/span><\/span><\/span><\/span><span id=\"IEq2\" class=\"InlineEquation\"><\/span>, radius, and temperature of a droplet. The life of a droplet can be divided into two phases, except when the air is saturated, and when the air and sea temperatures are the same. In the first phase, the <span id=\"IEq3\" class=\"InlineEquation\"><span id=\"MathJax-Element-3-Frame\" class=\"MathJax\" role=\"presentation\"><span id=\"MathJax-Span-15\" class=\"math\"><span id=\"MathJax-Span-16\" class=\"mrow\"><span id=\"MathJax-Span-17\" class=\"msubsup\"><span id=\"MathJax-Span-18\" class=\"mstyle\"><span id=\"MathJax-Span-19\" class=\"mrow\"><span id=\"MathJax-Span-20\" class=\"mtext\">CO<\/span><\/span><\/span><span id=\"MathJax-Span-21\" class=\"mn\">2<\/span><\/span><\/span><\/span><\/span><\/span><span id=\"IEq3\" class=\"InlineEquation\"><\/span> fluxes at the droplet surface and at the air\u2013sea interface are in the same direction. In the second phase, the air\u2013droplet <span id=\"IEq4\" class=\"InlineEquation\"><span id=\"MathJax-Element-4-Frame\" class=\"MathJax\" role=\"presentation\"><span id=\"MathJax-Span-22\" class=\"math\"><span id=\"MathJax-Span-23\" class=\"mrow\"><span id=\"MathJax-Span-24\" class=\"msubsup\"><span id=\"MathJax-Span-25\" class=\"mstyle\"><span id=\"MathJax-Span-26\" class=\"mrow\"><span id=\"MathJax-Span-27\" class=\"mtext\">CO<\/span><\/span><\/span><span id=\"MathJax-Span-28\" class=\"mn\">2<\/span><\/span><\/span><\/span><\/span><\/span><span id=\"IEq4\" class=\"InlineEquation\"><\/span> gradient vanishes, and the droplet loses water and <span id=\"IEq5\" class=\"InlineEquation\"><span id=\"MathJax-Element-5-Frame\" class=\"MathJax\" role=\"presentation\"><span id=\"MathJax-Span-29\" class=\"math\"><span id=\"MathJax-Span-30\" class=\"mrow\"><span id=\"MathJax-Span-31\" class=\"msubsup\"><span id=\"MathJax-Span-32\" class=\"mstyle\"><span id=\"MathJax-Span-33\" class=\"mrow\"><span id=\"MathJax-Span-34\" class=\"mtext\">CO<\/span><\/span><\/span><span id=\"MathJax-Span-35\" class=\"mn\">2<\/span><\/span><\/span><\/span><\/span><\/span><span id=\"IEq5\" class=\"InlineEquation\"><\/span> as long as there is evaporation. The largest sea\u2013air <span id=\"IEq6\" class=\"InlineEquation\"><span id=\"MathJax-Element-6-Frame\" class=\"MathJax\" role=\"presentation\"><span id=\"MathJax-Span-36\" class=\"math\"><span id=\"MathJax-Span-37\" class=\"mrow\"><span id=\"MathJax-Span-38\" class=\"msubsup\"><span id=\"MathJax-Span-39\" class=\"mstyle\"><span id=\"MathJax-Span-40\" class=\"mrow\"><span id=\"MathJax-Span-41\" class=\"mtext\">CO<\/span><\/span><\/span><span id=\"MathJax-Span-42\" class=\"mn\">2<\/span><\/span><\/span><\/span><\/span><\/span><span id=\"IEq6\" class=\"InlineEquation\"><\/span> transfer by the droplets is in the case where the sea temperature is greater than the air temperature, and the air\u2013sea <span id=\"IEq7\" class=\"InlineEquation\"><span id=\"MathJax-Element-7-Frame\" class=\"MathJax\" role=\"presentation\"><span id=\"MathJax-Span-43\" class=\"math\"><span id=\"MathJax-Span-44\" class=\"mrow\"><span id=\"MathJax-Span-45\" class=\"msubsup\"><span id=\"MathJax-Span-46\" class=\"mstyle\"><span id=\"MathJax-Span-47\" class=\"mrow\"><span id=\"MathJax-Span-48\" class=\"mtext\">CO<\/span><\/span><\/span><span id=\"MathJax-Span-49\" class=\"mn\">2<\/span><\/span><\/span><\/span><\/span><\/span><span id=\"IEq7\" class=\"InlineEquation\"><\/span> concentration gradient is towards the air. The net transfer of <span id=\"IEq8\" class=\"InlineEquation\"><span id=\"MathJax-Element-8-Frame\" class=\"MathJax\" role=\"presentation\"><span id=\"MathJax-Span-50\" class=\"math\"><span id=\"MathJax-Span-51\" class=\"mrow\"><span id=\"MathJax-Span-52\" class=\"msubsup\"><span id=\"MathJax-Span-53\" class=\"mstyle\"><span id=\"MathJax-Span-54\" class=\"mrow\"><span id=\"MathJax-Span-55\" class=\"mtext\">CO<\/span><\/span><\/span><span id=\"MathJax-Span-56\" class=\"mn\">2<\/span><\/span><\/span><\/span><\/span><\/span><span id=\"IEq8\" class=\"InlineEquation\"><\/span> for a droplet depends on its lifetime, which is longer for smaller droplets. The overall role of a droplet spectrum is assessed assuming a sea-spray generation function for radii from 30 to 500\u00a0<span id=\"IEq9\" class=\"InlineEquation\"><span id=\"MathJax-Element-9-Frame\" class=\"MathJax\" role=\"presentation\"><span id=\"MathJax-Span-57\" class=\"math\"><span id=\"MathJax-Span-58\" class=\"mrow\"><span id=\"MathJax-Span-59\" class=\"texatom\"><span id=\"MathJax-Span-60\" class=\"mrow\"><span id=\"MathJax-Span-61\" class=\"mtext\">\u03bc<\/span><\/span><\/span><\/span><\/span><\/span><\/span><span id=\"IEq9\" class=\"InlineEquation\"><\/span>m, whose formulation of its dependence on the surface-wave peak period and 10-m wind speed is currently accepted; for situations with an air\u2013sea <span id=\"IEq10\" class=\"InlineEquation\"><span id=\"MathJax-Element-10-Frame\" class=\"MathJax\" role=\"presentation\"><span id=\"MathJax-Span-62\" class=\"math\"><span id=\"MathJax-Span-63\" class=\"mrow\"><span id=\"MathJax-Span-64\" class=\"msubsup\"><span id=\"MathJax-Span-65\" class=\"mstyle\"><span id=\"MathJax-Span-66\" class=\"mrow\"><span id=\"MathJax-Span-67\" class=\"mtext\">CO<\/span><\/span><\/span><span id=\"MathJax-Span-68\" class=\"mn\">2<\/span><\/span><\/span><\/span><\/span><\/span><span id=\"IEq10\" class=\"InlineEquation\"><\/span> concentration gradient towards the air and a warmer sea than the air, the overall transfer obtained is towards the sea. The effect of the turbulence is analyzed by increasing the droplet lifetime by a factor of 10, which increases the <span id=\"IEq11\" class=\"InlineEquation\"><span id=\"MathJax-Element-11-Frame\" class=\"MathJax\" role=\"presentation\"><span id=\"MathJax-Span-69\" class=\"math\"><span id=\"MathJax-Span-70\" class=\"mrow\"><span id=\"MathJax-Span-71\" class=\"msubsup\"><span id=\"MathJax-Span-72\" class=\"mstyle\"><span id=\"MathJax-Span-73\" class=\"mrow\"><span id=\"MathJax-Span-74\" class=\"mtext\">CO<\/span><\/span><\/span><span id=\"MathJax-Span-75\" class=\"mn\">2<\/span><\/span><\/span><\/span><\/span><\/span><span id=\"IEq11\" class=\"InlineEquation\"><\/span> flux towards the sea for droplet spectra composed mainly of small droplets (generated by waves with small peak period). However, the mean droplet size is larger for droplets generated by waves with a high peak period, and then the flux is towards the air because many large droplets reach the second phase. Acesse agora: <a href=\"https:\/\/rdcu.be\/1ZtO\">10.1007\/s10546-018-0369<\/a><br \/>\n<\/em><\/div>\n<div dir=\"ltr\">\n<hr \/>\n<\/div>\n<p>&nbsp;<\/p>\n<p>&nbsp;<\/p>\n","protected":false},"excerpt":{"rendered":"<p>Disserta\u00e7\u00e3o de Mestrado (2009) Impacto do Efeito da Quebra de Ondas Oce\u00e2nicas na Estrutura da Camada Limite Atmosf\u00e9rica. Neste trabalho foi constru\u00eddo um modelo num\u00e9rico unidimensional de Camada Limite Planet\u00e1ria (CLP), com a Camada de Limite Superficial\u00a0 segundo a teoria &hellip; <a href=\"https:\/\/blog.ufes.br\/iurygoncalves\/minha-pesquisa\/publicacoes\/\">Continue lendo <span class=\"meta-nav\">&rarr;<\/span><\/a><\/p>\n","protected":false},"author":222,"featured_media":0,"parent":62,"menu_order":3,"comment_status":"closed","ping_status":"closed","template":"onecolumn-page.php","meta":{"_bbp_topic_count":0,"_bbp_reply_count":0,"_bbp_total_topic_count":0,"_bbp_total_reply_count":0,"_bbp_voice_count":0,"_bbp_anonymous_reply_count":0,"_bbp_topic_count_hidden":0,"_bbp_reply_count_hidden":0,"_bbp_forum_subforum_count":0,"_uag_custom_page_level_css":"","footnotes":""},"class_list":["post-70","page","type-page","status-publish","hentry"],"uagb_featured_image_src":{"full":false,"thumbnail":false,"medium":false,"medium_large":false,"large":false,"1536x1536":false,"2048x2048":false,"post-thumbnail":false},"uagb_author_info":{"display_name":"Iury Angelo Goncalves","author_link":"https:\/\/blog.ufes.br\/iurygoncalves\/author\/iury-goncalves\/"},"uagb_comment_info":0,"uagb_excerpt":"Disserta\u00e7\u00e3o de Mestrado (2009) Impacto do Efeito da Quebra de Ondas Oce\u00e2nicas na Estrutura da Camada Limite Atmosf\u00e9rica. Neste trabalho foi constru\u00eddo um modelo num\u00e9rico unidimensional de Camada Limite Planet\u00e1ria (CLP), com a Camada de Limite Superficial\u00a0 segundo a teoria &hellip; Continue lendo &rarr;","_links":{"self":[{"href":"https:\/\/blog.ufes.br\/iurygoncalves\/wp-json\/wp\/v2\/pages\/70","targetHints":{"allow":["GET"]}}],"collection":[{"href":"https:\/\/blog.ufes.br\/iurygoncalves\/wp-json\/wp\/v2\/pages"}],"about":[{"href":"https:\/\/blog.ufes.br\/iurygoncalves\/wp-json\/wp\/v2\/types\/page"}],"author":[{"embeddable":true,"href":"https:\/\/blog.ufes.br\/iurygoncalves\/wp-json\/wp\/v2\/users\/222"}],"replies":[{"embeddable":true,"href":"https:\/\/blog.ufes.br\/iurygoncalves\/wp-json\/wp\/v2\/comments?post=70"}],"version-history":[{"count":22,"href":"https:\/\/blog.ufes.br\/iurygoncalves\/wp-json\/wp\/v2\/pages\/70\/revisions"}],"predecessor-version":[{"id":149,"href":"https:\/\/blog.ufes.br\/iurygoncalves\/wp-json\/wp\/v2\/pages\/70\/revisions\/149"}],"up":[{"embeddable":true,"href":"https:\/\/blog.ufes.br\/iurygoncalves\/wp-json\/wp\/v2\/pages\/62"}],"wp:attachment":[{"href":"https:\/\/blog.ufes.br\/iurygoncalves\/wp-json\/wp\/v2\/media?parent=70"}],"curies":[{"name":"wp","href":"https:\/\/api.w.org\/{rel}","templated":true}]}}