{"id":105,"date":"2017-04-11T18:34:08","date_gmt":"2017-04-11T21:34:08","guid":{"rendered":"http:\/\/blog.ufes.br\/jairfreitas\/?page_id=105"},"modified":"2020-03-03T17:40:12","modified_gmt":"2020-03-03T20:40:12","slug":"programa","status":"publish","type":"page","link":"https:\/\/blog.ufes.br\/jairfreitas\/disciplinas\/fis3\/programa\/","title":{"rendered":"Programa"},"content":{"rendered":"<h2 style=\"text-align: center\"><span style=\"color: #ff6600\">F\u00edsica III\u00a0<\/span><\/h2>\n<h4 style=\"text-align: center\">FIS 06580<\/h4>\n<h4 style=\"text-align: center\">Semestre 2020\/01<\/h4>\n<p style=\"text-align: right\">Professor <a href=\"mailto:jairccfreitas@yahoo.com.br\">Jair C. C. Freitas<\/a><\/p>\n<p><strong>I. Programa previsto:<\/strong><\/p>\n<ol>\n<li>Carga e campo el\u00e9trico.<\/li>\n<li>Lei de Gauss.<\/li>\n<li>Potencial el\u00e9trico.<\/li>\n<li>Capacit\u00e2ncia e diel\u00e9tricos.<\/li>\n<li>Corrente el\u00e9trica.<\/li>\n<li>Circuitos de corrente cont\u00ednua.<\/li>\n<li>Campo magn\u00e9tico.<\/li>\n<li>Fontes de campo magn\u00e9tico.<\/li>\n<li>Indu\u00e7\u00e3o eletromagn\u00e9tica.<\/li>\n<li>Indut\u00e2ncia.<\/li>\n<li>Circuitos de corrente alternada.<\/li>\n<li>Equa\u00e7\u00f5es de Maxwell e ondas eletromagn\u00e9ticas.<\/li>\n<\/ol>\n<p><strong>\u00a0<\/strong><\/p>\n<p><strong>II. Bibliografia:<\/strong><\/p>\n<p style=\"text-align: left\"><u>Livro-texto<\/u>:<\/p>\n<p style=\"text-align: left\">\u201c<strong>F\u00edsica\u00a0 III \u2013 Eletromagnetismo<\/strong>\u201d, H. D. Young &amp; R. A. Freedman, 12<u><sup>a<\/sup><\/u> ed., Pearson, S\u00e3o Paulo, 2009.<\/p>\n<p><u>Textos auxiliares<\/u>: \u00a0<\/p>\n<p>\u201c<strong>Fundamentos de F\u00edsica \u2013 Vol. 3 \u2013 Eletromagnetismo<\/strong>\u201d, D. Halliday, R. Resnick, L. Walker, 9<u><sup>a<\/sup><\/u> ed., LTC Editora, Rio de Janeiro, 2012.<\/p>\n<p>\u201c<strong>Curso de F\u00edsica B\u00e1sica \u2013 Vol. 3<\/strong>\u201d, H. Mois\u00e9s Nussenzveig, Edgard Bl\u00fccher Ltda., S\u00e3o Paulo, 1998.<\/p>\n<p>\u00a0<\/p>\n<p><strong>III. Avalia\u00e7\u00e3o:<\/strong><\/p>\n<p>Ser\u00e3o aplicadas duas provas parciais, uma prova substitutiva e uma prova final, previstas para as seguintes datas:<\/p>\n<p>Prova 1\u00a0\u00a0\u00a0\u00a0 (itens 1, 2, 3 e 4)\u00a0 \u00a0 \u00a0 \u00a0 \u00a0 \u00a0 \u00a0 \u00a0 \u00a0 \u00a0 \u00a0 \u00a0 \u00a0 \u00a0 \u00a0 \u00a0 \u00a0<strong>08\/05\/2020<\/strong><\/p>\n<p>Prova 2\u00a0\u00a0\u00a0\u00a0 (itens 5, 6, 7, 8 e 9)\u00a0 \u00a0 \u00a0 \u00a0 \u00a0 \u00a0 \u00a0 \u00a0 \u00a0 \u00a0 \u00a0 \u00a0 \u00a0 \u00a0 \u00a0<strong>26\/06\/2020<\/strong><\/p>\n<p>Prova substitutiva\u00a0\u00a0\u00a0 (todo o conte\u00fado) \u00a0\u00a0\u00a0\u00a0\u00a0\u00a0\u00a0 <strong>10\/07\/2020<\/strong><\/p>\n<p>Prova final\u00a0\u00a0\u00a0\u00a0\u00a0\u00a0\u00a0\u00a0\u00a0\u00a0\u00a0 \u00a0\u00a0\u00a0\u00a0 (todo o conte\u00fado)\u00a0 \u00a0 \u00a0 \u00a0 \u00a0 \u00a0<strong>17\/07\/2020<\/strong><\/p>\n<p><strong>\u00a0\u00a0\u00a0\u00a0\u00a0\u00a0\u00a0\u00a0\u00a0\u00a0\u00a0\u00a0\u00a0\u00a0\u00a0\u00a0\u00a0\u00a0\u00a0\u00a0\u00a0\u00a0\u00a0\u00a0\u00a0\u00a0\u00a0\u00a0\u00a0\u00a0 \u00a0\u00a0\u00a0\u00a0\u00a0\u00a0\u00a0\u00a0\u00a0\u00a0\u00a0\u00a0\u00a0\u00a0\u00a0\u00a0\u00a0\u00a0\u00a0\u00a0\u00a0\u00a0\u00a0\u00a0\u00a0\u00a0\u00a0\u00a0\u00a0\u00a0\u00a0 \u00a0\u00a0\u00a0\u00a0\u00a0\u00a0\u00a0\u00a0\u00a0\u00a0\u00a0 <\/strong><\/p>\n<p>Al\u00e9m das provas ser\u00e3o aplicados diversos <u>testes<\/u> ao longo do per\u00edodo, com o objetivo de manter continuamente atualizado o conte\u00fado que est\u00e1 sendo ministrado. Esses testes ser\u00e3o baseados em problemas retirados do livro-texto e\/ou exerc\u00edcios propostos em sala de aula. A lista com os problemas e exerc\u00edcios para cada teste ser\u00e1 comunicada aproximadamente uma semana antes da sua realiza\u00e7\u00e3o.<\/p>\n<p>O controle de frequ\u00eancia dos alunos ser\u00e1 feito por meio de Listas de Presen\u00e7a. Em todas as aulas do semestre os alunos dever\u00e3o assinar a lista do dia, que \u00e9 a prova legal da presen\u00e7a do aluno na aula. A aus\u00eancia da assinatura do aluno na Lista de Presen\u00e7a em determinado dia implicar\u00e1 no c\u00f4mputo de n\u00famero de faltas correspondente ao n\u00famero de horas-aula desse dia. De acordo com as normas em vigor na UFES, cada aluno dever\u00e1 apresentar frequ\u00eancia m\u00ednima de 75% da carga hor\u00e1ria da disciplina. N\u00e3o existe abono de faltas por motivo m\u00e9dico ou por qualquer outro motivo; as aulas perdidas por quaisquer motivos devem ser enquadradas no porcentual tolerado para faltas (25 % da carga hor\u00e1ria).<\/p>\n<p>A prova substitutiva \u00e9 opcional. A m\u00e9dia parcial ser\u00e1 computada atrav\u00e9s da m\u00e9dia aritm\u00e9tica das <u>tr\u00eas maiores<\/u> notas dentre as quatro a seguir: nota da <u>prova 1<\/u>, nota da <u>prova 2<\/u>, <u>m\u00e9dia dos testes<\/u> (com elimina\u00e7\u00e3o da menor nota obtida nos testes) e nota da <u>prova substitutiva<\/u>. Os alunos que obtiverem m\u00e9dia parcial igual ou superior a 7,0 estar\u00e3o automaticamente aprovados sem a necessidade de avalia\u00e7\u00e3o final. Os alunos que n\u00e3o obtiverem essa m\u00e9dia dever\u00e3o realizar uma prova final, necessitando de obter m\u00e9dia final igual ou superior a 5,0 para conseguir aprova\u00e7\u00e3o na disciplina.<\/p>\n<p style=\"text-align: right\">\u00a0\u00a0\u00a0\u00a0\u00a0\u00a0\u00a0\u00a0 Informa\u00e7\u00f5es adicionais: <a href=\"http:\/\/blog.ufes.br\/jairfreitas\/disciplinas\/fis3\">http:\/\/blog.ufes.br\/jairfreitas\/disciplinas\/fis3<\/a><\/p>\n<p style=\"text-align: right\">\u00a0\u00a0\u00a0\u00a0\u00a0\u00a0\u00a0\u00a0 Cr\u00edticas, coment\u00e1rios e sugest\u00f5es: <a href=\"mailto:jairccfreitas@yahoo.com.br\">jairccfreitas@yahoo.com.br<\/a><\/p>\n\n\n<p><\/p>\n","protected":false},"excerpt":{"rendered":"<p>F\u00edsica III\u00a0 FIS 06580 Semestre 2020\/01 Professor Jair C. C. Freitas I. Programa previsto: Carga e campo el\u00e9trico. Lei de Gauss. Potencial el\u00e9trico. Capacit\u00e2ncia e diel\u00e9tricos. Corrente el\u00e9trica. Circuitos de corrente cont\u00ednua. Campo magn\u00e9tico. Fontes de campo magn\u00e9tico. Indu\u00e7\u00e3o eletromagn\u00e9tica. Indut\u00e2ncia. Circuitos de corrente alternada. Equa\u00e7\u00f5es de Maxwell e ondas eletromagn\u00e9ticas. \u00a0 II. Bibliografia: Livro-texto: &hellip; <a href=\"https:\/\/blog.ufes.br\/jairfreitas\/disciplinas\/fis3\/programa\/\" class=\"more-link\">Continue lendo <span class=\"screen-reader-text\">Programa<\/span> <span class=\"meta-nav\">&rarr;<\/span><\/a><\/p>\n","protected":false},"author":303,"featured_media":0,"parent":63,"menu_order":0,"comment_status":"closed","ping_status":"closed","template":"","meta":{"_bbp_topic_count":0,"_bbp_reply_count":0,"_bbp_total_topic_count":0,"_bbp_total_reply_count":0,"_bbp_voice_count":0,"_bbp_anonymous_reply_count":0,"_bbp_topic_count_hidden":0,"_bbp_reply_count_hidden":0,"_bbp_forum_subforum_count":0,"_uag_custom_page_level_css":"","footnotes":""},"class_list":["post-105","page","type-page","status-publish","hentry"],"uagb_featured_image_src":{"full":false,"thumbnail":false,"medium":false,"medium_large":false,"large":false,"1536x1536":false,"2048x2048":false,"post-thumbnail":false},"uagb_author_info":{"display_name":"jair.freitas","author_link":"https:\/\/blog.ufes.br\/jairfreitas\/author\/jair_carlos-checon-de-freitas\/"},"uagb_comment_info":0,"uagb_excerpt":"F\u00edsica III\u00a0 FIS 06580 Semestre 2020\/01 Professor Jair C. C. Freitas I. Programa previsto: Carga e campo el\u00e9trico. Lei de Gauss. Potencial el\u00e9trico. Capacit\u00e2ncia e diel\u00e9tricos. Corrente el\u00e9trica. Circuitos de corrente cont\u00ednua. Campo magn\u00e9tico. Fontes de campo magn\u00e9tico. Indu\u00e7\u00e3o eletromagn\u00e9tica. Indut\u00e2ncia. Circuitos de corrente alternada. Equa\u00e7\u00f5es de Maxwell e ondas eletromagn\u00e9ticas. \u00a0 II. Bibliografia: Livro-texto:&hellip;","_links":{"self":[{"href":"https:\/\/blog.ufes.br\/jairfreitas\/wp-json\/wp\/v2\/pages\/105","targetHints":{"allow":["GET"]}}],"collection":[{"href":"https:\/\/blog.ufes.br\/jairfreitas\/wp-json\/wp\/v2\/pages"}],"about":[{"href":"https:\/\/blog.ufes.br\/jairfreitas\/wp-json\/wp\/v2\/types\/page"}],"author":[{"embeddable":true,"href":"https:\/\/blog.ufes.br\/jairfreitas\/wp-json\/wp\/v2\/users\/303"}],"replies":[{"embeddable":true,"href":"https:\/\/blog.ufes.br\/jairfreitas\/wp-json\/wp\/v2\/comments?post=105"}],"version-history":[{"count":19,"href":"https:\/\/blog.ufes.br\/jairfreitas\/wp-json\/wp\/v2\/pages\/105\/revisions"}],"predecessor-version":[{"id":885,"href":"https:\/\/blog.ufes.br\/jairfreitas\/wp-json\/wp\/v2\/pages\/105\/revisions\/885"}],"up":[{"embeddable":true,"href":"https:\/\/blog.ufes.br\/jairfreitas\/wp-json\/wp\/v2\/pages\/63"}],"wp:attachment":[{"href":"https:\/\/blog.ufes.br\/jairfreitas\/wp-json\/wp\/v2\/media?parent=105"}],"curies":[{"name":"wp","href":"https:\/\/api.w.org\/{rel}","templated":true}]}}