{"id":188,"date":"2017-06-08T18:37:26","date_gmt":"2017-06-08T21:37:26","guid":{"rendered":"http:\/\/blog.ufes.br\/jairfreitas\/?page_id=188"},"modified":"2025-05-22T12:53:06","modified_gmt":"2025-05-22T15:53:06","slug":"seminarios","status":"publish","type":"page","link":"https:\/\/blog.ufes.br\/jairfreitas\/seminarios\/","title":{"rendered":"Semin\u00e1rios \/ Talks"},"content":{"rendered":"\n<p><\/p>\n\n\n<p><strong>Sele\u00e7\u00e3o de semin\u00e1rios \/ minicursos ministrados recentemente:<\/strong><\/p>\n<p><span style=\"color: #0000ff\"><strong><em>Recent talks \/ short courses:<\/em><\/strong><\/span><\/p>\n<ul>\n<li>&#8220;<a href=\"https:\/\/drive.google.com\/file\/d\/1nJlQ7JzaW63vVWV8N9U0OU6fewCnl81L\/view?usp=sharing\" target=\"_blank\" rel=\"noopener\">Investiga\u00e7\u00f5es de materiais graf\u00eanicos por RMN em uma abordagem experimental \/ computacional<\/a>&#8221; (15\/05\/2025, Semin\u00e1rios do Instituto de Qu\u00edmica &#8211; Unicamp).\u00a0 \u00a0<\/li>\n<li>&#8220;<a href=\"https:\/\/drive.google.com\/file\/d\/1ojR1nX_PIq01f0PfNlQiM7Rl9-qdQEAa\/view?usp=drive_link\" target=\"_blank\" rel=\"noopener\">Computational and experimental investigation on the use of graphenic materials for the electrochemical detection of organic compounds<\/a>&#8221; (04-06\/11\/2024, Quinto Taller Latinoamericano de Materiales de Carbono &#8211; TLMC5, San Luis, Argentina).<\/li>\n<li>&#8220;<a href=\"https:\/\/drive.google.com\/file\/d\/1QSTxVUSjvNlwbnmtokoTkSuH5QCtmdzh\/view?usp=drive_link\" target=\"_blank\" rel=\"noopener\">Solid-state NMR: principles and recent applications in graphenic materials research<\/a>&#8221;\u00a0 (23\/10\/2024, Semin\u00e1rios do Grupo Estudiantil de F\u00edsica Te\u00f3rica, Universidad Nacional de Callao, Peru).\u00a0 \u00a0 \u00a0<a href=\"https:\/\/www.facebook.com\/GEFTU\/videos\/919058073476500\/?rdid=siNCANmsrORZUnfs#\" target=\"_blank\" rel=\"noopener\">V\u00eddeo &#8211; Facebook<\/a>\u00a0 \u00a0 \u00a0\u00a0<\/li>\n<li>&#8220;<a href=\"https:\/\/drive.google.com\/file\/d\/1xy4OsM1QZLjOpUeJxroweyx16S11dHSS\/view?usp=sharing\" target=\"_blank\" rel=\"noopener\">Investiga\u00e7\u00f5es de materiais graf\u00eanicos por RMN em uma abordagem experimental \/ computacional<\/a>&#8221; (22\/08\/2024, Semin\u00e1rios COMAN &#8211; CBPF).\u00a0 \u00a0 \u00a0<a href=\"https:\/\/www.youtube.com\/watch?v=85HXUPM845Y&amp;t=6s\" target=\"_blank\" rel=\"noopener\">V\u00eddeo &#8211; Youtube<\/a><\/li>\n<li>&#8220;<a href=\"https:\/\/drive.google.com\/file\/d\/1OvtBK6aRKeA7Jwlsb8TzMPryWRRw-A0X\/view?usp=sharing\" target=\"_blank\" rel=\"noopener\"><span class=\"fontstyle0\">Using low-field NMR and solid-state NMR for the analysis of whole coffee samples<\/span><\/a>&#8221; (03-07\/06\/2024, 16th International Conference on the Applications of Magnetic Resonance in Food Science &#8211; MRFood 2024, Foz do Igua\u00e7u, PR).<\/li>\n<li>&#8220;<a href=\"https:\/\/drive.google.com\/file\/d\/1nvebVLS9vwYXsTPMoqLLKmj8x8oJJLnp\/view?usp=sharing\" target=\"_blank\" rel=\"noopener\">Materiais graf\u00eanicos: princ\u00edpios, m\u00e9todos de prepara\u00e7\u00e3o e aplica\u00e7\u00f5es<\/a>&#8221; (27-29\/11\/2023, II Encontro Capixaba de F\u00edsica, IFES, Vit\u00f3ria, ES).<\/li>\n<li>&#8220;<a href=\"https:\/\/drive.google.com\/file\/d\/1UL-L1sfKazoguuBNGUFvEhxZRO66ksI0\/view?usp=sharing\" target=\"_blank\" rel=\"noopener\">Solid-state NMR characterization of graphene oxides used for electrochemical applications<\/a>&#8221; (25-29\/09\/2023, 19th NMR Users Meeting, Rio de Janeiro).<\/li>\n<li>&#8220;<a href=\"https:\/\/drive.google.com\/file\/d\/1bY6rB74VlLZKkPfccLXM4meA28iLtN7t\/view?usp=sharing\" target=\"_blank\" rel=\"noopener\">Introdu\u00e7\u00e3o \u00e0 difra\u00e7\u00e3o de raios X<\/a>&#8221; (28\/08\/2023, LMC, UFES).<\/li>\n<li>&#8220;<a href=\"https:\/\/drive.google.com\/file\/d\/1CdUly027Lmh7Yc8yReEEcYS1SmjTSAPw\/view?usp=sharing\" target=\"_blank\" rel=\"noopener\">Graphenic materials investigated by solid-state NMR in a combined experimental and computational approach<\/a>&#8221; (14-17\/02\/2023, First Ibero-American Meeting on Quantum Materials, UFES).<\/li>\n<li>&#8220;<a href=\"https:\/\/drive.google.com\/file\/d\/1IMiH9J_k7Q2-TQMko7TWPodG19qOzhco\/view?usp=sharing\" target=\"_blank\" rel=\"noopener\">Porous carbon-based magnetic nanocomposites: synthesis and applications in catalysis, adsorption and electrochemical devices<\/a>&#8221; (06-11\/11\/2022, XVII LACAME, UFES).<\/li>\n<li>&#8220;<a href=\"https:\/\/drive.google.com\/file\/d\/14rm6xpsdD06iFmUdCFjo63UpzswEHZv6\/view?usp=sharing\" target=\"_blank\" rel=\"noopener\">Solid-state NMR: principles and recent applications in materials research<\/a>&#8221; (26\/10\/2022, Ciclo de Seminarios del Departamento de Qu\u00edmica Org\u00e1nica, Facultad de Qu\u00edmica, Universidad de la Rep\u00fablica, Montevideo, Uruguai).<\/li>\n<li>&#8220;<a href=\"https:\/\/drive.google.com\/file\/d\/1nqOLZH83-kMc1foOLk79ltYyYTgdJxXy\/view?usp=sharing\" target=\"_blank\" rel=\"noopener\">Graphene-based materials: principles, preparation and applications<\/a>&#8221; (25\/10\/2022, Seminarios del Departamento de Experimentaci\u00f3n y Teor\u00eda de la Materia y sus Aplicaciones &#8211; DETEMA, Facultad de Qu\u00edmica, Universidad de la Rep\u00fablica, Montevideo, Uruguai).<\/li>\n<li>&#8220;<a href=\"https:\/\/www.dropbox.com\/s\/jx773azf9fe7s3l\/Apresentacao_Curso_RMN_Encaqui2021.pdf?dl=0\" target=\"_blank\" rel=\"noopener\">Fundamentos e aplica\u00e7\u00f5es da resson\u00e2ncia magn\u00e9tica nuclear (RMN) em solu\u00e7\u00e3o e em estado s\u00f3lido<\/a>&#8221; (14-16\/12\/2021, VIII Encontro Capixaba de Qu\u00edmica, UFES).<\/li>\n<li>&#8220;<a href=\"https:\/\/www.dropbox.com\/s\/6ht36ocd3jrd052\/Presentation_JairCCFreitas_18th_NMR_Users_Meeting.pdf?dl=0\" target=\"_blank\" rel=\"noopener\">Use of solid-state <sup>13<\/sup>C NMR spectroscopy for the characterization of lignocellulosic materials and derived products<\/a>&#8221; (19\/11\/2021, 18th NMR Users Meeting).<\/li>\n<li>&#8220;<a href=\"https:\/\/www.dropbox.com\/s\/bgm3nlvz68okwa5\/Aulas_Escola_Magnetismo_UFES_Versao_Completa.pdf?dl=0\" target=\"_blank\" rel=\"noopener\">Fundamentos de resson\u00e2ncia magn\u00e9tica nuclear<\/a>&#8221; (04-05\/02\/2021. Minicurso ministrado na 1<sup>a<\/sup>\u00a0Escola de Vers\u00e3o de Magnetismo da UFES ).<\/li>\n<li>&#8220;<a href=\"https:\/\/www.dropbox.com\/s\/rtf3m531rcpc0n6\/Apresentacao_JornadaAUREMN_JairCCFreitas.pdf?dl=0\" target=\"_blank\" rel=\"noopener noreferrer\">Espectroscopia de RMN de <sup>13<\/sup>C em materiais de carbono: simula\u00e7\u00f5es computacionais e resultados experimentais<\/a>&#8221; (13\/11\/2020, XVI Jornada Brasileira de Resson\u00e2ncia Magn\u00e9tica).<\/li>\n<li>&#8220;<a href=\"https:\/\/www.dropbox.com\/s\/vpnzbfmzzepgqid\/Grafeno_PPGFIS_JCCF_2020.pdf?dl=0\" target=\"_blank\" rel=\"noopener noreferrer\">Materiais \u00e0 base de grafeno: princ\u00edpios, m\u00e9todos de prepara\u00e7\u00e3o e aplica\u00e7\u00f5es<\/a>&#8221; (05\/11\/2020, PPGFis \/ UFES).<a href=\"https:\/\/www.youtube.com\/watch?v=cjVE7RPdCI8&amp;t=922s\" target=\"_blank\" rel=\"noopener noreferrer\">\u00a0 \u00a0 \u00a0Video &#8211; Youtube<\/a><\/li>\n<li>&#8220;<a href=\"https:\/\/www.dropbox.com\/s\/r4i99qmfnaxx1zi\/Talk_Jair_UEA_Porous_Carbons_NMR_Jan2019.pdf?dl=0\" target=\"_blank\" rel=\"noopener\">Solid-state NMR studies of porous carbons<\/a>&#8221; (21\/01\/2019, University of East Anglia, Norwich, Reino Unido).<\/li>\n<li>&#8220;<a href=\"https:\/\/drive.google.com\/file\/d\/1qpdmc5Tgk0holcmwxo0d1KlTTcaL_Lqv\/view?usp=sharing\" target=\"_blank\" rel=\"noopener\">Solid-state NMR study of phosphorus-containing porous carbons obtained from lignocellulosic biomass<\/a>&#8221; (16-20\/10\/2017, XII Encontro Brasileiro de Subst\u00e2ncias H\u00famicas e Mat\u00e9ria Org\u00e2nica Natural, Sinop, MT).<\/li>\n<li>&#8220;<a href=\"http:\/\/blog.ufes.br\/jairfreitas\/files\/2017\/06\/Grafeno_MNPEF_JCCF_2017.pdf\" target=\"_blank\" rel=\"noopener noreferrer\">Grafeno e nanomateriais relacionados<\/a>&#8221; (09\/06\/2017, UFES).<\/li>\n<li>&#8220;<a href=\"http:\/\/blog.ufes.br\/jairfreitas\/files\/2017\/06\/Curso_Jornada_AUREMN_RMN_Solidos.pdf\" target=\"_blank\" rel=\"noopener noreferrer\">RMN de s\u00f3lidos: teoria, experimentos e simula\u00e7\u00f5es computacionais<\/a>&#8221; (29-30\/08\/2016, Curso AUREMN, UFES).<\/li>\n<li>&#8220;<a href=\"http:\/\/blog.ufes.br\/jairfreitas\/files\/2017\/06\/RMN_Meios_Porosos_UFES_2015_JairCCFreitas.pdf\" target=\"_blank\" rel=\"noopener noreferrer\">RMN de s\u00f3lidos \u2013 Aplica\u00e7\u00f5es ao estudo de meios porosos<\/a>&#8221; (05\/05\/2015, Curso AUREMN, UFES).<\/li>\n<li>&#8220;<a href=\"http:\/\/blog.ufes.br\/jairfreitas\/files\/2017\/06\/AUREMN2014_JairCCFreitas_NMR_Carbons_Short_Version.pdf\" target=\"_blank\" rel=\"noopener noreferrer\">Aplica\u00e7\u00f5es de RMN no estado s\u00f3lido para o estudo de materiais de carbono: de biocarv\u00f5es ao grafeno<\/a>&#8221; (05\/08\/2014, XIII Jornada Brasileira de Resson\u00e2ncia Magn\u00e9tica, Piren\u00f3polis, GO).<\/li>\n<li>&#8220;<a href=\"http:\/\/blog.ufes.br\/jairfreitas\/files\/2017\/06\/Grupo_Pesquisa_LMC_UFES_Abril2014.pdf\" target=\"_blank\" rel=\"noopener noreferrer\">Laborat\u00f3rio de Materiais Carbonosos e Cer\u00e2micos<\/a>&#8221; \u00a0(25\/04\/2014, UFES).<\/li>\n<li>&#8220;<a href=\"http:\/\/blog.ufes.br\/jairfreitas\/files\/2017\/06\/Bordeaux_NMR_Carbons_Final_JairCCFreitas.pdf\" target=\"_blank\" rel=\"noopener noreferrer\">Solid-state NMR studies of carbon materials \u2013 a multinuclear approach<\/a>&#8221; (07\/02\/2014, LCTS, Universidade de Bordeaux, Fran\u00e7a).<\/li>\n<li>&#8220;<a href=\"http:\/\/blog.ufes.br\/jairfreitas\/files\/2017\/06\/Zagreb_NMR_Porous_Carbons_Final.pdf\" target=\"_blank\" rel=\"noopener noreferrer\">Solid-state NMR studies of nanoporous carbons<\/a>&#8221; (31\/05\/2011, Universidade de Zagreb, Cro\u00e1cia).<\/li>\n<li>&#8220;<a href=\"http:\/\/blog.ufes.br\/jairfreitas\/files\/2017\/06\/NMR_CQ_2009.pdf\" target=\"_blank\" rel=\"noopener noreferrer\">Resson\u00e2ncia Magn\u00e9tica Nuclear: Ecos, Imagens e Computa\u00e7\u00e3o Qu\u00e2ntica&#8221;<\/a>\u00a0 (05\/11\/2009, IFES, Vit\u00f3ria).<\/li>\n<li><a href=\"http:\/\/blog.ufes.br\/jairfreitas\/files\/2017\/06\/JairCCFreitas_Talk_GroupMeeting.pdf\" target=\"_blank\" rel=\"noopener noreferrer\">&#8220;Solid-state NMR investigations of porous carbons, manganites and Mg-based organometallics&#8221;<\/a> (18\/10\/2007, University of Warwick, Reino Unido).<\/li>\n<\/ul>","protected":false},"excerpt":{"rendered":"<p>Sele\u00e7\u00e3o de semin\u00e1rios \/ minicursos ministrados recentemente: Recent talks \/ short courses: &#8220;Investiga\u00e7\u00f5es de materiais graf\u00eanicos por RMN em uma abordagem experimental \/ computacional&#8221; (15\/05\/2025, Semin\u00e1rios do Instituto de Qu\u00edmica &#8211; Unicamp).\u00a0 \u00a0 &#8220;Computational and experimental investigation on the use of graphenic materials for the electrochemical detection of organic compounds&#8221; (04-06\/11\/2024, Quinto Taller Latinoamericano de &hellip; <a href=\"https:\/\/blog.ufes.br\/jairfreitas\/seminarios\/\" class=\"more-link\">Continue lendo <span class=\"screen-reader-text\">Semin\u00e1rios \/ Talks<\/span> <span class=\"meta-nav\">&rarr;<\/span><\/a><\/p>\n","protected":false},"author":303,"featured_media":0,"parent":0,"menu_order":0,"comment_status":"closed","ping_status":"closed","template":"","meta":{"_bbp_topic_count":0,"_bbp_reply_count":0,"_bbp_total_topic_count":0,"_bbp_total_reply_count":0,"_bbp_voice_count":0,"_bbp_anonymous_reply_count":0,"_bbp_topic_count_hidden":0,"_bbp_reply_count_hidden":0,"_bbp_forum_subforum_count":0,"_uag_custom_page_level_css":"","footnotes":""},"class_list":["post-188","page","type-page","status-publish","hentry"],"uagb_featured_image_src":{"full":false,"thumbnail":false,"medium":false,"medium_large":false,"large":false,"1536x1536":false,"2048x2048":false,"post-thumbnail":false},"uagb_author_info":{"display_name":"jair.freitas","author_link":"https:\/\/blog.ufes.br\/jairfreitas\/author\/jair_carlos-checon-de-freitas\/"},"uagb_comment_info":0,"uagb_excerpt":"Sele\u00e7\u00e3o de semin\u00e1rios \/ minicursos ministrados recentemente: Recent talks \/ short courses: &#8220;Investiga\u00e7\u00f5es de materiais graf\u00eanicos por RMN em uma abordagem experimental \/ computacional&#8221; (15\/05\/2025, Semin\u00e1rios do Instituto de Qu\u00edmica &#8211; Unicamp).\u00a0 \u00a0 &#8220;Computational and experimental investigation on the use of graphenic materials for the electrochemical detection of organic compounds&#8221; (04-06\/11\/2024, Quinto Taller Latinoamericano de&hellip;","_links":{"self":[{"href":"https:\/\/blog.ufes.br\/jairfreitas\/wp-json\/wp\/v2\/pages\/188","targetHints":{"allow":["GET"]}}],"collection":[{"href":"https:\/\/blog.ufes.br\/jairfreitas\/wp-json\/wp\/v2\/pages"}],"about":[{"href":"https:\/\/blog.ufes.br\/jairfreitas\/wp-json\/wp\/v2\/types\/page"}],"author":[{"embeddable":true,"href":"https:\/\/blog.ufes.br\/jairfreitas\/wp-json\/wp\/v2\/users\/303"}],"replies":[{"embeddable":true,"href":"https:\/\/blog.ufes.br\/jairfreitas\/wp-json\/wp\/v2\/comments?post=188"}],"version-history":[{"count":32,"href":"https:\/\/blog.ufes.br\/jairfreitas\/wp-json\/wp\/v2\/pages\/188\/revisions"}],"predecessor-version":[{"id":1220,"href":"https:\/\/blog.ufes.br\/jairfreitas\/wp-json\/wp\/v2\/pages\/188\/revisions\/1220"}],"wp:attachment":[{"href":"https:\/\/blog.ufes.br\/jairfreitas\/wp-json\/wp\/v2\/media?parent=188"}],"curies":[{"name":"wp","href":"https:\/\/api.w.org\/{rel}","templated":true}]}}