{"id":290,"date":"2017-09-01T19:05:50","date_gmt":"2017-09-01T22:05:50","guid":{"rendered":"http:\/\/blog.ufes.br\/jairfreitas\/?page_id=290"},"modified":"2020-02-28T16:03:11","modified_gmt":"2020-02-28T19:03:11","slug":"apresentacoes","status":"publish","type":"page","link":"https:\/\/blog.ufes.br\/jairfreitas\/disciplinas\/te1\/apresentacoes\/","title":{"rendered":"Apresenta\u00e7\u00f5es"},"content":{"rendered":"<h2 style=\"text-align: center\"><span style=\"color: #ff6600\">Teoria Eletromagn\u00e9tica I<\/span><\/h2>\n<h4 style=\"text-align: center\"><span style=\"color: #000000\">FIS 06647<\/span><\/h4>\n<h4 style=\"text-align: center\"><span style=\"color: #000000\">Semestre 2020\/01<\/span><\/h4>\n<p style=\"text-align: right\">Professor <a href=\"mailto:jairccfreitas@yahoo.com.br\">Jair C. C. Freitas<\/a><\/p>\n<p>Apresenta\u00e7\u00f5es utilizadas como apoio \u00e0s aulas:<\/p>\n","protected":false},"excerpt":{"rendered":"<p>Teoria Eletromagn\u00e9tica I FIS 06647 Semestre 2020\/01 Professor Jair C. C. Freitas Apresenta\u00e7\u00f5es utilizadas como apoio \u00e0s aulas:<\/p>\n","protected":false},"author":303,"featured_media":0,"parent":278,"menu_order":0,"comment_status":"closed","ping_status":"closed","template":"","meta":{"_bbp_topic_count":0,"_bbp_reply_count":0,"_bbp_total_topic_count":0,"_bbp_total_reply_count":0,"_bbp_voice_count":0,"_bbp_anonymous_reply_count":0,"_bbp_topic_count_hidden":0,"_bbp_reply_count_hidden":0,"_bbp_forum_subforum_count":0,"_uag_custom_page_level_css":"","footnotes":""},"class_list":["post-290","page","type-page","status-publish","hentry"],"uagb_featured_image_src":{"full":false,"thumbnail":false,"medium":false,"medium_large":false,"large":false,"1536x1536":false,"2048x2048":false,"post-thumbnail":false},"uagb_author_info":{"display_name":"jair.freitas","author_link":"https:\/\/blog.ufes.br\/jairfreitas\/author\/jair_carlos-checon-de-freitas\/"},"uagb_comment_info":0,"uagb_excerpt":"Teoria Eletromagn\u00e9tica I FIS 06647 Semestre 2020\/01 Professor Jair C. C. Freitas Apresenta\u00e7\u00f5es utilizadas como apoio \u00e0s aulas:","_links":{"self":[{"href":"https:\/\/blog.ufes.br\/jairfreitas\/wp-json\/wp\/v2\/pages\/290","targetHints":{"allow":["GET"]}}],"collection":[{"href":"https:\/\/blog.ufes.br\/jairfreitas\/wp-json\/wp\/v2\/pages"}],"about":[{"href":"https:\/\/blog.ufes.br\/jairfreitas\/wp-json\/wp\/v2\/types\/page"}],"author":[{"embeddable":true,"href":"https:\/\/blog.ufes.br\/jairfreitas\/wp-json\/wp\/v2\/users\/303"}],"replies":[{"embeddable":true,"href":"https:\/\/blog.ufes.br\/jairfreitas\/wp-json\/wp\/v2\/comments?post=290"}],"version-history":[{"count":14,"href":"https:\/\/blog.ufes.br\/jairfreitas\/wp-json\/wp\/v2\/pages\/290\/revisions"}],"predecessor-version":[{"id":860,"href":"https:\/\/blog.ufes.br\/jairfreitas\/wp-json\/wp\/v2\/pages\/290\/revisions\/860"}],"up":[{"embeddable":true,"href":"https:\/\/blog.ufes.br\/jairfreitas\/wp-json\/wp\/v2\/pages\/278"}],"wp:attachment":[{"href":"https:\/\/blog.ufes.br\/jairfreitas\/wp-json\/wp\/v2\/media?parent=290"}],"curies":[{"name":"wp","href":"https:\/\/api.w.org\/{rel}","templated":true}]}}

Apresentações

<h2 style="text-align: center"><span style="color: #ff6600">Teoria Eletromagnética I</span></h2>
<h4 style="text-align: center"><span style="color: #000000">FIS 06647</span></h4>
<h4 style="text-align: center"><span style="color: #000000">Semestre 2020/01</span></h4>
<p style="text-align: right">Professor <a href="mailto:jairccfreitas@yahoo.com.br">Jair C. C. Freitas</a></p>
<p>Apresentações utilizadas como apoio às aulas:</p>

<p>Teoria Eletromagnética I FIS 06647 Semestre 2020/01 Professor Jair C. C. Freitas Apresentações utilizadas como apoio às aulas:</p>

Teoria Eletromagnética I FIS 06647 Semestre 2020/01 Professor Jair C. C. Freitas Apresentações utilizadas como apoio às aulas:
