{"id":27,"date":"2017-04-19T13:42:00","date_gmt":"2017-04-19T16:42:00","guid":{"rendered":"http:\/\/blog.ufes.br\/jamilabreu\/?page_id=27"},"modified":"2021-12-11T17:51:54","modified_gmt":"2021-12-11T20:51:54","slug":"ensino","status":"publish","type":"page","link":"https:\/\/blog.ufes.br\/jamilabreu\/ensino\/","title":{"rendered":"Ensino"},"content":{"rendered":"<h2>Ensino Atual (2021\/2)<\/h2>\n<ul>\n<li>Matem\u00e1tica Discreta<\/li>\n<li>Equa\u00e7\u00f5es Diferenciais Parciais<\/li>\n<li>C\u00e1lculo III<\/li>\n<\/ul>\n<h2>Links de Interesse para o Ensino de Matem\u00e1tica<\/h2>\n<ul>\n<li><a class=\"western\" href=\"http:\/\/www.sbm.org.br\/\"><span lang=\"en-US\"><u>Sociedade Brasileira de Matem\u00e1tica<\/u><\/span><\/a><u><\/u><\/li>\n<li><a class=\"western\" href=\"http:\/\/www.springer.com\/mathematics\/journal\/283\"><span lang=\"en-US\"><u>The Mathematical Intelligencer<\/u><\/span><\/a><\/li>\n<li><a class=\"western\" href=\"http:\/\/www.maa.org\/publications\/periodicals\/american-mathematical-monthly\"><span lang=\"en-US\"><u>The American Mathematical Monthly<\/u><\/span><\/a> <span lang=\"en-US\">(clique <\/span><a class=\"western\" href=\"https:\/\/www.jstor.org\/journal\/amermathmont\"><span lang=\"en-US\"><u>aqui<\/u><\/span><\/a> <span lang=\"en-US\">para acesso via JSTOR)<\/span><\/li>\n<li><a class=\"western\" href=\"http:\/\/www.maa.org\/press\/periodicals\/mathematics-magazine\"><span lang=\"en-US\"><u>Mathematics Magazine<\/u><\/span><\/a> <span lang=\"en-US\">(clique <\/span><a class=\"western\" href=\"https:\/\/www.jstor.org\/journal\/mathmaga\"><span lang=\"en-US\"><u>aqui<\/u><\/span><\/a> <span lang=\"en-US\">para acesso via JSTOR)<\/span><\/li>\n<li><a class=\"western\" href=\"http:\/\/www.maa.org\/press\/periodicals\/college-mathematics-journal\/the-college-mathematics-journal\"><span lang=\"en-US\"><u>The College Mathematics Journal<\/u><\/span><\/a> <span lang=\"en-US\">(clique <\/span><a class=\"western\" href=\"https:\/\/www.jstor.org\/journal\/collmathj\"><span lang=\"en-US\"><u>aqui<\/u><\/span><\/a> <span lang=\"en-US\">para acesso via JSTOR)<\/span><\/li>\n<\/ul>\n\n\n<p><\/p>\n","protected":false},"excerpt":{"rendered":"<p>Ensino Atual (2021\/2) Matem\u00e1tica Discreta Equa\u00e7\u00f5es Diferenciais Parciais C\u00e1lculo III Links de Interesse para o Ensino de Matem\u00e1tica Sociedade Brasileira de Matem\u00e1tica The Mathematical Intelligencer The American Mathematical Monthly (clique aqui para acesso via JSTOR) Mathematics Magazine (clique aqui para acesso via JSTOR) The College Mathematics Journal (clique aqui para acesso via JSTOR)<\/p>\n","protected":false},"author":306,"featured_media":0,"parent":0,"menu_order":0,"comment_status":"closed","ping_status":"closed","template":"","meta":{"_bbp_topic_count":0,"_bbp_reply_count":0,"_bbp_total_topic_count":0,"_bbp_total_reply_count":0,"_bbp_voice_count":0,"_bbp_anonymous_reply_count":0,"_bbp_topic_count_hidden":0,"_bbp_reply_count_hidden":0,"_bbp_forum_subforum_count":0,"_uag_custom_page_level_css":"","footnotes":""},"class_list":["post-27","page","type-page","status-publish","hentry"],"uagb_featured_image_src":{"full":false,"thumbnail":false,"medium":false,"medium_large":false,"large":false,"1536x1536":false,"2048x2048":false,"post-thumbnail":false},"uagb_author_info":{"display_name":"Jamil","author_link":"https:\/\/blog.ufes.br\/jamilabreu\/author\/jamil_gomes-de-abreu-junior\/"},"uagb_comment_info":0,"uagb_excerpt":"Ensino Atual (2021\/2) Matem\u00e1tica Discreta Equa\u00e7\u00f5es Diferenciais Parciais C\u00e1lculo III Links de Interesse para o Ensino de Matem\u00e1tica Sociedade Brasileira de Matem\u00e1tica The Mathematical Intelligencer The American Mathematical Monthly (clique aqui para acesso via JSTOR) Mathematics Magazine (clique aqui para acesso via JSTOR) The College Mathematics Journal (clique aqui para acesso via JSTOR)","_links":{"self":[{"href":"https:\/\/blog.ufes.br\/jamilabreu\/wp-json\/wp\/v2\/pages\/27","targetHints":{"allow":["GET"]}}],"collection":[{"href":"https:\/\/blog.ufes.br\/jamilabreu\/wp-json\/wp\/v2\/pages"}],"about":[{"href":"https:\/\/blog.ufes.br\/jamilabreu\/wp-json\/wp\/v2\/types\/page"}],"author":[{"embeddable":true,"href":"https:\/\/blog.ufes.br\/jamilabreu\/wp-json\/wp\/v2\/users\/306"}],"replies":[{"embeddable":true,"href":"https:\/\/blog.ufes.br\/jamilabreu\/wp-json\/wp\/v2\/comments?post=27"}],"version-history":[{"count":57,"href":"https:\/\/blog.ufes.br\/jamilabreu\/wp-json\/wp\/v2\/pages\/27\/revisions"}],"predecessor-version":[{"id":882,"href":"https:\/\/blog.ufes.br\/jamilabreu\/wp-json\/wp\/v2\/pages\/27\/revisions\/882"}],"wp:attachment":[{"href":"https:\/\/blog.ufes.br\/jamilabreu\/wp-json\/wp\/v2\/media?parent=27"}],"curies":[{"name":"wp","href":"https:\/\/api.w.org\/{rel}","templated":true}]}}