{"id":2897,"date":"2020-06-19T13:47:31","date_gmt":"2020-06-19T16:47:31","guid":{"rendered":"http:\/\/blog.ufes.br\/kyriafinardi\/?page_id=2897"},"modified":"2021-04-28T23:21:20","modified_gmt":"2021-04-29T02:21:20","slug":"alab-30-anos","status":"publish","type":"page","link":"https:\/\/blog.ufes.br\/kyriafinardi\/videos\/alab-30-anos\/","title":{"rendered":"ALAB 30 anos"},"content":{"rendered":"\n<p>A Associa\u00e7\u00e3o de Lingu\u00edstica Aplicada do Brasil (ALAB) completou 30 anos no dia 26 de junho de 2020.  Neste anivers\u00e1rio houve um bate-papo entre os\/ as presidentes da Associa\u00e7\u00e3o.<\/p>\n\n\n\n<p>A programa\u00e7\u00e3o pode ser acessada em: <a href=\"https:\/\/drive.google.com\/file\/d\/16AIQnLB2fjM6i8MArREkT_b-IyACb4V3\/view?usp=sharing\" target=\"_blank\" rel=\"noreferrer noopener\">Programa\u00e7\u00e3o ALAB 30 anos. pdf<\/a>.<\/p>\n\n\n\n<p>Segue aqui o link do stream: &nbsp;<a rel=\"noreferrer noopener\" href=\"https:\/\/streamyard.com\/a3jqsmv7cr\" target=\"_blank\">https:\/\/streamyard.com\/a3jqsmv7cr<\/a>.<\/p>\n\n\n\n<p class=\"has-white-color has-text-color\">&#8230;.<\/p>\n\n\n\n<h4 class=\"wp-block-heading\">Presidentes da ALAB &#8211; Kyria Finardi<\/h4>\n\n\n\n<div class=\"wp-block-image\"><figure class=\"aligncenter size-large\"><a href=\"https:\/\/drive.google.com\/file\/d\/1Tpd3_B9zzXF36nxXEVEFo1mSgPlX_yFs\/view?usp=sharing\" target=\"_blank\" rel=\"noopener noreferrer\"><img loading=\"lazy\" decoding=\"async\" width=\"643\" height=\"359\" src=\"https:\/\/blog.ufes.br\/kyriafinardi\/files\/2020\/10\/image-3.png\" alt=\"\" class=\"wp-image-3913\" \/><\/a><figcaption><strong>CLIQUE NA IMAGEM<\/strong><\/figcaption><\/figure><\/div>\n\n\n\n<p class=\"has-white-color has-text-color\">&#8230;&#8230;<\/p>\n\n\n\n<h4 class=\"wp-block-heading\">Evento 30 Anos ALAB<\/h4>\n\n\n\n<div class=\"wp-block-image\"><figure class=\"aligncenter size-large is-resized\"><img loading=\"lazy\" decoding=\"async\" src=\"https:\/\/blog.ufes.br\/kyriafinardi\/files\/2020\/06\/alab-1-min.jpeg\" alt=\"\" class=\"wp-image-2898\" width=\"570\" height=\"570\" \/><\/figure><\/div>\n\n\n\n<div class=\"wp-block-image\"><figure class=\"aligncenter size-large is-resized\"><img loading=\"lazy\" decoding=\"async\" src=\"https:\/\/blog.ufes.br\/kyriafinardi\/files\/2020\/06\/alab-2-min.jpeg\" alt=\"\" class=\"wp-image-2899\" width=\"567\" height=\"566\" \/><\/figure><\/div>\n\n\n\n<div class=\"wp-block-image\"><figure class=\"aligncenter size-large is-resized\"><img loading=\"lazy\" decoding=\"async\" src=\"https:\/\/blog.ufes.br\/kyriafinardi\/files\/2020\/06\/alab-3.png\" alt=\"\" class=\"wp-image-2909\" width=\"574\" height=\"573\" \/><\/figure><\/div>\n\n\n\n<div class=\"wp-block-image\"><figure class=\"aligncenter size-large is-resized\"><img loading=\"lazy\" decoding=\"async\" src=\"https:\/\/blog.ufes.br\/kyriafinardi\/files\/2020\/06\/alab4-min.jpeg\" alt=\"\" class=\"wp-image-2902\" width=\"565\" height=\"565\" \/><\/figure><\/div>\n\n\n\n<p><br>O site da ALAB pode ser acessado em <a rel=\"noreferrer noopener\" href=\"https:\/\/alab.org.br\/\" target=\"_blank\">https:\/\/alab.org.br\/<\/a>.<\/p>\n\n\n\n<p>As palestras,, mesas onlines, caf\u00e9s com a ALAB e a mesa comemorativa podem\/ poder\u00e3o ser encontradas abaixo ou no canal do youtube  da ALAB: <\/p>\n\n\n\n<p><a rel=\"noreferrer noopener\" href=\"https:\/\/www.youtube.com\/channel\/UCL2T7eqAWL71T-q1SYMhelg\" target=\"_blank\">https:\/\/www.youtube.com\/channel\/UCL2T7eqAWL71T-q1SYMhelg<\/a><\/p>\n\n\n\n<p>.<\/p>\n\n\n\n<h2 class=\"wp-block-heading\">Palestras<\/h2>\n\n\n\n<p><strong>25\/06 &#8211; <\/strong> <em>Palestra: Teorias queer, performatividade e ideologia lingu\u00edstica <\/em><\/p>\n\n\n\n<figure class=\"wp-block-embed is-type-video is-provider-youtube wp-block-embed-youtube wp-embed-aspect-16-9 wp-has-aspect-ratio\"><div class=\"wp-block-embed__wrapper\">\n<iframe loading=\"lazy\" title=\"Palestra: Teorias queer, performatividade e ideologia lingu\u00edstica\" width=\"625\" height=\"352\" src=\"https:\/\/www.youtube.com\/embed\/KLWlSY5FD6g?feature=oembed\" frameborder=\"0\" allow=\"accelerometer; autoplay; clipboard-write; encrypted-media; gyroscope; picture-in-picture; web-share\" referrerpolicy=\"strict-origin-when-cross-origin\" allowfullscreen><\/iframe>\n<\/div><\/figure>\n\n\n\n<p>.<\/p>\n\n\n\n<h2 class=\"wp-block-heading\">Mesa comemorativa<\/h2>\n\n\n\n<p><strong>26\/06<\/strong> &#8211; <em>Mesa Comemorativa da ALAB &#8211; Nossa Mem\u00f3ria e Hist\u00f3ria em Constru\u00e7\u00e3o &#8211; 30 anos<\/em> <\/p>\n\n\n\n<figure class=\"wp-block-embed is-type-video is-provider-youtube wp-block-embed-youtube wp-embed-aspect-16-9 wp-has-aspect-ratio\"><div class=\"wp-block-embed__wrapper\">\n<iframe loading=\"lazy\" title=\"Mesa Comemorativa da ALAB - Nossa Mem\u00f3ria e Hist\u00f3ria em Constru\u00e7\u00e3o - 30 anos\" width=\"625\" height=\"352\" src=\"https:\/\/www.youtube.com\/embed\/JfR-ZJi76RE?feature=oembed\" frameborder=\"0\" allow=\"accelerometer; autoplay; clipboard-write; encrypted-media; gyroscope; picture-in-picture; web-share\" referrerpolicy=\"strict-origin-when-cross-origin\" allowfullscreen><\/iframe>\n<\/div><\/figure>\n\n\n\n<p>.<\/p>\n\n\n\n<h2 class=\"wp-block-heading\">Mesa online<\/h2>\n\n\n\n<p><strong>30\/06 <\/strong>&#8211; <em>Mesa Online: Di\u00e1logos sobre moradia e Covid-19: limites do isolamento nas favelas<\/em>.<\/p>\n\n\n\n<figure class=\"wp-block-embed is-type-video is-provider-youtube wp-block-embed-youtube wp-embed-aspect-16-9 wp-has-aspect-ratio\"><div class=\"wp-block-embed__wrapper\">\n<iframe loading=\"lazy\" title=\"Mesa Online: Di\u00e1logos sobre moradia e Covid-19: limites do isolamento nas favelas\" width=\"625\" height=\"352\" src=\"https:\/\/www.youtube.com\/embed\/-lrpawf7BYA?feature=oembed\" frameborder=\"0\" allow=\"accelerometer; autoplay; clipboard-write; encrypted-media; gyroscope; picture-in-picture; web-share\" referrerpolicy=\"strict-origin-when-cross-origin\" allowfullscreen><\/iframe>\n<\/div><\/figure>\n\n\n\n<p>.<\/p>\n\n\n\n<p><strong>08\/07<\/strong> &#8211; <em>Mesa Online: Di\u00e1logos sobre moradia e Covid-19: limites do isolamento nas favelas<\/em>:<\/p>\n\n\n\n<figure class=\"wp-block-embed is-type-video is-provider-youtube wp-block-embed-youtube wp-embed-aspect-16-9 wp-has-aspect-ratio\"><div class=\"wp-block-embed__wrapper\">\n<iframe loading=\"lazy\" title=\"Mesa Online: Di\u00e1logos sobre moradia e Covid-19: limites do isolamento nas favelas\" width=\"625\" height=\"352\" src=\"https:\/\/www.youtube.com\/embed\/-lrpawf7BYA?start=2&#038;feature=oembed\" frameborder=\"0\" allow=\"accelerometer; autoplay; clipboard-write; encrypted-media; gyroscope; picture-in-picture; web-share\" referrerpolicy=\"strict-origin-when-cross-origin\" allowfullscreen><\/iframe>\n<\/div><\/figure>\n\n\n\n<p>.<\/p>\n\n\n\n<p><strong>15\/07 <\/strong>&#8211; <em>Mesa Online: Alfabetiza\u00e7\u00e3o em contexto de Letramentos:<\/em><\/p>\n\n\n\n<figure class=\"wp-block-embed is-type-video is-provider-youtube wp-block-embed-youtube wp-embed-aspect-16-9 wp-has-aspect-ratio\"><div class=\"wp-block-embed__wrapper\">\n<iframe loading=\"lazy\" title=\"Mesa Online: Alfabetiza\u00e7\u00e3o em contexto de Letramentos\" width=\"625\" height=\"352\" src=\"https:\/\/www.youtube.com\/embed\/Ufn7P8kPZ9o?feature=oembed\" frameborder=\"0\" allow=\"accelerometer; autoplay; clipboard-write; encrypted-media; gyroscope; picture-in-picture; web-share\" referrerpolicy=\"strict-origin-when-cross-origin\" allowfullscreen><\/iframe>\n<\/div><\/figure>\n\n\n\n<p>.<\/p>\n\n\n\n<h3 class=\"wp-block-heading\">CONTATO:<\/h3>\n\n\n\n<p><strong>Facebook<\/strong>: <a rel=\"noreferrer noopener\" href=\"https:\/\/fb.com\/facealab\" target=\"_blank\">fb.com\/facealab<\/a><\/p>\n\n\n\n<p><strong>Instagram<\/strong>: <a rel=\"noreferrer noopener\" href=\"https:\/\/www.instagram.com\/alab_oficial\" target=\"_blank\">instagr.am\/alab_oficial\/<\/a>.<\/p>\n\n\n\n<p><strong>Email<\/strong>: <a rel=\"noreferrer noopener\" href=\"https:\/\/alab.org.br\/#\" target=\"_blank\">secretaria@alab.org.br<\/a><\/p>\n","protected":false},"excerpt":{"rendered":"<p>A Associa\u00e7\u00e3o de Lingu\u00edstica Aplicada do Brasil (ALAB) completou 30 anos no dia 26 de junho de 2020. Neste anivers\u00e1rio houve um bate-papo entre os\/ as presidentes da Associa\u00e7\u00e3o. A programa\u00e7\u00e3o pode ser acessada em: Programa\u00e7\u00e3o ALAB 30 anos. pdf. Segue aqui o link do stream: &nbsp;https:\/\/streamyard.com\/a3jqsmv7cr. &#8230;. Presidentes da ALAB &#8211; Kyria Finardi &#8230;&#8230; [&hellip;]<\/p>\n","protected":false},"author":151,"featured_media":0,"parent":3772,"menu_order":0,"comment_status":"closed","ping_status":"closed","template":"","meta":{"_bbp_topic_count":0,"_bbp_reply_count":0,"_bbp_total_topic_count":0,"_bbp_total_reply_count":0,"_bbp_voice_count":0,"_bbp_anonymous_reply_count":0,"_bbp_topic_count_hidden":0,"_bbp_reply_count_hidden":0,"_bbp_forum_subforum_count":0,"_uag_custom_page_level_css":"","footnotes":""},"class_list":["post-2897","page","type-page","status-publish","hentry"],"uagb_featured_image_src":{"full":false,"thumbnail":false,"medium":false,"medium_large":false,"large":false,"1536x1536":false,"2048x2048":false,"post-thumbnail":false},"uagb_author_info":{"display_name":"carlos.hildeblando","author_link":"https:\/\/blog.ufes.br\/kyriafinardi\/author\/carlos_alberto-hildeblando-junior\/"},"uagb_comment_info":0,"uagb_excerpt":"A Associa\u00e7\u00e3o de Lingu\u00edstica Aplicada do Brasil (ALAB) completou 30 anos no dia 26 de junho de 2020. Neste anivers\u00e1rio houve um bate-papo entre os\/ as presidentes da Associa\u00e7\u00e3o. A programa\u00e7\u00e3o pode ser acessada em: Programa\u00e7\u00e3o ALAB 30 anos. pdf. Segue aqui o link do stream: &nbsp;https:\/\/streamyard.com\/a3jqsmv7cr. &#8230;. Presidentes da ALAB &#8211; Kyria Finardi &#8230;&#8230;&hellip;","_links":{"self":[{"href":"https:\/\/blog.ufes.br\/kyriafinardi\/wp-json\/wp\/v2\/pages\/2897","targetHints":{"allow":["GET"]}}],"collection":[{"href":"https:\/\/blog.ufes.br\/kyriafinardi\/wp-json\/wp\/v2\/pages"}],"about":[{"href":"https:\/\/blog.ufes.br\/kyriafinardi\/wp-json\/wp\/v2\/types\/page"}],"author":[{"embeddable":true,"href":"https:\/\/blog.ufes.br\/kyriafinardi\/wp-json\/wp\/v2\/users\/151"}],"replies":[{"embeddable":true,"href":"https:\/\/blog.ufes.br\/kyriafinardi\/wp-json\/wp\/v2\/comments?post=2897"}],"version-history":[{"count":19,"href":"https:\/\/blog.ufes.br\/kyriafinardi\/wp-json\/wp\/v2\/pages\/2897\/revisions"}],"predecessor-version":[{"id":4667,"href":"https:\/\/blog.ufes.br\/kyriafinardi\/wp-json\/wp\/v2\/pages\/2897\/revisions\/4667"}],"up":[{"embeddable":true,"href":"https:\/\/blog.ufes.br\/kyriafinardi\/wp-json\/wp\/v2\/pages\/3772"}],"wp:attachment":[{"href":"https:\/\/blog.ufes.br\/kyriafinardi\/wp-json\/wp\/v2\/media?parent=2897"}],"curies":[{"name":"wp","href":"https:\/\/api.w.org\/{rel}","templated":true}]}}