{"id":3341,"date":"2020-07-13T12:41:44","date_gmt":"2020-07-13T15:41:44","guid":{"rendered":"http:\/\/blog.ufes.br\/kyriafinardi\/?page_id=3341"},"modified":"2022-03-15T15:12:38","modified_gmt":"2022-03-15T18:12:38","slug":"projetos-de-extensao","status":"publish","type":"page","link":"https:\/\/blog.ufes.br\/kyriafinardi\/projetos-em-andamento\/projetos-de-extensao\/","title":{"rendered":"Projetos de Extens\u00e3o"},"content":{"rendered":"\n<p class=\"has-light-gray-background-color has-background\"><a href=\"https:\/\/blog.ufes.br\/kyriafinardi\/projetos-de-extensao\/projeto-de-extensao\/\" target=\"_blank\" rel=\"noreferrer noopener\">Terceiro Espa\u00e7o na Constru\u00e7\u00e3o de Cidadania Glonacal: uma experi\u00eancia de internacionaliza\u00e7\u00e3o da Extens\u00e3o.<\/a><\/p>\n\n\n\n<p class=\"has-light-gray-background-color has-background\"><a href=\"https:\/\/blog.ufes.br\/kyriafinardi\/projetos-de-extensao\/construcao-de-cidadania-por-meio-da-lingua\/\" target=\"_blank\" rel=\"noreferrer noopener\">Constru\u00e7\u00e3o de Cidadania por Meio da L\u00edngua.<\/a><\/p>\n","protected":false},"excerpt":{"rendered":"<p>Terceiro Espa\u00e7o na Constru\u00e7\u00e3o de Cidadania Glonacal: uma experi\u00eancia de internacionaliza\u00e7\u00e3o da Extens\u00e3o. Constru\u00e7\u00e3o de Cidadania por Meio da L\u00edngua.<\/p>\n","protected":false},"author":151,"featured_media":3437,"parent":4687,"menu_order":0,"comment_status":"closed","ping_status":"closed","template":"","meta":{"_bbp_topic_count":0,"_bbp_reply_count":0,"_bbp_total_topic_count":0,"_bbp_total_reply_count":0,"_bbp_voice_count":0,"_bbp_anonymous_reply_count":0,"_bbp_topic_count_hidden":0,"_bbp_reply_count_hidden":0,"_bbp_forum_subforum_count":0,"_uag_custom_page_level_css":"","footnotes":""},"class_list":["post-3341","page","type-page","status-publish","has-post-thumbnail","hentry"],"uagb_featured_image_src":{"full":["https:\/\/blog.ufes.br\/kyriafinardi\/files\/2020\/07\/Projetos-de-extens\u00e3o.jpg",600,200,false],"thumbnail":["https:\/\/blog.ufes.br\/kyriafinardi\/files\/2020\/07\/Projetos-de-extens\u00e3o.jpg",150,50,false],"medium":["https:\/\/blog.ufes.br\/kyriafinardi\/files\/2020\/07\/Projetos-de-extens\u00e3o.jpg",300,100,false],"medium_large":["https:\/\/blog.ufes.br\/kyriafinardi\/files\/2020\/07\/Projetos-de-extens\u00e3o.jpg",600,200,false],"large":["https:\/\/blog.ufes.br\/kyriafinardi\/files\/2020\/07\/Projetos-de-extens\u00e3o.jpg",600,200,false],"1536x1536":["https:\/\/blog.ufes.br\/kyriafinardi\/files\/2020\/07\/Projetos-de-extens\u00e3o.jpg",600,200,false],"2048x2048":["https:\/\/blog.ufes.br\/kyriafinardi\/files\/2020\/07\/Projetos-de-extens\u00e3o.jpg",600,200,false],"post-thumbnail":["https:\/\/blog.ufes.br\/kyriafinardi\/files\/2020\/07\/Projetos-de-extens\u00e3o.jpg",600,200,false]},"uagb_author_info":{"display_name":"carlos.hildeblando","author_link":"https:\/\/blog.ufes.br\/kyriafinardi\/author\/carlos_alberto-hildeblando-junior\/"},"uagb_comment_info":0,"uagb_excerpt":"Terceiro Espa\u00e7o na Constru\u00e7\u00e3o de Cidadania Glonacal: uma experi\u00eancia de internacionaliza\u00e7\u00e3o da Extens\u00e3o. Constru\u00e7\u00e3o de Cidadania por Meio da L\u00edngua.","_links":{"self":[{"href":"https:\/\/blog.ufes.br\/kyriafinardi\/wp-json\/wp\/v2\/pages\/3341","targetHints":{"allow":["GET"]}}],"collection":[{"href":"https:\/\/blog.ufes.br\/kyriafinardi\/wp-json\/wp\/v2\/pages"}],"about":[{"href":"https:\/\/blog.ufes.br\/kyriafinardi\/wp-json\/wp\/v2\/types\/page"}],"author":[{"embeddable":true,"href":"https:\/\/blog.ufes.br\/kyriafinardi\/wp-json\/wp\/v2\/users\/151"}],"replies":[{"embeddable":true,"href":"https:\/\/blog.ufes.br\/kyriafinardi\/wp-json\/wp\/v2\/comments?post=3341"}],"version-history":[{"count":5,"href":"https:\/\/blog.ufes.br\/kyriafinardi\/wp-json\/wp\/v2\/pages\/3341\/revisions"}],"predecessor-version":[{"id":7034,"href":"https:\/\/blog.ufes.br\/kyriafinardi\/wp-json\/wp\/v2\/pages\/3341\/revisions\/7034"}],"up":[{"embeddable":true,"href":"https:\/\/blog.ufes.br\/kyriafinardi\/wp-json\/wp\/v2\/pages\/4687"}],"wp:featuredmedia":[{"embeddable":true,"href":"https:\/\/blog.ufes.br\/kyriafinardi\/wp-json\/wp\/v2\/media\/3437"}],"wp:attachment":[{"href":"https:\/\/blog.ufes.br\/kyriafinardi\/wp-json\/wp\/v2\/media?parent=3341"}],"curies":[{"name":"wp","href":"https:\/\/api.w.org\/{rel}","templated":true}]}}

Projetos de Extensão

<p class="has-light-gray-background-color has-background"><a href="https://blog.ufes.br/kyriafinardi/projetos-de-extensao/projeto-de-extensao/" target="_blank" rel="noreferrer noopener">Terceiro Espaço na Construção de Cidadania Glonacal: uma experiência de internacionalização da Extensão.</a></p>



<p class="has-light-gray-background-color has-background"><a href="https://blog.ufes.br/kyriafinardi/projetos-de-extensao/construcao-de-cidadania-por-meio-da-lingua/" target="_blank" rel="noreferrer noopener">Construção de Cidadania por Meio da Língua.</a></p>

<p>Terceiro Espaço na Construção de Cidadania Glonacal: uma experiência de internacionalização da Extensão. Construção de Cidadania por Meio da Língua.</p>

https://blog.ufes.br/kyriafinardi/files/2020/07/Projetos-de-extensão.jpg

Terceiro Espaço na Construção de Cidadania Glonacal: uma experiência de internacionalização da Extensão. Construção de Cidadania por Meio da Língua.
