{"id":407,"date":"2017-10-09T20:35:01","date_gmt":"2017-10-09T23:35:01","guid":{"rendered":"http:\/\/blog.ufes.br\/kyriafinardi\/?page_id=407"},"modified":"2021-12-21T14:09:05","modified_gmt":"2021-12-21T17:09:05","slug":"teses","status":"publish","type":"page","link":"https:\/\/blog.ufes.br\/kyriafinardi\/membros-colaboradores\/group-members\/tccs-dissertacoes-e-teses-de-orientandos\/teses\/","title":{"rendered":"Teses"},"content":{"rendered":"\n<ul class=\"wp-block-list\"><li><a href=\"https:\/\/drive.google.com\/file\/d\/1gy5BnrifMfEZiH7QNp_B2H-T2ZbDQ2-0\/view?usp=sharing\" data-type=\"URL\" data-id=\"https:\/\/drive.google.com\/file\/d\/1gy5BnrifMfEZiH7QNp_B2H-T2ZbDQ2-0\/view?usp=sharing\" target=\"_blank\" rel=\"noreferrer noopener\">AMORIM, Gabriel Brito. A<strong> internacionaliza\u00e7\u00e3o do ensino superior no Brasil:<\/strong> uma proposta de matriz multidimensional de (auto) avalia\u00e7\u00e3o. 2020. 145f. Tese (Doutorado em Lingu\u00edstica), Universidade Federal do Esp\u00edrito Santo, Vit\u00f3ria, Esp\u00edrito Santo, 2020<\/a><\/li><\/ul>\n\n\n\n<ul class=\"wp-block-list\"><li><a rel=\"noreferrer noopener\" href=\"https:\/\/drive.google.com\/file\/d\/1ho97xvr1HLuh9_ErJ9C-TqpAC5qtfLo7\/view?usp=sharing\" data-type=\"URL\" data-id=\"https:\/\/drive.google.com\/file\/d\/1ho97xvr1HLuh9_ErJ9C-TqpAC5qtfLo7\/view?usp=sharing\" target=\"_blank\">GUIMAR\u00c3ES, F. F. Internacionaliza\u00e7\u00e3o e Multilinguismo: uma proposta de pol\u00edtica lingu\u00edstica para universidades federais. 2020. Tese (Doutorado em Estudos Lingu\u00edsticos) \u2013 Centro de Ci\u00eancias Humanas e Naturais (CCHN), Universidade Federal do Esp\u00edrito Santo (UFES), Vit\u00f3ria\/ES.<\/a><\/li><\/ul>\n\n\n\n<ul class=\"wp-block-list\"><li><a rel=\"noreferrer noopener\" href=\"https:\/\/drive.google.com\/file\/d\/16MINfdoEvJFsBJlPxYepXyIrwrH2P3kV\/view?usp=sharing\" target=\"_blank\">PICCIN, G. F.\u00a0O\u00a0IFES\u00a0NA\u00a0PRODU\u00c7\u00c3O\u00a0DE\u00a0EPISTEMOLOGIAS\u00a0DO\u00a0SUL. 2021.Tese (Doutorado em Estudos Lingu\u00edsticos) \u2013 Centro de Ci\u00eancias Humanas e Naturais (CCHN), Universidade Federal do Esp\u00edrito Santo (UFES), Vit\u00f3ria\/ES.<\/a><\/li><\/ul>\n","protected":false},"excerpt":{"rendered":"<p>AMORIM, Gabriel Brito. A internacionaliza\u00e7\u00e3o do ensino superior no Brasil: uma proposta de matriz multidimensional de (auto) avalia\u00e7\u00e3o. 2020. 145f. Tese (Doutorado em Lingu\u00edstica), Universidade Federal do Esp\u00edrito Santo, Vit\u00f3ria, Esp\u00edrito Santo, 2020 GUIMAR\u00c3ES, F. F. Internacionaliza\u00e7\u00e3o e Multilinguismo: uma proposta de pol\u00edtica lingu\u00edstica para universidades federais. 2020. Tese (Doutorado em Estudos Lingu\u00edsticos) \u2013 Centro [&hellip;]<\/p>\n","protected":false},"author":151,"featured_media":3429,"parent":248,"menu_order":2,"comment_status":"closed","ping_status":"closed","template":"","meta":{"_bbp_topic_count":0,"_bbp_reply_count":0,"_bbp_total_topic_count":0,"_bbp_total_reply_count":0,"_bbp_voice_count":0,"_bbp_anonymous_reply_count":0,"_bbp_topic_count_hidden":0,"_bbp_reply_count_hidden":0,"_bbp_forum_subforum_count":0,"_uag_custom_page_level_css":"","footnotes":""},"class_list":["post-407","page","type-page","status-publish","has-post-thumbnail","hentry"],"uagb_featured_image_src":{"full":["https:\/\/blog.ufes.br\/kyriafinardi\/files\/2020\/07\/Teses-2.png",600,200,false],"thumbnail":["https:\/\/blog.ufes.br\/kyriafinardi\/files\/2020\/07\/Teses-2.png",150,50,false],"medium":["https:\/\/blog.ufes.br\/kyriafinardi\/files\/2020\/07\/Teses-2.png",300,100,false],"medium_large":["https:\/\/blog.ufes.br\/kyriafinardi\/files\/2020\/07\/Teses-2.png",600,200,false],"large":["https:\/\/blog.ufes.br\/kyriafinardi\/files\/2020\/07\/Teses-2.png",600,200,false],"1536x1536":["https:\/\/blog.ufes.br\/kyriafinardi\/files\/2020\/07\/Teses-2.png",600,200,false],"2048x2048":["https:\/\/blog.ufes.br\/kyriafinardi\/files\/2020\/07\/Teses-2.png",600,200,false],"post-thumbnail":["https:\/\/blog.ufes.br\/kyriafinardi\/files\/2020\/07\/Teses-2.png",600,200,false]},"uagb_author_info":{"display_name":"carlos.hildeblando","author_link":"https:\/\/blog.ufes.br\/kyriafinardi\/author\/carlos_alberto-hildeblando-junior\/"},"uagb_comment_info":0,"uagb_excerpt":"AMORIM, Gabriel Brito. A internacionaliza\u00e7\u00e3o do ensino superior no Brasil: uma proposta de matriz multidimensional de (auto) avalia\u00e7\u00e3o. 2020. 145f. Tese (Doutorado em Lingu\u00edstica), Universidade Federal do Esp\u00edrito Santo, Vit\u00f3ria, Esp\u00edrito Santo, 2020 GUIMAR\u00c3ES, F. F. Internacionaliza\u00e7\u00e3o e Multilinguismo: uma proposta de pol\u00edtica lingu\u00edstica para universidades federais. 2020. Tese (Doutorado em Estudos Lingu\u00edsticos) \u2013 Centro&hellip;","_links":{"self":[{"href":"https:\/\/blog.ufes.br\/kyriafinardi\/wp-json\/wp\/v2\/pages\/407","targetHints":{"allow":["GET"]}}],"collection":[{"href":"https:\/\/blog.ufes.br\/kyriafinardi\/wp-json\/wp\/v2\/pages"}],"about":[{"href":"https:\/\/blog.ufes.br\/kyriafinardi\/wp-json\/wp\/v2\/types\/page"}],"author":[{"embeddable":true,"href":"https:\/\/blog.ufes.br\/kyriafinardi\/wp-json\/wp\/v2\/users\/151"}],"replies":[{"embeddable":true,"href":"https:\/\/blog.ufes.br\/kyriafinardi\/wp-json\/wp\/v2\/comments?post=407"}],"version-history":[{"count":7,"href":"https:\/\/blog.ufes.br\/kyriafinardi\/wp-json\/wp\/v2\/pages\/407\/revisions"}],"predecessor-version":[{"id":6710,"href":"https:\/\/blog.ufes.br\/kyriafinardi\/wp-json\/wp\/v2\/pages\/407\/revisions\/6710"}],"up":[{"embeddable":true,"href":"https:\/\/blog.ufes.br\/kyriafinardi\/wp-json\/wp\/v2\/pages\/248"}],"wp:featuredmedia":[{"embeddable":true,"href":"https:\/\/blog.ufes.br\/kyriafinardi\/wp-json\/wp\/v2\/media\/3429"}],"wp:attachment":[{"href":"https:\/\/blog.ufes.br\/kyriafinardi\/wp-json\/wp\/v2\/media?parent=407"}],"curies":[{"name":"wp","href":"https:\/\/api.w.org\/{rel}","templated":true}]}}