{"id":4819,"date":"2021-03-10T20:21:03","date_gmt":"2021-03-10T23:21:03","guid":{"rendered":"http:\/\/blog.ufes.br\/kyriafinardi\/?page_id=4819"},"modified":"2021-03-10T20:37:42","modified_gmt":"2021-03-10T23:37:42","slug":"italiano-sites-sugeridos-apoio-aprendizado-e-uso-de-idiomas","status":"publish","type":"page","link":"https:\/\/blog.ufes.br\/kyriafinardi\/recursos-online-que-ajudam-a-aprender-idiomas\/sites-sugeridos-apoio-ao-aprendizado-e-uso-de-idiomas\/italiano-sites-sugeridos-apoio-aprendizado-e-uso-de-idiomas\/","title":{"rendered":"Italiano (Sites sugeridos \u2013 Apoio aprendizado e uso de idiomas)"},"content":{"rendered":"\n<p>Aqui voc\u00ea encontrar\u00e1 sites com recursos para o aprendizado da l\u00edngua italiana.\u00a0<strong>Clique na imagem ou no nome ao lado para acess\u00e1-los<\/strong>:<\/p>\n\n\n\n<p>&#8230;..<\/p>\n\n\n\n<div class=\"wp-block-media-text alignwide is-stacked-on-mobile\" style=\"grid-template-columns:30% auto\"><figure class=\"wp-block-media-text__media\"><a href=\"https:\/\/canaldoensino.com.br\/blog\/usp-oferece-material-didatico-gratuito-para-aprender-italiano\" target=\"_blank\" rel=\"noopener\"><img decoding=\"async\" src=\"https:\/\/canaldoensino.com.br\/blog\/wp-content\/uploads\/2012\/02\/logo-2016.png\" alt=\"Canal do Ensino\" \/><\/a><\/figure><div class=\"wp-block-media-text__content\">\n<h4 class=\"wp-block-heading\"><a href=\"https:\/\/canaldoensino.com.br\/blog\/usp-oferece-material-didatico-gratuito-para-aprender-italiano\" target=\"_blank\" rel=\"noreferrer noopener\">USP oferece material did\u00e1tico gratuito para aprender italiano<\/a><\/h4>\n\n\n\n<p>Site com recursos para aprender Italiano.<\/p>\n<\/div><\/div>\n","protected":false},"excerpt":{"rendered":"<p>Aqui voc\u00ea encontrar\u00e1 sites com recursos para o aprendizado da l\u00edngua italiana.\u00a0Clique na imagem ou no nome ao lado para acess\u00e1-los: &#8230;.. USP oferece material did\u00e1tico gratuito para aprender italiano Site com recursos para aprender Italiano.<\/p>\n","protected":false},"author":151,"featured_media":0,"parent":4770,"menu_order":0,"comment_status":"closed","ping_status":"closed","template":"","meta":{"_bbp_topic_count":0,"_bbp_reply_count":0,"_bbp_total_topic_count":0,"_bbp_total_reply_count":0,"_bbp_voice_count":0,"_bbp_anonymous_reply_count":0,"_bbp_topic_count_hidden":0,"_bbp_reply_count_hidden":0,"_bbp_forum_subforum_count":0,"_uag_custom_page_level_css":"","footnotes":""},"class_list":["post-4819","page","type-page","status-publish","hentry"],"uagb_featured_image_src":{"full":false,"thumbnail":false,"medium":false,"medium_large":false,"large":false,"1536x1536":false,"2048x2048":false,"post-thumbnail":false},"uagb_author_info":{"display_name":"carlos.hildeblando","author_link":"https:\/\/blog.ufes.br\/kyriafinardi\/author\/carlos_alberto-hildeblando-junior\/"},"uagb_comment_info":0,"uagb_excerpt":"Aqui voc\u00ea encontrar\u00e1 sites com recursos para o aprendizado da l\u00edngua italiana.\u00a0Clique na imagem ou no nome ao lado para acess\u00e1-los: &#8230;.. USP oferece material did\u00e1tico gratuito para aprender italiano Site com recursos para aprender Italiano.","_links":{"self":[{"href":"https:\/\/blog.ufes.br\/kyriafinardi\/wp-json\/wp\/v2\/pages\/4819","targetHints":{"allow":["GET"]}}],"collection":[{"href":"https:\/\/blog.ufes.br\/kyriafinardi\/wp-json\/wp\/v2\/pages"}],"about":[{"href":"https:\/\/blog.ufes.br\/kyriafinardi\/wp-json\/wp\/v2\/types\/page"}],"author":[{"embeddable":true,"href":"https:\/\/blog.ufes.br\/kyriafinardi\/wp-json\/wp\/v2\/users\/151"}],"replies":[{"embeddable":true,"href":"https:\/\/blog.ufes.br\/kyriafinardi\/wp-json\/wp\/v2\/comments?post=4819"}],"version-history":[{"count":3,"href":"https:\/\/blog.ufes.br\/kyriafinardi\/wp-json\/wp\/v2\/pages\/4819\/revisions"}],"predecessor-version":[{"id":4822,"href":"https:\/\/blog.ufes.br\/kyriafinardi\/wp-json\/wp\/v2\/pages\/4819\/revisions\/4822"}],"up":[{"embeddable":true,"href":"https:\/\/blog.ufes.br\/kyriafinardi\/wp-json\/wp\/v2\/pages\/4770"}],"wp:attachment":[{"href":"https:\/\/blog.ufes.br\/kyriafinardi\/wp-json\/wp\/v2\/media?parent=4819"}],"curies":[{"name":"wp","href":"https:\/\/api.w.org\/{rel}","templated":true}]}}