{"id":8422,"date":"2025-03-31T16:38:36","date_gmt":"2025-03-31T19:38:36","guid":{"rendered":"https:\/\/blog.ufes.br\/kyriafinardi\/?page_id=8422"},"modified":"2025-03-31T17:36:44","modified_gmt":"2025-03-31T20:36:44","slug":"memoriais","status":"publish","type":"page","link":"https:\/\/blog.ufes.br\/kyriafinardi\/memoriais\/","title":{"rendered":"Memoriais"},"content":{"rendered":"\n<p>Um <strong>memorial formativo<\/strong> \u00e9 um texto reflexivo no qual a pessoa narra e analisa sua trajet\u00f3ria acad\u00eamica e profissional, destacando aprendizados, desafios, influ\u00eancias e experi\u00eancias marcantes. Ele pode ser solicitado em processos seletivos para p\u00f3s-gradua\u00e7\u00e3o, progress\u00e3o na carreira docente ou concursos p\u00fablicos, servindo como um registro da forma\u00e7\u00e3o e do desenvolvimento intelectual.<\/p>\n\n\n\n<p>Nesta p\u00e1gina voc\u00ea encontrar\u00e1 os memoriais das orientandas da professora Dra. Juliana Salvadori:<\/p>\n\n\n\n<div class=\"wp-block-media-text is-stacked-on-mobile\" style=\"grid-template-columns:15% auto\"><figure class=\"wp-block-media-text__media\"><img loading=\"lazy\" decoding=\"async\" width=\"1024\" height=\"1014\" src=\"https:\/\/blog.ufes.br\/kyriafinardi\/files\/2025\/03\/Temas-e-atividades-14-1024x1014.jpg\" alt=\"\" class=\"wp-image-8423 size-full\" srcset=\"https:\/\/blog.ufes.br\/kyriafinardi\/files\/2025\/03\/Temas-e-atividades-14-1024x1014.jpg 1024w, https:\/\/blog.ufes.br\/kyriafinardi\/files\/2025\/03\/Temas-e-atividades-14-300x297.jpg 300w, https:\/\/blog.ufes.br\/kyriafinardi\/files\/2025\/03\/Temas-e-atividades-14-150x150.jpg 150w, https:\/\/blog.ufes.br\/kyriafinardi\/files\/2025\/03\/Temas-e-atividades-14-768x760.jpg 768w, https:\/\/blog.ufes.br\/kyriafinardi\/files\/2025\/03\/Temas-e-atividades-14-624x618.jpg 624w, https:\/\/blog.ufes.br\/kyriafinardi\/files\/2025\/03\/Temas-e-atividades-14.jpg 1091w\" sizes=\"auto, (max-width: 1024px) 100vw, 1024px\" \/><\/figure><div class=\"wp-block-media-text__content\">\n<p><em>ATIPICIDADES E ACESSIBILIDADES DE UMA ESTUDANTE  AUTISTA NA FORMA\u00c7\u00c3O DOCENTE <\/em>(2023) &#8211; Soraia Novaes Santos: <a href=\"http:\/\/blog.ufes.br\/kyriafinardi\/files\/2025\/03\/Soraia-Novaes-Santos.pdf\" target=\"_blank\" rel=\"noreferrer noopener\">http:\/\/blog.ufes.br\/kyriafinardi\/files\/2025\/03\/Soraia-Novaes-Santos.pdf<\/a><\/p>\n<\/div><\/div>\n\n\n\n<div class=\"wp-block-media-text is-stacked-on-mobile\" style=\"grid-template-columns:15% auto\"><figure class=\"wp-block-media-text__media\"><img loading=\"lazy\" decoding=\"async\" width=\"770\" height=\"1024\" src=\"https:\/\/blog.ufes.br\/kyriafinardi\/files\/2025\/03\/Temas-e-atividades-1-6-770x1024.jpg\" alt=\"\" class=\"wp-image-8424 size-full\" srcset=\"https:\/\/blog.ufes.br\/kyriafinardi\/files\/2025\/03\/Temas-e-atividades-1-6-770x1024.jpg 770w, https:\/\/blog.ufes.br\/kyriafinardi\/files\/2025\/03\/Temas-e-atividades-1-6-226x300.jpg 226w, https:\/\/blog.ufes.br\/kyriafinardi\/files\/2025\/03\/Temas-e-atividades-1-6-768x1021.jpg 768w, https:\/\/blog.ufes.br\/kyriafinardi\/files\/2025\/03\/Temas-e-atividades-1-6-624x830.jpg 624w, https:\/\/blog.ufes.br\/kyriafinardi\/files\/2025\/03\/Temas-e-atividades-1-6.jpg 812w\" sizes=\"auto, (max-width: 770px) 100vw, 770px\" \/><\/figure><div class=\"wp-block-media-text__content\">\n<p><em>MEMORIAL FORMATIVO DE CONCLUS\u00c3O DE CURSO: DAS PR\u00c1TICAS DA ESTUDANTE E PESQUISADORA \u00c0S PR\u00c1TICAS DA PROFESSORA<\/em> (2023) &#8211; ANDREA LEITE DE SOUZA: <a href=\"http:\/\/blog.ufes.br\/kyriafinardi\/files\/2025\/03\/ANDREA-LEITE-DE-SOUZA_compressed.pdf\" target=\"_blank\" rel=\"noreferrer noopener\">http:\/\/blog.ufes.br\/kyriafinardi\/files\/2025\/03\/ANDREA-LEITE-DE-SOUZA_compressed.pdf<\/a><\/p>\n<\/div><\/div>\n\n\n\n<div class=\"wp-block-media-text is-stacked-on-mobile\" style=\"grid-template-columns:20% auto\"><figure class=\"wp-block-media-text__media\"><img loading=\"lazy\" decoding=\"async\" width=\"945\" height=\"886\" src=\"https:\/\/blog.ufes.br\/kyriafinardi\/files\/2025\/03\/Temas-e-atividades-2-4.jpg\" alt=\"\" class=\"wp-image-8425 size-full\" srcset=\"https:\/\/blog.ufes.br\/kyriafinardi\/files\/2025\/03\/Temas-e-atividades-2-4.jpg 945w, https:\/\/blog.ufes.br\/kyriafinardi\/files\/2025\/03\/Temas-e-atividades-2-4-300x281.jpg 300w, https:\/\/blog.ufes.br\/kyriafinardi\/files\/2025\/03\/Temas-e-atividades-2-4-768x720.jpg 768w, https:\/\/blog.ufes.br\/kyriafinardi\/files\/2025\/03\/Temas-e-atividades-2-4-624x585.jpg 624w\" sizes=\"auto, (max-width: 945px) 100vw, 945px\" \/><\/figure><div class=\"wp-block-media-text__content\">\n<p><em>PERCORRENDO OS SONS DOS LIVROS, DAS NARRATIVAS, DA VIDA: UMA RETROSPECTIVA REFLEXIVA DA MINHA FORMA\u00c7\u00c3O DOCENTE <\/em>(2023) &#8211; MARIANA VIT\u00d3RIA FREIRE CAMARDELLI: <a href=\"http:\/\/blog.ufes.br\/kyriafinardi\/files\/2025\/03\/MARIANA-VITORIA-FREIRE-CAMARDELLI.pdf\" target=\"_blank\" rel=\"noreferrer noopener\">http:\/\/blog.ufes.br\/kyriafinardi\/files\/2025\/03\/MARIANA-VITORIA-FREIRE-CAMARDELLI.pdf<\/a><\/p>\n<\/div><\/div>\n","protected":false},"excerpt":{"rendered":"<p>Um memorial formativo \u00e9 um texto reflexivo no qual a pessoa narra e analisa sua trajet\u00f3ria acad\u00eamica e profissional, destacando aprendizados, desafios, influ\u00eancias e experi\u00eancias marcantes. Ele pode ser solicitado em processos seletivos para p\u00f3s-gradua\u00e7\u00e3o, progress\u00e3o na carreira docente ou concursos p\u00fablicos, servindo como um registro da forma\u00e7\u00e3o e do desenvolvimento intelectual. Nesta p\u00e1gina voc\u00ea [&hellip;]<\/p>\n","protected":false},"author":151,"featured_media":0,"parent":0,"menu_order":0,"comment_status":"closed","ping_status":"closed","template":"","meta":{"_bbp_topic_count":0,"_bbp_reply_count":0,"_bbp_total_topic_count":0,"_bbp_total_reply_count":0,"_bbp_voice_count":0,"_bbp_anonymous_reply_count":0,"_bbp_topic_count_hidden":0,"_bbp_reply_count_hidden":0,"_bbp_forum_subforum_count":0,"_uag_custom_page_level_css":"","footnotes":""},"class_list":["post-8422","page","type-page","status-publish","hentry"],"uagb_featured_image_src":{"full":false,"thumbnail":false,"medium":false,"medium_large":false,"large":false,"1536x1536":false,"2048x2048":false,"post-thumbnail":false},"uagb_author_info":{"display_name":"carlos.hildeblando","author_link":"https:\/\/blog.ufes.br\/kyriafinardi\/author\/carlos_alberto-hildeblando-junior\/"},"uagb_comment_info":0,"uagb_excerpt":"Um memorial formativo \u00e9 um texto reflexivo no qual a pessoa narra e analisa sua trajet\u00f3ria acad\u00eamica e profissional, destacando aprendizados, desafios, influ\u00eancias e experi\u00eancias marcantes. Ele pode ser solicitado em processos seletivos para p\u00f3s-gradua\u00e7\u00e3o, progress\u00e3o na carreira docente ou concursos p\u00fablicos, servindo como um registro da forma\u00e7\u00e3o e do desenvolvimento intelectual. Nesta p\u00e1gina voc\u00ea&hellip;","_links":{"self":[{"href":"https:\/\/blog.ufes.br\/kyriafinardi\/wp-json\/wp\/v2\/pages\/8422","targetHints":{"allow":["GET"]}}],"collection":[{"href":"https:\/\/blog.ufes.br\/kyriafinardi\/wp-json\/wp\/v2\/pages"}],"about":[{"href":"https:\/\/blog.ufes.br\/kyriafinardi\/wp-json\/wp\/v2\/types\/page"}],"author":[{"embeddable":true,"href":"https:\/\/blog.ufes.br\/kyriafinardi\/wp-json\/wp\/v2\/users\/151"}],"replies":[{"embeddable":true,"href":"https:\/\/blog.ufes.br\/kyriafinardi\/wp-json\/wp\/v2\/comments?post=8422"}],"version-history":[{"count":2,"href":"https:\/\/blog.ufes.br\/kyriafinardi\/wp-json\/wp\/v2\/pages\/8422\/revisions"}],"predecessor-version":[{"id":8430,"href":"https:\/\/blog.ufes.br\/kyriafinardi\/wp-json\/wp\/v2\/pages\/8422\/revisions\/8430"}],"wp:attachment":[{"href":"https:\/\/blog.ufes.br\/kyriafinardi\/wp-json\/wp\/v2\/media?parent=8422"}],"curies":[{"name":"wp","href":"https:\/\/api.w.org\/{rel}","templated":true}]}}

<p>Um <strong>memorial formativo</strong> é um texto reflexivo no qual a pessoa narra e analisa sua trajetória acadêmica e profissional, destacando aprendizados, desafios, influências e experiências marcantes. Ele pode ser solicitado em processos seletivos para pós-graduação, progressão na carreira docente ou concursos públicos, servindo como um registro da formação e do desenvolvimento intelectual.</p>



<p>Nesta página você encontrará os memoriais das orientandas da professora Dra. Juliana Salvadori:</p>



<div class="wp-block-media-text is-stacked-on-mobile" style="grid-template-columns:15% auto"><figure class="wp-block-media-text__media"><img loading="lazy" decoding="async" width="1024" height="1014" src="https://blog.ufes.br/kyriafinardi/files/2025/03/Temas-e-atividades-14-1024x1014.jpg" alt="" class="wp-image-8423 size-full" srcset="https://blog.ufes.br/kyriafinardi/files/2025/03/Temas-e-atividades-14-1024x1014.jpg 1024w, https://blog.ufes.br/kyriafinardi/files/2025/03/Temas-e-atividades-14-300x297.jpg 300w, https://blog.ufes.br/kyriafinardi/files/2025/03/Temas-e-atividades-14-150x150.jpg 150w, https://blog.ufes.br/kyriafinardi/files/2025/03/Temas-e-atividades-14-768x760.jpg 768w, https://blog.ufes.br/kyriafinardi/files/2025/03/Temas-e-atividades-14-624x618.jpg 624w, https://blog.ufes.br/kyriafinardi/files/2025/03/Temas-e-atividades-14.jpg 1091w" sizes="auto, (max-width: 1024px) 100vw, 1024px" /></figure><div class="wp-block-media-text__content">
<p><em>ATIPICIDADES E ACESSIBILIDADES DE UMA ESTUDANTE  AUTISTA NA FORMAÇÃO DOCENTE </em>(2023) &#8211; Soraia Novaes Santos: <a href="http://blog.ufes.br/kyriafinardi/files/2025/03/Soraia-Novaes-Santos.pdf" target="_blank" rel="noreferrer noopener">http://blog.ufes.br/kyriafinardi/files/2025/03/Soraia-Novaes-Santos.pdf</a></p>
</div></div>



<div class="wp-block-media-text is-stacked-on-mobile" style="grid-template-columns:15% auto"><figure class="wp-block-media-text__media"><img loading="lazy" decoding="async" width="770" height="1024" src="https://blog.ufes.br/kyriafinardi/files/2025/03/Temas-e-atividades-1-6-770x1024.jpg" alt="" class="wp-image-8424 size-full" srcset="https://blog.ufes.br/kyriafinardi/files/2025/03/Temas-e-atividades-1-6-770x1024.jpg 770w, https://blog.ufes.br/kyriafinardi/files/2025/03/Temas-e-atividades-1-6-226x300.jpg 226w, https://blog.ufes.br/kyriafinardi/files/2025/03/Temas-e-atividades-1-6-768x1021.jpg 768w, https://blog.ufes.br/kyriafinardi/files/2025/03/Temas-e-atividades-1-6-624x830.jpg 624w, https://blog.ufes.br/kyriafinardi/files/2025/03/Temas-e-atividades-1-6.jpg 812w" sizes="auto, (max-width: 770px) 100vw, 770px" /></figure><div class="wp-block-media-text__content">
<p><em>MEMORIAL FORMATIVO DE CONCLUSÃO DE CURSO: DAS PRÁTICAS DA ESTUDANTE E PESQUISADORA ÀS PRÁTICAS DA PROFESSORA</em> (2023) &#8211; ANDREA LEITE DE SOUZA: <a href="http://blog.ufes.br/kyriafinardi/files/2025/03/ANDREA-LEITE-DE-SOUZA_compressed.pdf" target="_blank" rel="noreferrer noopener">http://blog.ufes.br/kyriafinardi/files/2025/03/ANDREA-LEITE-DE-SOUZA_compressed.pdf</a></p>
</div></div>



<div class="wp-block-media-text is-stacked-on-mobile" style="grid-template-columns:20% auto"><figure class="wp-block-media-text__media"><img loading="lazy" decoding="async" width="945" height="886" src="https://blog.ufes.br/kyriafinardi/files/2025/03/Temas-e-atividades-2-4.jpg" alt="" class="wp-image-8425 size-full" srcset="https://blog.ufes.br/kyriafinardi/files/2025/03/Temas-e-atividades-2-4.jpg 945w, https://blog.ufes.br/kyriafinardi/files/2025/03/Temas-e-atividades-2-4-300x281.jpg 300w, https://blog.ufes.br/kyriafinardi/files/2025/03/Temas-e-atividades-2-4-768x720.jpg 768w, https://blog.ufes.br/kyriafinardi/files/2025/03/Temas-e-atividades-2-4-624x585.jpg 624w" sizes="auto, (max-width: 945px) 100vw, 945px" /></figure><div class="wp-block-media-text__content">
<p><em>PERCORRENDO OS SONS DOS LIVROS, DAS NARRATIVAS, DA VIDA: UMA RETROSPECTIVA REFLEXIVA DA MINHA FORMAÇÃO DOCENTE </em>(2023) &#8211; MARIANA VITÓRIA FREIRE CAMARDELLI: <a href="http://blog.ufes.br/kyriafinardi/files/2025/03/MARIANA-VITORIA-FREIRE-CAMARDELLI.pdf" target="_blank" rel="noreferrer noopener">http://blog.ufes.br/kyriafinardi/files/2025/03/MARIANA-VITORIA-FREIRE-CAMARDELLI.pdf</a></p>
</div></div>

<p>Um memorial formativo é um texto reflexivo no qual a pessoa narra e analisa sua trajetória acadêmica e profissional, destacando aprendizados, desafios, influências e experiências marcantes. Ele pode ser solicitado em processos seletivos para pós-graduação, progressão na carreira docente ou concursos públicos, servindo como um registro da formação e do desenvolvimento intelectual. Nesta página você [&hellip;]</p>

Um memorial formativo é um texto reflexivo no qual a pessoa narra e analisa sua trajetória acadêmica e profissional, destacando aprendizados, desafios, influências e experiências marcantes. Ele pode ser solicitado em processos seletivos para pós-graduação, progressão na carreira docente ou concursos públicos, servindo como um registro da formação e do desenvolvimento intelectual. Nesta página você&hellip;
