{"id":499,"date":"2020-09-30T15:07:38","date_gmt":"2020-09-30T18:07:38","guid":{"rendered":"http:\/\/blog.ufes.br\/laburp\/?page_id=499"},"modified":"2020-10-14T15:31:08","modified_gmt":"2020-10-14T18:31:08","slug":"o-laburp","status":"publish","type":"page","link":"https:\/\/blog.ufes.br\/laburp\/pagina-exemplo\/o-laburp\/","title":{"rendered":"O Laburp"},"content":{"rendered":"\n<p>O Laburp tem como objetivo a realiza\u00e7\u00e3o de pesquisas sobre as regi\u00f5es e os fen\u00f4menos de regionaliza\u00e7\u00e3o, sobre polariza\u00e7\u00f5es e distritos industriais e a constitui\u00e7\u00e3o de espa\u00e7os e de territ\u00f3rios ligados aos equipamentos e infraestruturas industriais e portu\u00e1rias (Geoeconomia) e sobre o fen\u00f4meno urbano em sua acep\u00e7\u00e3o mais larga associando aspectos ligados \u00e0s popula\u00e7\u00f5es e \u00e0 demografia. O laborat\u00f3rio tamb\u00e9m abrange pesquisas com foco em perspectivas das an\u00e1lises relativas \u00e0s paisagens e aos territ\u00f3rios.<\/p>\n\n\n\n<p><\/p>\n","protected":false},"excerpt":{"rendered":"<p>O Laburp tem como objetivo a realiza\u00e7\u00e3o de pesquisas sobre as regi\u00f5es e os fen\u00f4menos de regionaliza\u00e7\u00e3o, sobre polariza\u00e7\u00f5es e distritos industriais e a constitui\u00e7\u00e3o de espa\u00e7os e de territ\u00f3rios ligados aos equipamentos e infraestruturas industriais e portu\u00e1rias (Geoeconomia) e &hellip; <a href=\"https:\/\/blog.ufes.br\/laburp\/pagina-exemplo\/o-laburp\/\">Continue lendo <span class=\"meta-nav\">&rarr;<\/span><\/a><\/p>\n","protected":false},"author":309,"featured_media":0,"parent":2,"menu_order":-1,"comment_status":"closed","ping_status":"closed","template":"onecolumn-page.php","meta":{"_bbp_topic_count":0,"_bbp_reply_count":0,"_bbp_total_topic_count":0,"_bbp_total_reply_count":0,"_bbp_voice_count":0,"_bbp_anonymous_reply_count":0,"_bbp_topic_count_hidden":0,"_bbp_reply_count_hidden":0,"_bbp_forum_subforum_count":0,"_uag_custom_page_level_css":"","footnotes":""},"class_list":["post-499","page","type-page","status-publish","hentry"],"uagb_featured_image_src":{"full":false,"thumbnail":false,"medium":false,"medium_large":false,"large":false,"1536x1536":false,"2048x2048":false,"post-thumbnail":false},"uagb_author_info":{"display_name":"ana.barros","author_link":"https:\/\/blog.ufes.br\/laburp\/author\/ana-barros\/"},"uagb_comment_info":0,"uagb_excerpt":"O Laburp tem como objetivo a realiza\u00e7\u00e3o de pesquisas sobre as regi\u00f5es e os fen\u00f4menos de regionaliza\u00e7\u00e3o, sobre polariza\u00e7\u00f5es e distritos industriais e a constitui\u00e7\u00e3o de espa\u00e7os e de territ\u00f3rios ligados aos equipamentos e infraestruturas industriais e portu\u00e1rias (Geoeconomia) e &hellip; Continue lendo &rarr;","_links":{"self":[{"href":"https:\/\/blog.ufes.br\/laburp\/wp-json\/wp\/v2\/pages\/499","targetHints":{"allow":["GET"]}}],"collection":[{"href":"https:\/\/blog.ufes.br\/laburp\/wp-json\/wp\/v2\/pages"}],"about":[{"href":"https:\/\/blog.ufes.br\/laburp\/wp-json\/wp\/v2\/types\/page"}],"author":[{"embeddable":true,"href":"https:\/\/blog.ufes.br\/laburp\/wp-json\/wp\/v2\/users\/309"}],"replies":[{"embeddable":true,"href":"https:\/\/blog.ufes.br\/laburp\/wp-json\/wp\/v2\/comments?post=499"}],"version-history":[{"count":3,"href":"https:\/\/blog.ufes.br\/laburp\/wp-json\/wp\/v2\/pages\/499\/revisions"}],"predecessor-version":[{"id":549,"href":"https:\/\/blog.ufes.br\/laburp\/wp-json\/wp\/v2\/pages\/499\/revisions\/549"}],"up":[{"embeddable":true,"href":"https:\/\/blog.ufes.br\/laburp\/wp-json\/wp\/v2\/pages\/2"}],"wp:attachment":[{"href":"https:\/\/blog.ufes.br\/laburp\/wp-json\/wp\/v2\/media?parent=499"}],"curies":[{"name":"wp","href":"https:\/\/api.w.org\/{rel}","templated":true}]}}