{"id":491,"date":"2015-10-15T18:14:27","date_gmt":"2015-10-15T18:14:27","guid":{"rendered":"http:\/\/blog.ufes.br\/luciofassarella\/?page_id=491"},"modified":"2015-10-15T19:26:56","modified_gmt":"2015-10-15T19:26:56","slug":"agenda-e-links","status":"publish","type":"page","link":"https:\/\/blog.ufes.br\/luciofassarella\/ceunes\/agenda-e-links\/","title":{"rendered":"Agenda e Links"},"content":{"rendered":"<p><strong>AGENDA<\/strong><\/p>\n<p>2016\/Fev<\/p>\n<ul>\n<li>01\/02: solicitar prorroga\u00e7\u00e3o de contrato de professor substituto (Fl\u00e1vio)<\/li>\n<\/ul>\n<p><strong>INFORMA\u00c7\u00d5ES<\/strong><\/p>\n<p>Professores Substitutos<\/p>\n<ul>\n<li><a href=\"http:\/\/www.daocs.ufes.br\/sites\/daocs.ufes.br\/files\/field\/anexo\/resolucao_no_41.2011_com_anexo.pdf\" target=\"_blank\">Resolu\u00e7\u00e3o No.41\/2011 &#8211; CEPE\/UFES<\/a>: Estabelece normas para contrata\u00e7\u00e3o de professor substituto.<\/li>\n<li><a href=\"http:\/\/www.progep.ufes.br\/sites\/default\/files\/Memorando_Circular_n_008-2014-DGP-UFES-CALENDARIO_2014_EDITAIS_PROF_SUBSTITUTO.pdf\" target=\"_blank\">Memorando No.008\/2014 &#8211; DGP\/PROGEPAES<\/a>: Estabelece cronograma para processos seletivos de professores substitutos em 21015.<\/li>\n<\/ul>\n","protected":false},"excerpt":{"rendered":"<p>AGENDA 2016\/Fev 01\/02: solicitar prorroga\u00e7\u00e3o de contrato de professor substituto (Fl\u00e1vio) INFORMA\u00c7\u00d5ES Professores Substitutos Resolu\u00e7\u00e3o No.41\/2011 &#8211; CEPE\/UFES: Estabelece normas para contrata\u00e7\u00e3o de professor substituto. Memorando No.008\/2014 &#8211; DGP\/PROGEPAES: Estabelece cronograma para processos seletivos de professores substitutos em 21015.<\/p>\n","protected":false},"author":73,"featured_media":0,"parent":78,"menu_order":0,"comment_status":"closed","ping_status":"closed","template":"","meta":{"_bbp_topic_count":0,"_bbp_reply_count":0,"_bbp_total_topic_count":0,"_bbp_total_reply_count":0,"_bbp_voice_count":0,"_bbp_anonymous_reply_count":0,"_bbp_topic_count_hidden":0,"_bbp_reply_count_hidden":0,"_bbp_forum_subforum_count":0,"_uag_custom_page_level_css":"","footnotes":""},"class_list":["post-491","page","type-page","status-publish","hentry"],"uagb_featured_image_src":{"full":false,"thumbnail":false,"medium":false,"medium_large":false,"large":false,"1536x1536":false,"2048x2048":false},"uagb_author_info":{"display_name":"luciofassarella","author_link":"https:\/\/blog.ufes.br\/luciofassarella\/author\/lucio_souza-fassarella\/"},"uagb_comment_info":0,"uagb_excerpt":"AGENDA 2016\/Fev 01\/02: solicitar prorroga\u00e7\u00e3o de contrato de professor substituto (Fl\u00e1vio) INFORMA\u00c7\u00d5ES Professores Substitutos Resolu\u00e7\u00e3o No.41\/2011 &#8211; CEPE\/UFES: Estabelece normas para contrata\u00e7\u00e3o de professor substituto. Memorando No.008\/2014 &#8211; DGP\/PROGEPAES: Estabelece cronograma para processos seletivos de professores substitutos em 21015.","_links":{"self":[{"href":"https:\/\/blog.ufes.br\/luciofassarella\/wp-json\/wp\/v2\/pages\/491","targetHints":{"allow":["GET"]}}],"collection":[{"href":"https:\/\/blog.ufes.br\/luciofassarella\/wp-json\/wp\/v2\/pages"}],"about":[{"href":"https:\/\/blog.ufes.br\/luciofassarella\/wp-json\/wp\/v2\/types\/page"}],"author":[{"embeddable":true,"href":"https:\/\/blog.ufes.br\/luciofassarella\/wp-json\/wp\/v2\/users\/73"}],"replies":[{"embeddable":true,"href":"https:\/\/blog.ufes.br\/luciofassarella\/wp-json\/wp\/v2\/comments?post=491"}],"version-history":[{"count":4,"href":"https:\/\/blog.ufes.br\/luciofassarella\/wp-json\/wp\/v2\/pages\/491\/revisions"}],"predecessor-version":[{"id":495,"href":"https:\/\/blog.ufes.br\/luciofassarella\/wp-json\/wp\/v2\/pages\/491\/revisions\/495"}],"up":[{"embeddable":true,"href":"https:\/\/blog.ufes.br\/luciofassarella\/wp-json\/wp\/v2\/pages\/78"}],"wp:attachment":[{"href":"https:\/\/blog.ufes.br\/luciofassarella\/wp-json\/wp\/v2\/media?parent=491"}],"curies":[{"name":"wp","href":"https:\/\/api.w.org\/{rel}","templated":true}]}}