{"id":78,"date":"2013-02-23T13:24:29","date_gmt":"2013-02-23T13:24:29","guid":{"rendered":"http:\/\/blog.ufes.br\/luciofassarella\/?page_id=78"},"modified":"2018-03-05T17:16:16","modified_gmt":"2018-03-05T17:16:16","slug":"ceunes","status":"publish","type":"page","link":"https:\/\/blog.ufes.br\/luciofassarella\/ceunes\/","title":{"rendered":"Atividades"},"content":{"rendered":"<p><a href=\"https:\/\/docente.ufes.br\/login\" target=\"_blank\" rel=\"noopener\">https:\/\/docente.ufes.br\/login<\/a>!<\/p>\n<p><strong>Atividades 2018\/2<\/strong><\/p>\n<ul>\n<li>Licen\u00e7a-capacita\u00e7\u00e3o<\/li>\n<li>Disciplinas:\n<ul>\n<li>C\u00e1lculo II (Engenharia)<\/li>\n<li>Geometria Anal\u00edtica (Matem\u00e1tica Industrial)<\/li>\n<li>T\u00f3picos em Ensino na Educa\u00e7\u00e3o B\u00e1sica (PPGEEB)<\/li>\n<\/ul>\n<\/li>\n<\/ul>\n<ul>\n<li>Extens\u00e3o:\n<ul>\n<li><a href=\"http:\/\/www.luciofassarella.net\/extensao\/2017elo\/index.html\" target=\"_blank\" rel=\"noopener\">Projeto de Extens\u00e3o Elo Matem\u00e1tico <\/a><\/li>\n<\/ul>\n<\/li>\n<\/ul>\n<ul>\n<li>Administra\u00e7\u00e3o:\n<ul>\n<li>Coordenador do n\u00facleo da disciplina C\u00e1lculo II em 2018\/1.\n<ul>\n<li><a href=\"http:\/\/www.matematicaaplicada.saomateus.ufes.br\/sites\/matematicaaplicada.saomateus.ufes.br\/files\/field\/anexo\/17%C2%AA%20Ata_Ordin%C3%A1ria_DMA_2017.pdf\" target=\"_blank\" rel=\"noopener\"> 17a. Reuni\u00e3o Ordin\u00e1ria do DMA em 2017<\/a>.<\/li>\n<li><a href=\"http:\/\/www.matematicaaplicada.saomateus.ufes.br\/n%C3%BAcleos-de-disciplinas-0\" target=\"_blank\" rel=\"noopener\">Regulamento<\/a>!<\/li>\n<li>N\u00facleo:<em> L\u00facio S. Fassarella, Michel G. Coswosck, Romildo N. Marques<\/em>.<\/li>\n<\/ul>\n<\/li>\n<li>Coordenador do n\u00facleo da disciplina Geometria Anal\u00edtica em 2018\/1.\n<ul>\n<li><a href=\"http:\/\/www.matematicaaplicada.saomateus.ufes.br\/sites\/matematicaaplicada.saomateus.ufes.br\/files\/field\/anexo\/17%C2%AA%20Ata_Ordin%C3%A1ria_DMA_2017.pdf\" target=\"_blank\" rel=\"noopener\"> 17a. Reuni\u00e3o Ordin\u00e1ria do DMA em 2017<\/a>.<\/li>\n<li><a href=\"http:\/\/www.matematicaaplicada.saomateus.ufes.br\/n%C3%BAcleos-de-disciplinas-0\" target=\"_blank\" rel=\"noopener\">Regulamento<\/a>!<\/li>\n<li>N\u00facleo: <em>L\u00facio S. Fassarella, Ramoni Z. Sedano<\/em>.<\/li>\n<\/ul>\n<\/li>\n<li>Suplente da CEX\/CEUNES<\/li>\n<\/ul>\n<\/li>\n<\/ul>\n<p><strong>Atividades 2016\/2<\/strong><\/p>\n<ul>\n<li>Disciplinas\n<ul>\n<li>C\u00e1lculo Avan\u00e7ado (Matem\u00e1tica Industrial)<\/li>\n<li>Est\u00e1gio em Doc\u00eancia I (PPGEEB)<\/li>\n<li>Estudos Independentes I (PPGEEB)<\/li>\n<\/ul>\n<\/li>\n<li>Pesquisa\n<ul>\n<li>&#8230;<\/li>\n<\/ul>\n<\/li>\n<li>Administra\u00e7\u00e3o\n<ul>\n<li>Chefia do DMA: 30h\/semana\n<ul>\n<li><a href=\"http:\/\/www.matematicaaplicada.saomateus.ufes.br\/calend%C3%A1rio-de-reuni%C3%B5es\" target=\"_blank\" rel=\"noopener\">Reuni\u00f5es do DMA<\/a>.<\/li>\n<li><span style=\"color: #808080\"><span style=\"color: #000000\"><a href=\"http:\/\/www.ceunes.ufes.br\/sites\/ceunes.ufes.br\/files\/field\/anexo\/r_2015_028.pdf\" target=\"_blank\" rel=\"noopener\">Reuni\u00f5es do Conselho Departamental do CEUNES<\/a>.<\/span><\/span><\/li>\n<\/ul>\n<\/li>\n<li>CEX\/CEUNES: ???h\/semana<br \/>\n<span style=\"color: #808080\">(Portaria CEUNES No.16 \/2016. Vig\u00eancia: 6\/06\/2016-05\/06\/2018)<\/span><\/li>\n<\/ul>\n<\/li>\n<\/ul>\n<p><strong>Atividades 2016\/1<\/strong><\/p>\n<ul>\n<li>Disciplinas\n<ul>\n<li>An\u00e1lise Tensorial e Mec\u00e2nica do Cont\u00ednuo (Matem\u00e1tica Industrial): 10h\/s<\/li>\n<li>T\u00f3picos em Combinat\u00f3ria e Probabilidade (PPGEEB): 5h\/s<\/li>\n<\/ul>\n<\/li>\n<li><span style=\"color: #000000\">Ensino<\/span>\n<ul>\n<li><span style=\"color: #000000\">Orienta\u00e7\u00e3o de Monitoria de C\u00e1lculo<br \/>\n<\/span><\/p>\n<ul>\n<li><span style=\"color: #000000\"><a href=\"http:\/\/blog.ufes.br\/luciofassarella\/files\/2015\/09\/formulario-monitoria_frequencia.pdf\" target=\"_blank\" rel=\"noopener\">Form. de Atividades<\/a><span style=\"color: #808080\">, <a href=\"http:\/\/blog.ufes.br\/luciofassarella\/files\/2015\/09\/formulario-frequencia-monitoria.pdf\" target=\"_blank\" rel=\"noopener\">Form. Freqc.<\/a>, <a href=\"http:\/\/blog.ufes.br\/luciofassarella\/files\/2015\/09\/formulario-frequencia-monitoria_branco.pdf\" target=\"_blank\" rel=\"noopener\">Form.Freqc.Branco<\/a> <\/span><br \/>\n<\/span><\/li>\n<li><span style=\"color: #808080\">Nome do Monitor: Larissa Gomes Sena<\/span><br \/>\n<span style=\"color: #808080\">Hor\u00e1rio da Bolsa (Atendimento): Segunda 08:00 a 10:40; Ter\u00e7a 08:00 a 12:20 \/ 13:00 a 14:40; Quarta 08:00 a 12:20; Sexta 11:30 a 12:20.<\/span><\/li>\n<\/ul>\n<\/li>\n<\/ul>\n<\/li>\n<li>Administra\u00e7\u00e3o\n<ul>\n<li>Chefia do DMA: 30h\/s\n<ul>\n<li><a href=\"http:\/\/www.matematicaaplicada.saomateus.ufes.br\/calend%C3%A1rio-de-reuni%C3%B5es\" target=\"_blank\" rel=\"noopener\">Reuni\u00f5es do DMA<\/a>.<\/li>\n<li><span style=\"color: #808080\"><span style=\"color: #000000\"><a href=\"http:\/\/www.ceunes.ufes.br\/sites\/ceunes.ufes.br\/files\/field\/anexo\/r_2015_028.pdf\" target=\"_blank\" rel=\"noopener\">Reuni\u00f5es do Conselho Departamental do CEUNES<\/a>.<\/span><\/span><\/li>\n<\/ul>\n<\/li>\n<\/ul>\n<\/li>\n<\/ul>\n<p><strong>Atividades 2015\/2<\/strong><\/p>\n<ul>\n<li>Ensino\n<ul>\n<li>Disciplina:\n<ul>\n<li><span style=\"color: #808080\">Modelagem Matem\u00e1tica (Bach.Matem\u00e1tica): 10h.<\/span><\/li>\n<\/ul>\n<\/li>\n<li>Orienta\u00e7\u00e3o:\n<ul>\n<li><span style=\"color: #808080\">Monitoria de C\u00e1lculo (<\/span><a href=\"http:\/\/blog.ufes.br\/luciofassarella\/files\/2015\/09\/formulario-monitoria_frequencia.pdf\" target=\"_blank\" rel=\"noopener\">Formul\u00e1rio de Atividades<\/a><span style=\"color: #808080\">, <a href=\"http:\/\/blog.ufes.br\/luciofassarella\/files\/2015\/09\/formulario-frequencia-monitoria.pdf\" target=\"_blank\" rel=\"noopener\">Form.Freqc.<\/a>, <a href=\"http:\/\/blog.ufes.br\/luciofassarella\/files\/2015\/09\/formulario-frequencia-monitoria_branco.pdf\" target=\"_blank\" rel=\"noopener\">Form.Freqc.Branco<\/a>)<br \/>\n<\/span><\/li>\n<\/ul>\n<\/li>\n<\/ul>\n<\/li>\n<li>Pesquisa\n<ul>\n<li>Projeto <em>Resolu\u00e7\u00e3o Computacional de Problemas de Combinat\u00f3ria e Probabilidade<\/em> (PRPPG 5744\/2014): 10h<\/li>\n<\/ul>\n<\/li>\n<li>Extens\u00e3o\n<ul>\n<li>Programa<em> Oficina de Matem\u00e1tica<\/em> (Siex\/UFES 500172): 1h<\/li>\n<li>Projeto <em>Forma\u00e7\u00e3o Continuada em Matem\u00e1tica para Professores da Educa\u00e7\u00e3o B\u00e1sica<\/em> (Siex\/UFES 401080): 1h<\/li>\n<\/ul>\n<\/li>\n<li>Administra\u00e7\u00e3o\n<ul>\n<li>Chefia do Departamento de Matem\u00e1tica Aplicada: 20h\n<ul>\n<li>Resolu\u00e7\u00e3o 020\/2015 &#8211; CEUNES, 03\/08\/2015: <a href=\"http:\/\/www.ceunes.ufes.br\/sites\/ceunes.ufes.br\/files\/field\/anexo\/r_2015_20.pdf\" target=\"_blank\" rel=\"noopener\">link<\/a>!<\/li>\n<\/ul>\n<\/li>\n<\/ul>\n<\/li>\n<\/ul>\n<p><strong>Atividades 2015\/1<\/strong><\/p>\n<p>(Aprovadas pela C\u00e2mara Departamental do DMA na sua 1a. Reuni\u00e3o Ordin\u00e1ria de 2015, 05 e 12\/03\/2015)<\/p>\n<ul>\n<li>Ensino\n<ul>\n<li>Disciplinas:\n<ul>\n<li><span style=\"color: #999999\">\u00c1lgebra 2 (Lic. Matem\u00e1tica): 10h<\/span><\/li>\n<li><span style=\"color: #999999\">Instrumenta\u00e7\u00e3o para o Ensino da Matem\u00e1tica (Lic.Matem\u00e1tica): 10h<\/span><\/li>\n<li><span style=\"color: #999999\">Estudos Independentes 2 (PPGEEB): 5h<\/span><\/li>\n<\/ul>\n<\/li>\n<li>Orienta\u00e7\u00e3o:\n<ul>\n<li><span style=\"color: #808080\">Monitoria de C\u00e1lculo (<a href=\"http:\/\/blog.ufes.br\/luciofassarella\/files\/2015\/09\/formulario-monitoria_frequencia.pdf\" target=\"_blank\" rel=\"noopener\">Formul\u00e1rio de Atividades<\/a>, <a href=\"http:\/\/blog.ufes.br\/luciofassarella\/files\/2015\/09\/formulario-frequencia-monitoria.pdf\" target=\"_blank\" rel=\"noopener\">Form.Freqc.<\/a>, <a href=\"http:\/\/blog.ufes.br\/luciofassarella\/files\/2015\/09\/formulario-frequencia-monitoria_branco.pdf\" target=\"_blank\" rel=\"noopener\">Form.Freqc.Branco<\/a>)<br \/>\n<\/span><\/li>\n<\/ul>\n<\/li>\n<\/ul>\n<\/li>\n<li>Pesquisa\n<ul>\n<li>Projeto <em>Resolu\u00e7\u00e3o Computacional de Problemas de Combinat\u00f3ria e Probabilidade<\/em> (PRPPG 5744\/2014): 5h<\/li>\n<\/ul>\n<\/li>\n<li>Extens\u00e3o\n<ul>\n<li>Programa<em> Oficina de Matem\u00e1tica<\/em> (Siex\/UFES 500172): 5h<\/li>\n<li>Projeto <em>Forma\u00e7\u00e3o Continuada em Matem\u00e1tica para Professores da Educa\u00e7\u00e3o B\u00e1sica<\/em> (Siex\/UFES 401080): 5h<\/li>\n<\/ul>\n<\/li>\n<li>Administra\u00e7\u00e3o\n<ul>\n<li>Membro da Comiss\u00e3o de Pesquisa e P\u00f3s-Gradua\u00e7\u00e3o do DMA: 3h<\/li>\n<\/ul>\n<\/li>\n<\/ul>\n<p>&nbsp;<\/p>\n","protected":false},"excerpt":{"rendered":"<p>https:\/\/docente.ufes.br\/login! Atividades 2018\/2 Licen\u00e7a-capacita\u00e7\u00e3o Disciplinas: C\u00e1lculo II (Engenharia) Geometria Anal\u00edtica (Matem\u00e1tica Industrial) T\u00f3picos em Ensino na Educa\u00e7\u00e3o B\u00e1sica (PPGEEB) Extens\u00e3o: Projeto de Extens\u00e3o Elo Matem\u00e1tico Administra\u00e7\u00e3o: Coordenador do n\u00facleo da disciplina C\u00e1lculo II em 2018\/1. 17a. Reuni\u00e3o Ordin\u00e1ria do DMA em 2017. Regulamento! N\u00facleo: L\u00facio S. Fassarella, Michel G. Coswosck, Romildo N. Marques. Coordenador do &hellip; <a href=\"https:\/\/blog.ufes.br\/luciofassarella\/ceunes\/\">Continue reading <span class=\"meta-nav\">&rarr;<\/span><\/a><\/p>\n","protected":false},"author":73,"featured_media":0,"parent":0,"menu_order":1,"comment_status":"closed","ping_status":"closed","template":"","meta":{"_bbp_topic_count":0,"_bbp_reply_count":0,"_bbp_total_topic_count":0,"_bbp_total_reply_count":0,"_bbp_voice_count":0,"_bbp_anonymous_reply_count":0,"_bbp_topic_count_hidden":0,"_bbp_reply_count_hidden":0,"_bbp_forum_subforum_count":0,"_uag_custom_page_level_css":"","footnotes":""},"class_list":["post-78","page","type-page","status-publish","hentry"],"uagb_featured_image_src":{"full":false,"thumbnail":false,"medium":false,"medium_large":false,"large":false,"1536x1536":false,"2048x2048":false},"uagb_author_info":{"display_name":"luciofassarella","author_link":"https:\/\/blog.ufes.br\/luciofassarella\/author\/lucio_souza-fassarella\/"},"uagb_comment_info":0,"uagb_excerpt":"https:\/\/docente.ufes.br\/login! Atividades 2018\/2 Licen\u00e7a-capacita\u00e7\u00e3o Disciplinas: C\u00e1lculo II (Engenharia) Geometria Anal\u00edtica (Matem\u00e1tica Industrial) T\u00f3picos em Ensino na Educa\u00e7\u00e3o B\u00e1sica (PPGEEB) Extens\u00e3o: Projeto de Extens\u00e3o Elo Matem\u00e1tico Administra\u00e7\u00e3o: Coordenador do n\u00facleo da disciplina C\u00e1lculo II em 2018\/1. 17a. Reuni\u00e3o Ordin\u00e1ria do DMA em 2017. Regulamento! N\u00facleo: L\u00facio S. Fassarella, Michel G. Coswosck, Romildo N. Marques. Coordenador do&hellip;","_links":{"self":[{"href":"https:\/\/blog.ufes.br\/luciofassarella\/wp-json\/wp\/v2\/pages\/78","targetHints":{"allow":["GET"]}}],"collection":[{"href":"https:\/\/blog.ufes.br\/luciofassarella\/wp-json\/wp\/v2\/pages"}],"about":[{"href":"https:\/\/blog.ufes.br\/luciofassarella\/wp-json\/wp\/v2\/types\/page"}],"author":[{"embeddable":true,"href":"https:\/\/blog.ufes.br\/luciofassarella\/wp-json\/wp\/v2\/users\/73"}],"replies":[{"embeddable":true,"href":"https:\/\/blog.ufes.br\/luciofassarella\/wp-json\/wp\/v2\/comments?post=78"}],"version-history":[{"count":21,"href":"https:\/\/blog.ufes.br\/luciofassarella\/wp-json\/wp\/v2\/pages\/78\/revisions"}],"predecessor-version":[{"id":852,"href":"https:\/\/blog.ufes.br\/luciofassarella\/wp-json\/wp\/v2\/pages\/78\/revisions\/852"}],"wp:attachment":[{"href":"https:\/\/blog.ufes.br\/luciofassarella\/wp-json\/wp\/v2\/media?parent=78"}],"curies":[{"name":"wp","href":"https:\/\/api.w.org\/{rel}","templated":true}]}}