{"id":108,"date":"2017-02-22T11:24:43","date_gmt":"2017-02-22T14:24:43","guid":{"rendered":"http:\/\/blog.ufes.br\/mostradeprofissoes\/?page_id=108"},"modified":"2017-08-21T12:22:29","modified_gmt":"2017-08-21T15:22:29","slug":"mostra-de-profissoes","status":"publish","type":"page","link":"https:\/\/blog.ufes.br\/mostradeprofissoes\/mostra-de-profissoes\/","title":{"rendered":"Mostra de Profiss\u00f5es"},"content":{"rendered":"<p>O Campus de Alegre fica localizado na regi\u00e3o do Capara\u00f3, constitu\u00edda por 11 munic\u00edpios do Esp\u00edrito Santo. No entanto, observa-se que os cursos oferecidos pela Universidade Federal do Esp\u00edrito Santo (UFES) em Alegre s\u00e3o pouco conhecidos nessa regi\u00e3o. Os cursos sofrem com problemas como o n\u00e3o preenchimento das vagas e evas\u00e3o de alunos.<br \/>\nLogo, a finalidade dessa Mostra de Profiss\u00f5es \u00e9 aproximar-se da comunidade para mostrar, de forma sucinta, todos os cursos ofertados atualmente pelos Centros de Ci\u00eancias Agr\u00e1rias e Engenharias e pelo Centro de Ci\u00eancias Exatas, Naturais e da Sa\u00fade, socializando as oportunidades constru\u00eddas na universidade e dessa forma incentivar o aluno a prestar o ENEM e pleitear uma vaga no SISU.<\/p>\n<div>Videos da Recep\u00e7\u00e3o de Calouros 2017\/1 &#8211; TV Ufes<\/div>\n<div><\/div>\n<div><a href=\"https:\/\/www.youtube.com\/watch?v=RXhCbv1cV0c&amp;index=1&amp;list=PLqhsTiIIAr3zBm2fUVCVZ5pMIjuj0WnWx\" rel=\"nofollow\">https:\/\/www.youtube.com\/watch?v=RXhCbv1cV0c&amp;index=1&amp;list=PLqhsTiIIAr3zBm2fUVCVZ5pMIjuj0WnWx\u00a0<\/a><\/div>\n<div><\/div>\n<div><a href=\"https:\/\/www.youtube.com\/watch?v=gwQV87a2nfM&amp;index=2&amp;list=PLqhsTiIIAr3zBm2fUVCVZ5pMIjuj0WnWx\" rel=\"nofollow\">https:\/\/www.youtube.com\/watch?v=gwQV87a2nfM&amp;index=2&amp;list=PLqhsTiIIAr3zBm2fUVCVZ5pMIjuj0WnWx<\/a><\/div>\n<div><\/div>\n<div><a href=\"https:\/\/www.youtube.com\/watch?v=N7z8P0jhZ_0&amp;list=PLqhsTiIIAr3zBm2fUVCVZ5pMIjuj0WnWx&amp;index=3\" rel=\"nofollow\">https:\/\/www.youtube.com\/watch?v=N7z8P0jhZ_0&amp;list=PLqhsTiIIAr3zBm2fUVCVZ5pMIjuj0WnWx&amp;index=3<\/a><\/div>\n<div><\/div>\n<div><a href=\"https:\/\/www.youtube.com\/watch?v=cy0dyrhmhUk&amp;index=4&amp;list=PLqhsTiIIAr3zBm2fUVCVZ5pMIjuj0WnWx\" rel=\"nofollow\">https:\/\/www.youtube.com\/watch?v=cy0dyrhmhUk&amp;index=4&amp;list=PLqhsTiIIAr3zBm2fUVCVZ5pMIjuj0WnWx<\/a><\/div>\n<div><\/div>\n<div><a href=\"https:\/\/www.youtube.com\/watch?v=yqSXjrSuxmg&amp;index=5&amp;list=PLqhsTiIIAr3zBm2fUVCVZ5pMIjuj0WnWx\" rel=\"nofollow\">https:\/\/www.youtube.com\/watch?v=yqSXjrSuxmg&amp;index=5&amp;list=PLqhsTiIIAr3zBm2fUVCVZ5pMIjuj0WnWx<\/a><\/div>\n<p>&nbsp;<\/p>\n","protected":false},"excerpt":{"rendered":"<p>O Campus de Alegre fica localizado na regi\u00e3o do Capara\u00f3, constitu\u00edda por 11 munic\u00edpios do Esp\u00edrito Santo. No entanto, observa-se que os cursos oferecidos pela Universidade Federal do Esp\u00edrito Santo (UFES) em Alegre s\u00e3o pouco conhecidos nessa regi\u00e3o. Os cursos &hellip; <a href=\"https:\/\/blog.ufes.br\/mostradeprofissoes\/mostra-de-profissoes\/\">Continue lendo <span class=\"meta-nav\">&rarr;<\/span><\/a><\/p>\n","protected":false},"author":289,"featured_media":0,"parent":0,"menu_order":0,"comment_status":"closed","ping_status":"closed","template":"","meta":{"_bbp_topic_count":0,"_bbp_reply_count":0,"_bbp_total_topic_count":0,"_bbp_total_reply_count":0,"_bbp_voice_count":0,"_bbp_anonymous_reply_count":0,"_bbp_topic_count_hidden":0,"_bbp_reply_count_hidden":0,"_bbp_forum_subforum_count":0,"_uag_custom_page_level_css":"","footnotes":""},"class_list":["post-108","page","type-page","status-publish","hentry"],"uagb_featured_image_src":{"full":false,"thumbnail":false,"medium":false,"medium_large":false,"large":false,"1536x1536":false,"2048x2048":false,"post-thumbnail":false,"large-feature":false,"small-feature":false},"uagb_author_info":{"display_name":"josileia.oliveira","author_link":"https:\/\/blog.ufes.br\/mostradeprofissoes\/author\/josilia_curty-de-oliveira\/"},"uagb_comment_info":0,"uagb_excerpt":"O Campus de Alegre fica localizado na regi\u00e3o do Capara\u00f3, constitu\u00edda por 11 munic\u00edpios do Esp\u00edrito Santo. No entanto, observa-se que os cursos oferecidos pela Universidade Federal do Esp\u00edrito Santo (UFES) em Alegre s\u00e3o pouco conhecidos nessa regi\u00e3o. Os cursos &hellip; Continue lendo &rarr;","_links":{"self":[{"href":"https:\/\/blog.ufes.br\/mostradeprofissoes\/wp-json\/wp\/v2\/pages\/108","targetHints":{"allow":["GET"]}}],"collection":[{"href":"https:\/\/blog.ufes.br\/mostradeprofissoes\/wp-json\/wp\/v2\/pages"}],"about":[{"href":"https:\/\/blog.ufes.br\/mostradeprofissoes\/wp-json\/wp\/v2\/types\/page"}],"author":[{"embeddable":true,"href":"https:\/\/blog.ufes.br\/mostradeprofissoes\/wp-json\/wp\/v2\/users\/289"}],"replies":[{"embeddable":true,"href":"https:\/\/blog.ufes.br\/mostradeprofissoes\/wp-json\/wp\/v2\/comments?post=108"}],"version-history":[{"count":2,"href":"https:\/\/blog.ufes.br\/mostradeprofissoes\/wp-json\/wp\/v2\/pages\/108\/revisions"}],"predecessor-version":[{"id":460,"href":"https:\/\/blog.ufes.br\/mostradeprofissoes\/wp-json\/wp\/v2\/pages\/108\/revisions\/460"}],"wp:attachment":[{"href":"https:\/\/blog.ufes.br\/mostradeprofissoes\/wp-json\/wp\/v2\/media?parent=108"}],"curies":[{"name":"wp","href":"https:\/\/api.w.org\/{rel}","templated":true}]}}

Mostra de Profissões

<p>O Campus de Alegre fica localizado na região do Caparaó, constituída por 11 municípios do Espírito Santo. No entanto, observa-se que os cursos oferecidos pela Universidade Federal do Espírito Santo (UFES) em Alegre são pouco conhecidos nessa região. Os cursos sofrem com problemas como o não preenchimento das vagas e evasão de alunos.<br />
Logo, a finalidade dessa Mostra de Profissões é aproximar-se da comunidade para mostrar, de forma sucinta, todos os cursos ofertados atualmente pelos Centros de Ciências Agrárias e Engenharias e pelo Centro de Ciências Exatas, Naturais e da Saúde, socializando as oportunidades construídas na universidade e dessa forma incentivar o aluno a prestar o ENEM e pleitear uma vaga no SISU.</p>
<div>Videos da Recepção de Calouros 2017/1 &#8211; TV Ufes</div>
<div></div>
<div><a href="https://www.youtube.com/watch?v=RXhCbv1cV0c&amp;index=1&amp;list=PLqhsTiIIAr3zBm2fUVCVZ5pMIjuj0WnWx" rel="nofollow">https://www.youtube.com/watch?v=RXhCbv1cV0c&amp;index=1&amp;list=PLqhsTiIIAr3zBm2fUVCVZ5pMIjuj0WnWx </a></div>
<div></div>
<div><a href="https://www.youtube.com/watch?v=gwQV87a2nfM&amp;index=2&amp;list=PLqhsTiIIAr3zBm2fUVCVZ5pMIjuj0WnWx" rel="nofollow">https://www.youtube.com/watch?v=gwQV87a2nfM&amp;index=2&amp;list=PLqhsTiIIAr3zBm2fUVCVZ5pMIjuj0WnWx</a></div>
<div></div>
<div><a href="https://www.youtube.com/watch?v=N7z8P0jhZ_0&amp;list=PLqhsTiIIAr3zBm2fUVCVZ5pMIjuj0WnWx&amp;index=3" rel="nofollow">https://www.youtube.com/watch?v=N7z8P0jhZ_0&amp;list=PLqhsTiIIAr3zBm2fUVCVZ5pMIjuj0WnWx&amp;index=3</a></div>
<div></div>
<div><a href="https://www.youtube.com/watch?v=cy0dyrhmhUk&amp;index=4&amp;list=PLqhsTiIIAr3zBm2fUVCVZ5pMIjuj0WnWx" rel="nofollow">https://www.youtube.com/watch?v=cy0dyrhmhUk&amp;index=4&amp;list=PLqhsTiIIAr3zBm2fUVCVZ5pMIjuj0WnWx</a></div>
<div></div>
<div><a href="https://www.youtube.com/watch?v=yqSXjrSuxmg&amp;index=5&amp;list=PLqhsTiIIAr3zBm2fUVCVZ5pMIjuj0WnWx" rel="nofollow">https://www.youtube.com/watch?v=yqSXjrSuxmg&amp;index=5&amp;list=PLqhsTiIIAr3zBm2fUVCVZ5pMIjuj0WnWx</a></div>
<p>&nbsp;</p>

<p>O Campus de Alegre fica localizado na região do Caparaó, constituída por 11 municípios do Espírito Santo. No entanto, observa-se que os cursos oferecidos pela Universidade Federal do Espírito Santo (UFES) em Alegre são pouco conhecidos nessa região. Os cursos &hellip; <a href="https://blog.ufes.br/mostradeprofissoes/mostra-de-profissoes/">Continue lendo <span class="meta-nav">&rarr;</span></a></p>

O Campus de Alegre fica localizado na região do Caparaó, constituída por 11 municípios do Espírito Santo. No entanto, observa-se que os cursos oferecidos pela Universidade Federal do Espírito Santo (UFES) em Alegre são pouco conhecidos nessa região. Os cursos &hellip; Continue lendo &rarr;
