{"id":56,"date":"2017-02-22T10:18:18","date_gmt":"2017-02-22T13:18:18","guid":{"rendered":"http:\/\/blog.ufes.br\/mostradeprofissoes\/?page_id=56"},"modified":"2017-02-22T10:18:18","modified_gmt":"2017-02-22T13:18:18","slug":"engenharia-florestal","status":"publish","type":"page","link":"https:\/\/blog.ufes.br\/mostradeprofissoes\/engenharia-florestal\/","title":{"rendered":"Engenharia Florestal"},"content":{"rendered":"<p>A Engenharia Florestal \u00e9 um ramo da engenharia voltado \u00e0 administra\u00e7\u00e3o e manejo de recursos ambientais, visando produ\u00e7\u00e3o, prote\u00e7\u00e3o, uso racional e recrea\u00e7\u00e3o.<\/p>\n<p>Al\u00e9m da prote\u00e7\u00e3o e preserva\u00e7\u00e3o de ecossistemas, o Eng\u00ba\u00a0 Florestal\u00a0 atua na obten\u00e7\u00e3o de produtos florestais madeireiros e n\u00e3o madeireiros.<\/p>\n<p>Nas demandas atuais, o Eng\u00ba \u00a0Florestal planeja\u00a0 e executa projetos de florestamento e reflorestamento, avalia e analisa os impactos ambientais decorrentes da interven\u00e7\u00e3o de empreendimentos nos ecossistemas naturais e tra\u00e7a estrat\u00e9gias e assoes para sua preserva\u00e7\u00e3o, conserva\u00e7\u00e3o e recupera\u00e7\u00e3o. Atua nos processos de industrializa\u00e7\u00e3o, obten\u00e7\u00e3o de produtos e subprodutos florestais e na participa\u00e7\u00e3o das diretrizes politicas do setor ambiental.<\/p>\n<p><strong>Dura\u00e7\u00e3o de 5 anos (10 semestres).<\/strong><br \/>\n<strong>Per\u00edodo Integral.<\/strong><\/p>\n","protected":false},"excerpt":{"rendered":"<p>A Engenharia Florestal \u00e9 um ramo da engenharia voltado \u00e0 administra\u00e7\u00e3o e manejo de recursos ambientais, visando produ\u00e7\u00e3o, prote\u00e7\u00e3o, uso racional e recrea\u00e7\u00e3o. Al\u00e9m da prote\u00e7\u00e3o e preserva\u00e7\u00e3o de ecossistemas, o Eng\u00ba\u00a0 Florestal\u00a0 atua na obten\u00e7\u00e3o de produtos florestais madeireiros &hellip; <a href=\"https:\/\/blog.ufes.br\/mostradeprofissoes\/engenharia-florestal\/\">Continue lendo <span class=\"meta-nav\">&rarr;<\/span><\/a><\/p>\n","protected":false},"author":289,"featured_media":0,"parent":0,"menu_order":0,"comment_status":"closed","ping_status":"closed","template":"","meta":{"_bbp_topic_count":0,"_bbp_reply_count":0,"_bbp_total_topic_count":0,"_bbp_total_reply_count":0,"_bbp_voice_count":0,"_bbp_anonymous_reply_count":0,"_bbp_topic_count_hidden":0,"_bbp_reply_count_hidden":0,"_bbp_forum_subforum_count":0,"_uag_custom_page_level_css":"","footnotes":""},"class_list":["post-56","page","type-page","status-publish","hentry"],"uagb_featured_image_src":{"full":false,"thumbnail":false,"medium":false,"medium_large":false,"large":false,"1536x1536":false,"2048x2048":false,"post-thumbnail":false,"large-feature":false,"small-feature":false},"uagb_author_info":{"display_name":"josileia.oliveira","author_link":"https:\/\/blog.ufes.br\/mostradeprofissoes\/author\/josilia_curty-de-oliveira\/"},"uagb_comment_info":0,"uagb_excerpt":"A Engenharia Florestal \u00e9 um ramo da engenharia voltado \u00e0 administra\u00e7\u00e3o e manejo de recursos ambientais, visando produ\u00e7\u00e3o, prote\u00e7\u00e3o, uso racional e recrea\u00e7\u00e3o. Al\u00e9m da prote\u00e7\u00e3o e preserva\u00e7\u00e3o de ecossistemas, o Eng\u00ba\u00a0 Florestal\u00a0 atua na obten\u00e7\u00e3o de produtos florestais madeireiros &hellip; Continue lendo &rarr;","_links":{"self":[{"href":"https:\/\/blog.ufes.br\/mostradeprofissoes\/wp-json\/wp\/v2\/pages\/56","targetHints":{"allow":["GET"]}}],"collection":[{"href":"https:\/\/blog.ufes.br\/mostradeprofissoes\/wp-json\/wp\/v2\/pages"}],"about":[{"href":"https:\/\/blog.ufes.br\/mostradeprofissoes\/wp-json\/wp\/v2\/types\/page"}],"author":[{"embeddable":true,"href":"https:\/\/blog.ufes.br\/mostradeprofissoes\/wp-json\/wp\/v2\/users\/289"}],"replies":[{"embeddable":true,"href":"https:\/\/blog.ufes.br\/mostradeprofissoes\/wp-json\/wp\/v2\/comments?post=56"}],"version-history":[{"count":1,"href":"https:\/\/blog.ufes.br\/mostradeprofissoes\/wp-json\/wp\/v2\/pages\/56\/revisions"}],"predecessor-version":[{"id":57,"href":"https:\/\/blog.ufes.br\/mostradeprofissoes\/wp-json\/wp\/v2\/pages\/56\/revisions\/57"}],"wp:attachment":[{"href":"https:\/\/blog.ufes.br\/mostradeprofissoes\/wp-json\/wp\/v2\/media?parent=56"}],"curies":[{"name":"wp","href":"https:\/\/api.w.org\/{rel}","templated":true}]}}

<p>A Engenharia Florestal é um ramo da engenharia voltado à administração e manejo de recursos ambientais, visando produção, proteção, uso racional e recreação.</p>
<p>Além da proteção e preservação de ecossistemas, o Engº  Florestal  atua na obtenção de produtos florestais madeireiros e não madeireiros.</p>
<p>Nas demandas atuais, o Engº  Florestal planeja  e executa projetos de florestamento e reflorestamento, avalia e analisa os impactos ambientais decorrentes da intervenção de empreendimentos nos ecossistemas naturais e traça estratégias e assoes para sua preservação, conservação e recuperação. Atua nos processos de industrialização, obtenção de produtos e subprodutos florestais e na participação das diretrizes politicas do setor ambiental.</p>
<p><strong>Duração de 5 anos (10 semestres).</strong><br />
<strong>Período Integral.</strong></p>

<p>A Engenharia Florestal é um ramo da engenharia voltado à administração e manejo de recursos ambientais, visando produção, proteção, uso racional e recreação. Além da proteção e preservação de ecossistemas, o Engº  Florestal  atua na obtenção de produtos florestais madeireiros &hellip; <a href="https://blog.ufes.br/mostradeprofissoes/engenharia-florestal/">Continue lendo <span class="meta-nav">&rarr;</span></a></p>

A Engenharia Florestal é um ramo da engenharia voltado à administração e manejo de recursos ambientais, visando produção, proteção, uso racional e recreação. Além da proteção e preservação de ecossistemas, o Engº  Florestal  atua na obtenção de produtos florestais madeireiros &hellip; Continue lendo &rarr;
