{"id":58,"date":"2017-02-22T10:20:50","date_gmt":"2017-02-22T13:20:50","guid":{"rendered":"http:\/\/blog.ufes.br\/mostradeprofissoes\/?page_id=58"},"modified":"2017-02-22T10:20:50","modified_gmt":"2017-02-22T13:20:50","slug":"engenharia-industrial-madeireira","status":"publish","type":"page","link":"https:\/\/blog.ufes.br\/mostradeprofissoes\/engenharia-industrial-madeireira\/","title":{"rendered":"Engenharia Industrial Madeireira"},"content":{"rendered":"<p>O curso de Engenharia Industrial Madeireira foi criado no Brasil em 1998, na Universidade Federal do Paran\u00e1 e, portanto, trata-se de uma das profiss\u00f5es mais novas no ramo da Engenharia.<\/p>\n<p>A profiss\u00e3o foi idealizada para a forma\u00e7\u00e3o de profissionais especialistas no conhecimento da Ci\u00eancia, Tecnologia e Industrializa\u00e7\u00e3o da Madeira, para que esse recurso natural t\u00e3o valioso seja utilizado de forma sustent\u00e1vel.<\/p>\n<p>A madeira \u00e9 um dos materiais mais utilizados na hist\u00f3ria da humanidade. Na forma bruta ou de seus produtos, a madeira est\u00e1 presente no cotidiano de todas as pessoas, seja nas casas (portas, janelas, forros, pisos, molduras), no campo (moir\u00f5es, constru\u00e7\u00f5es rurais), m\u00f3veis (ber\u00e7os, camas, mesas, arm\u00e1rios), nos mais diversos tipos de papel (higi\u00eanicos, embalagens, impress\u00e3o e escrita), energia (lenha, carv\u00e3o vegetal, briquetes e pellets), constru\u00e7\u00e3o civil (casas, estruturas de madeira, escoras, formas) e outros objetos (arte, brinquedos, decora\u00e7\u00e3o, palitos, l\u00e1pis, etc.).<\/p>\n<p>Al\u00e9m disso, alguns componentes qu\u00edmicos da madeira s\u00e3o utilizados em rem\u00e9dios, na ind\u00fastria aliment\u00edcia, em tintas, solventes, desinfetantes, perfumes e muitos outros produtos qu\u00edmicos. Basta olhar ao redor e ver quantos produtos madeireiros utilizamos!<\/p>\n<p><strong>O Curso<\/strong><\/p>\n<p>O curso de Engenharia Industrial Madeireira da Universidade Federal do Esp\u00edrito Santo foi criado em 2006 e j\u00e1 se encontra consolidado, com boa infraestrutura laboratorial e corpo docente qualificado.<\/p>\n<ul>\n<li>Dura\u00e7\u00e3o do curso: 10 per\u00edodos \u2013 5 anos<br \/>\n\u2022 Entrada: Sistema de Sele\u00e7\u00e3o Unificada (SISU), aos segundos semestres.<br \/>\n\u2022 40 vagas dispon\u00edveis.<br \/>\n\u2022 Perfil dos ingressantes: afinidade com disciplinas de Matem\u00e1tica, F\u00edsica, Qu\u00edmica.<br \/>\n\u2022 Local de realiza\u00e7\u00e3o do curso: ciclos b\u00e1sico e profissionalizante (quatro per\u00edodos) \u2013 Centro de Ci\u00eancias Agr\u00e1rias e Engenharias \u2013 Alegre\/ES<br \/>\n\u2022 Ciclo espec\u00edfico (cinco per\u00edodos): Departamento de Ci\u00eancias Florestais e da Madeira \u2013 Jer\u00f4nimo Monteiro\/ES<br \/>\n\u2022 Est\u00e1gio obrigat\u00f3rio supervisionado (\u00faltimo per\u00edodo): pode ser realizado em todo o territ\u00f3rio nacional ou mesmo no exterior.<\/li>\n<\/ul>\n<p><strong>Mercado de Trabalho<\/strong><\/p>\n<p>O mercado de trabalho para o Engenheiro Industrial Madeireiro \u00e9 bastante amplo, com possibilidade de atua\u00e7\u00e3o em todas as regi\u00f5es do Brasil, bem como no exterior.<\/p>\n<ul>\n<li>Profissional liberal: consultor\/ empreendedor<br \/>\n\u2022Empresas privadas florestais e madeireiras.<br \/>\n\u2022 \u00d3rg\u00e3os p\u00fablicos\/Institutos de pesquisa.<br \/>\n\u2022 Institui\u00e7\u00f5es de Ensino T\u00e9cnico e Superior.<br \/>\n\u2022 Profiss\u00e3o reconhecida pelo Conselho Federal de Engenharia e Agronomia (CONFEA): t\u00edtulo profissional c\u00f3digo 131-07-01 Engenheiro Industrial \u2013 Madeira.<\/li>\n<\/ul>\n<p><strong>Atua\u00e7\u00e3o Profissional<\/strong><\/p>\n<ul>\n<li>Ind\u00fastrias madeireiras: serrarias, secagem da madeira, celulose e papel, pain\u00e9is de madeira (MDP, MDF, OSB, dentre outros), energia de biomassa, tratamento da madeira e movelarias.<br \/>\n\u2022 Elabora\u00e7\u00e3o de projetos de estruturas de madeira: casas, pontes, dentre outros.<br \/>\n\u2022 Administra\u00e7\u00e3o e gest\u00e3o da produ\u00e7\u00e3o.<br \/>\n\u2022 Planejamento e controle da produ\u00e7\u00e3o.<br \/>\n\u2022 Gest\u00e3o e controle da qualidade.<br \/>\n\u2022 Log\u00edstica.<br \/>\n\u2022 Seguran\u00e7a no trabalho.<br \/>\n\u2022 Licenciamento ambiental.<br \/>\n\u2022 Fiscaliza\u00e7\u00e3o.<br \/>\n\u2022 Gest\u00e3o de res\u00edduos e controle de polui\u00e7\u00e3o em ind\u00fastrias madeireiras.<br \/>\n\u2022 Projetos de Engenharia.<br \/>\n\u2022 Institui\u00e7\u00f5es de Ensino e Pesquisa.<br \/>\n\u2022 Servi\u00e7o p\u00fablico.<\/li>\n<\/ul>\n<p>&nbsp;<\/p>\n<p>&nbsp;<\/p>\n<p><strong>\u00a0<\/strong><\/p>\n<p><strong>\u00a0<\/strong><\/p>\n<p><strong>\u00a0<\/strong><\/p>\n","protected":false},"excerpt":{"rendered":"<p>O curso de Engenharia Industrial Madeireira foi criado no Brasil em 1998, na Universidade Federal do Paran\u00e1 e, portanto, trata-se de uma das profiss\u00f5es mais novas no ramo da Engenharia. A profiss\u00e3o foi idealizada para a forma\u00e7\u00e3o de profissionais especialistas &hellip; <a href=\"https:\/\/blog.ufes.br\/mostradeprofissoes\/engenharia-industrial-madeireira\/\">Continue lendo <span class=\"meta-nav\">&rarr;<\/span><\/a><\/p>\n","protected":false},"author":289,"featured_media":0,"parent":0,"menu_order":0,"comment_status":"closed","ping_status":"closed","template":"","meta":{"_bbp_topic_count":0,"_bbp_reply_count":0,"_bbp_total_topic_count":0,"_bbp_total_reply_count":0,"_bbp_voice_count":0,"_bbp_anonymous_reply_count":0,"_bbp_topic_count_hidden":0,"_bbp_reply_count_hidden":0,"_bbp_forum_subforum_count":0,"_uag_custom_page_level_css":"","footnotes":""},"class_list":["post-58","page","type-page","status-publish","hentry"],"uagb_featured_image_src":{"full":false,"thumbnail":false,"medium":false,"medium_large":false,"large":false,"1536x1536":false,"2048x2048":false,"post-thumbnail":false,"large-feature":false,"small-feature":false},"uagb_author_info":{"display_name":"josileia.oliveira","author_link":"https:\/\/blog.ufes.br\/mostradeprofissoes\/author\/josilia_curty-de-oliveira\/"},"uagb_comment_info":0,"uagb_excerpt":"O curso de Engenharia Industrial Madeireira foi criado no Brasil em 1998, na Universidade Federal do Paran\u00e1 e, portanto, trata-se de uma das profiss\u00f5es mais novas no ramo da Engenharia. A profiss\u00e3o foi idealizada para a forma\u00e7\u00e3o de profissionais especialistas &hellip; Continue lendo &rarr;","_links":{"self":[{"href":"https:\/\/blog.ufes.br\/mostradeprofissoes\/wp-json\/wp\/v2\/pages\/58","targetHints":{"allow":["GET"]}}],"collection":[{"href":"https:\/\/blog.ufes.br\/mostradeprofissoes\/wp-json\/wp\/v2\/pages"}],"about":[{"href":"https:\/\/blog.ufes.br\/mostradeprofissoes\/wp-json\/wp\/v2\/types\/page"}],"author":[{"embeddable":true,"href":"https:\/\/blog.ufes.br\/mostradeprofissoes\/wp-json\/wp\/v2\/users\/289"}],"replies":[{"embeddable":true,"href":"https:\/\/blog.ufes.br\/mostradeprofissoes\/wp-json\/wp\/v2\/comments?post=58"}],"version-history":[{"count":1,"href":"https:\/\/blog.ufes.br\/mostradeprofissoes\/wp-json\/wp\/v2\/pages\/58\/revisions"}],"predecessor-version":[{"id":59,"href":"https:\/\/blog.ufes.br\/mostradeprofissoes\/wp-json\/wp\/v2\/pages\/58\/revisions\/59"}],"wp:attachment":[{"href":"https:\/\/blog.ufes.br\/mostradeprofissoes\/wp-json\/wp\/v2\/media?parent=58"}],"curies":[{"name":"wp","href":"https:\/\/api.w.org\/{rel}","templated":true}]}}