{"id":66,"date":"2017-02-22T10:27:20","date_gmt":"2017-02-22T13:27:20","guid":{"rendered":"http:\/\/blog.ufes.br\/mostradeprofissoes\/?page_id=66"},"modified":"2017-02-22T10:27:20","modified_gmt":"2017-02-22T13:27:20","slug":"fisica-licenciatura","status":"publish","type":"page","link":"https:\/\/blog.ufes.br\/mostradeprofissoes\/fisica-licenciatura\/","title":{"rendered":"F\u00edsica Licenciatura"},"content":{"rendered":"<p>O Curso de Licenciatura em F\u00edsica do Centro de Ci\u00eancias Exatas, Naturais e da Sa\u00fade (CCENS), em Alegre, sul do Esp\u00edrito Santo, visa \u00e0 melhoria dos indicadores de efici\u00eancia do ensino superior p\u00fablico longe dos grandes centros, possibilitando \u00e0 comunidade o acesso ao ensino superior gratuito. O curso fornece uma oportunidade de forma\u00e7\u00e3o docente de qualidade, que possibilitar\u00e1 aos futuros egressos suprir as defici\u00eancias regionais atuais em atender ao desenvolvimento humano, quanto ao princ\u00edpio da educa\u00e7\u00e3o, desenvolvendo o ensino-aprendizagem da F\u00edsica cl\u00e1ssica, moderna e contempor\u00e2nea, valorizando a sua intera\u00e7\u00e3o com as ci\u00eancias afins e com o mundo tecnol\u00f3gico.<\/p>\n<p><strong>Dura\u00e7\u00e3o do curso: 4,5 anos (9 semestres)<\/strong><br \/>\n<strong> Per\u00edodo: Noturno<\/strong><\/p>\n<p><strong>Objetivos do Curso<\/strong><\/p>\n<p>&#8211; Objetivo Geral:<br \/>\nFormar profissionais para atuar no magist\u00e9rio de n\u00edvel m\u00e9dio e em programas de extens\u00e3o e para frequentar cursos de p\u00f3s-gradua\u00e7\u00e3o (inclusive mestrado e doutorado) em \u00e1reas de pesquisa em ensino de F\u00edsica.<\/p>\n<p>&#8211; Objetivos Espec\u00edficos :<br \/>\nOportunizar s\u00f3lida forma\u00e7\u00e3o cient\u00edfica e t\u00e9cnica na \u00e1rea de ensino de F\u00edsica;<\/p>\n<p>Desenvolver atitude investigativa de modo a despertar nos alunos a busca constante de atualiza\u00e7\u00e3o, acompanhando a r\u00e1pida evolu\u00e7\u00e3o cient\u00edfica;<\/p>\n<p>Oportunizar instrumentais te\u00f3ricos e conceituais que capacitem os alunos a planejar e desenvolver projetos de pesquisa e extens\u00e3o na \u00e1rea de ensino de F\u00edsica;<\/p>\n<p>Elaborar e\/ou adaptar materiais did\u00e1ticos apropriados ao ensino de F\u00edsica;<\/p>\n<p>Enfatizar a forma\u00e7\u00e3o cultural e human\u00edstica, com \u00eanfase nos valores \u00e9ticos gerais e profissionais.<\/p>\n<p><strong>Mercado de Trabalho<\/strong><\/p>\n<p>O profissional Licenciado em F\u00edsica tem uma forma\u00e7\u00e3o que lhe permite lecionar a disciplina F\u00edsica, em n\u00edvel de Ensino M\u00e9dio, regular e especial (supletivo, profissionalizante, outros), em institui\u00e7\u00f5es p\u00fablicas ou privadas para jovens e adultos. Pode tamb\u00e9m atuar no magist\u00e9rio em educa\u00e7\u00e3o superior e como pesquisador.<\/p>\n","protected":false},"excerpt":{"rendered":"<p>O Curso de Licenciatura em F\u00edsica do Centro de Ci\u00eancias Exatas, Naturais e da Sa\u00fade (CCENS), em Alegre, sul do Esp\u00edrito Santo, visa \u00e0 melhoria dos indicadores de efici\u00eancia do ensino superior p\u00fablico longe dos grandes centros, possibilitando \u00e0 comunidade &hellip; <a href=\"https:\/\/blog.ufes.br\/mostradeprofissoes\/fisica-licenciatura\/\">Continue lendo <span class=\"meta-nav\">&rarr;<\/span><\/a><\/p>\n","protected":false},"author":289,"featured_media":0,"parent":0,"menu_order":0,"comment_status":"closed","ping_status":"closed","template":"","meta":{"_bbp_topic_count":0,"_bbp_reply_count":0,"_bbp_total_topic_count":0,"_bbp_total_reply_count":0,"_bbp_voice_count":0,"_bbp_anonymous_reply_count":0,"_bbp_topic_count_hidden":0,"_bbp_reply_count_hidden":0,"_bbp_forum_subforum_count":0,"_uag_custom_page_level_css":"","footnotes":""},"class_list":["post-66","page","type-page","status-publish","hentry"],"uagb_featured_image_src":{"full":false,"thumbnail":false,"medium":false,"medium_large":false,"large":false,"1536x1536":false,"2048x2048":false,"post-thumbnail":false,"large-feature":false,"small-feature":false},"uagb_author_info":{"display_name":"josileia.oliveira","author_link":"https:\/\/blog.ufes.br\/mostradeprofissoes\/author\/josilia_curty-de-oliveira\/"},"uagb_comment_info":0,"uagb_excerpt":"O Curso de Licenciatura em F\u00edsica do Centro de Ci\u00eancias Exatas, Naturais e da Sa\u00fade (CCENS), em Alegre, sul do Esp\u00edrito Santo, visa \u00e0 melhoria dos indicadores de efici\u00eancia do ensino superior p\u00fablico longe dos grandes centros, possibilitando \u00e0 comunidade &hellip; Continue lendo &rarr;","_links":{"self":[{"href":"https:\/\/blog.ufes.br\/mostradeprofissoes\/wp-json\/wp\/v2\/pages\/66","targetHints":{"allow":["GET"]}}],"collection":[{"href":"https:\/\/blog.ufes.br\/mostradeprofissoes\/wp-json\/wp\/v2\/pages"}],"about":[{"href":"https:\/\/blog.ufes.br\/mostradeprofissoes\/wp-json\/wp\/v2\/types\/page"}],"author":[{"embeddable":true,"href":"https:\/\/blog.ufes.br\/mostradeprofissoes\/wp-json\/wp\/v2\/users\/289"}],"replies":[{"embeddable":true,"href":"https:\/\/blog.ufes.br\/mostradeprofissoes\/wp-json\/wp\/v2\/comments?post=66"}],"version-history":[{"count":1,"href":"https:\/\/blog.ufes.br\/mostradeprofissoes\/wp-json\/wp\/v2\/pages\/66\/revisions"}],"predecessor-version":[{"id":67,"href":"https:\/\/blog.ufes.br\/mostradeprofissoes\/wp-json\/wp\/v2\/pages\/66\/revisions\/67"}],"wp:attachment":[{"href":"https:\/\/blog.ufes.br\/mostradeprofissoes\/wp-json\/wp\/v2\/media?parent=66"}],"curies":[{"name":"wp","href":"https:\/\/api.w.org\/{rel}","templated":true}]}}

Física Licenciatura

<p>O Curso de Licenciatura em Física do Centro de Ciências Exatas, Naturais e da Saúde (CCENS), em Alegre, sul do Espírito Santo, visa à melhoria dos indicadores de eficiência do ensino superior público longe dos grandes centros, possibilitando à comunidade o acesso ao ensino superior gratuito. O curso fornece uma oportunidade de formação docente de qualidade, que possibilitará aos futuros egressos suprir as deficiências regionais atuais em atender ao desenvolvimento humano, quanto ao princípio da educação, desenvolvendo o ensino-aprendizagem da Física clássica, moderna e contemporânea, valorizando a sua interação com as ciências afins e com o mundo tecnológico.</p>
<p><strong>Duração do curso: 4,5 anos (9 semestres)</strong><br />
<strong> Período: Noturno</strong></p>
<p><strong>Objetivos do Curso</strong></p>
<p>&#8211; Objetivo Geral:<br />
Formar profissionais para atuar no magistério de nível médio e em programas de extensão e para frequentar cursos de pós-graduação (inclusive mestrado e doutorado) em áreas de pesquisa em ensino de Física.</p>
<p>&#8211; Objetivos Específicos :<br />
Oportunizar sólida formação científica e técnica na área de ensino de Física;</p>
<p>Desenvolver atitude investigativa de modo a despertar nos alunos a busca constante de atualização, acompanhando a rápida evolução científica;</p>
<p>Oportunizar instrumentais teóricos e conceituais que capacitem os alunos a planejar e desenvolver projetos de pesquisa e extensão na área de ensino de Física;</p>
<p>Elaborar e/ou adaptar materiais didáticos apropriados ao ensino de Física;</p>
<p>Enfatizar a formação cultural e humanística, com ênfase nos valores éticos gerais e profissionais.</p>
<p><strong>Mercado de Trabalho</strong></p>
<p>O profissional Licenciado em Física tem uma formação que lhe permite lecionar a disciplina Física, em nível de Ensino Médio, regular e especial (supletivo, profissionalizante, outros), em instituições públicas ou privadas para jovens e adultos. Pode também atuar no magistério em educação superior e como pesquisador.</p>

<p>O Curso de Licenciatura em Física do Centro de Ciências Exatas, Naturais e da Saúde (CCENS), em Alegre, sul do Espírito Santo, visa à melhoria dos indicadores de eficiência do ensino superior público longe dos grandes centros, possibilitando à comunidade &hellip; <a href="https://blog.ufes.br/mostradeprofissoes/fisica-licenciatura/">Continue lendo <span class="meta-nav">&rarr;</span></a></p>

O Curso de Licenciatura em Física do Centro de Ciências Exatas, Naturais e da Saúde (CCENS), em Alegre, sul do Espírito Santo, visa à melhoria dos indicadores de eficiência do ensino superior público longe dos grandes centros, possibilitando à comunidade &hellip; Continue lendo &rarr;
