{"id":70,"date":"2017-02-22T10:30:22","date_gmt":"2017-02-22T13:30:22","guid":{"rendered":"http:\/\/blog.ufes.br\/mostradeprofissoes\/?page_id=70"},"modified":"2017-02-22T10:30:22","modified_gmt":"2017-02-22T13:30:22","slug":"matematica-licenciatura","status":"publish","type":"page","link":"https:\/\/blog.ufes.br\/mostradeprofissoes\/matematica-licenciatura\/","title":{"rendered":"Matem\u00e1tica Licenciatura"},"content":{"rendered":"<p>O curso de Licenciatura Plena em Matem\u00e1tica pretende formar professores habilitados a atuar no ensino da matem\u00e1tica em todas as s\u00e9ries do ensino fundamental e do ensino m\u00e9dio, bem como nas escolas t\u00e9cnicas e na educa\u00e7\u00e3o de jovens e adultos. Al\u00e9m disso, o formando poder\u00e1 optar por seguir a carreira acad\u00eamica, visto que a sua s\u00f3lida forma\u00e7\u00e3o ir\u00e1 proporcionar o seu ingresso nos diversos cursos de p\u00f3s-gradua\u00e7\u00e3o.<\/p>\n<p><strong>Dura\u00e7\u00e3o de 4 anos e meio (9 semestres).<\/strong><br \/>\n<strong>Per\u00edodo: Noturno.<\/strong><\/p>\n","protected":false},"excerpt":{"rendered":"<p>O curso de Licenciatura Plena em Matem\u00e1tica pretende formar professores habilitados a atuar no ensino da matem\u00e1tica em todas as s\u00e9ries do ensino fundamental e do ensino m\u00e9dio, bem como nas escolas t\u00e9cnicas e na educa\u00e7\u00e3o de jovens e adultos. &hellip; <a href=\"https:\/\/blog.ufes.br\/mostradeprofissoes\/matematica-licenciatura\/\">Continue lendo <span class=\"meta-nav\">&rarr;<\/span><\/a><\/p>\n","protected":false},"author":289,"featured_media":0,"parent":0,"menu_order":0,"comment_status":"closed","ping_status":"closed","template":"","meta":{"_bbp_topic_count":0,"_bbp_reply_count":0,"_bbp_total_topic_count":0,"_bbp_total_reply_count":0,"_bbp_voice_count":0,"_bbp_anonymous_reply_count":0,"_bbp_topic_count_hidden":0,"_bbp_reply_count_hidden":0,"_bbp_forum_subforum_count":0,"_uag_custom_page_level_css":"","footnotes":""},"class_list":["post-70","page","type-page","status-publish","hentry"],"uagb_featured_image_src":{"full":false,"thumbnail":false,"medium":false,"medium_large":false,"large":false,"1536x1536":false,"2048x2048":false,"post-thumbnail":false,"large-feature":false,"small-feature":false},"uagb_author_info":{"display_name":"josileia.oliveira","author_link":"https:\/\/blog.ufes.br\/mostradeprofissoes\/author\/josilia_curty-de-oliveira\/"},"uagb_comment_info":0,"uagb_excerpt":"O curso de Licenciatura Plena em Matem\u00e1tica pretende formar professores habilitados a atuar no ensino da matem\u00e1tica em todas as s\u00e9ries do ensino fundamental e do ensino m\u00e9dio, bem como nas escolas t\u00e9cnicas e na educa\u00e7\u00e3o de jovens e adultos. &hellip; Continue lendo &rarr;","_links":{"self":[{"href":"https:\/\/blog.ufes.br\/mostradeprofissoes\/wp-json\/wp\/v2\/pages\/70","targetHints":{"allow":["GET"]}}],"collection":[{"href":"https:\/\/blog.ufes.br\/mostradeprofissoes\/wp-json\/wp\/v2\/pages"}],"about":[{"href":"https:\/\/blog.ufes.br\/mostradeprofissoes\/wp-json\/wp\/v2\/types\/page"}],"author":[{"embeddable":true,"href":"https:\/\/blog.ufes.br\/mostradeprofissoes\/wp-json\/wp\/v2\/users\/289"}],"replies":[{"embeddable":true,"href":"https:\/\/blog.ufes.br\/mostradeprofissoes\/wp-json\/wp\/v2\/comments?post=70"}],"version-history":[{"count":1,"href":"https:\/\/blog.ufes.br\/mostradeprofissoes\/wp-json\/wp\/v2\/pages\/70\/revisions"}],"predecessor-version":[{"id":71,"href":"https:\/\/blog.ufes.br\/mostradeprofissoes\/wp-json\/wp\/v2\/pages\/70\/revisions\/71"}],"wp:attachment":[{"href":"https:\/\/blog.ufes.br\/mostradeprofissoes\/wp-json\/wp\/v2\/media?parent=70"}],"curies":[{"name":"wp","href":"https:\/\/api.w.org\/{rel}","templated":true}]}}