{"id":76,"date":"2017-02-22T10:34:19","date_gmt":"2017-02-22T13:34:19","guid":{"rendered":"http:\/\/blog.ufes.br\/mostradeprofissoes\/?page_id=76"},"modified":"2017-02-22T10:34:19","modified_gmt":"2017-02-22T13:34:19","slug":"quimica-licenciatura","status":"publish","type":"page","link":"https:\/\/blog.ufes.br\/mostradeprofissoes\/quimica-licenciatura\/","title":{"rendered":"Qu\u00edmica Licenciatura"},"content":{"rendered":"<p>A Qu\u00edmica \u2013 Licenciatura possui foco na forma\u00e7\u00e3o do Profissional Docente integralizando o conhecimento acad\u00eamico com ferramentas pedag\u00f3gicas modernas. O licenciado em Qu\u00edmica ao final do curso apresentar\u00e1 condi\u00e7\u00f5es \u00a0de atuar em ambientes escolares e tamb\u00e9m em algumas \u00e1reas da ind\u00fastria. O curso \u00e9 fundamentado em princ\u00edpios de Qu\u00edmica, de f\u00edsica e pedag\u00f3gica, para atendes uma forma\u00e7\u00e3o integral do profissional.<\/p>\n<p>O Licenciado em qu\u00edmica est\u00e1 habilitado para atuar na doc\u00eancia no Ensino M\u00e9dio em todas as institui\u00e7\u00f5es educativas do sistema privado e publico. Ainda, os Licenciados em Qu\u00edmica poder\u00e3o se registrar nos Conselhos Regionais de Qu\u00edmica com o t\u00edtulo do diploma e atribui\u00e7\u00f5es correspondentes \u00e0s do curr\u00edculo de Qu\u00edmica com atividades restritas. S\u00e3o exemplos das atividades poss\u00edveis aos Licenciados: Dire\u00e7\u00e3o, supervis\u00e3o, programa\u00e7\u00e3o, coordena\u00e7\u00e3o, orienta\u00e7\u00e3o e responsabilidade t\u00e9cnica no \u00e2mbito das atribui\u00e7\u00f5es respectivas, assist\u00eancia, assessoria, consultoria, elabora\u00e7\u00e3o de or\u00e7amentos, divulga\u00e7\u00e3o e comercializa\u00e7\u00e3o, no \u00e2mbito das atribui\u00e7\u00f5es respectivas.<\/p>\n<p><strong>Dura\u00e7\u00e3o de 4 anos (8 semestres).<\/strong><br \/>\n<strong> Per\u00edodo: Noturno<\/strong><\/p>\n","protected":false},"excerpt":{"rendered":"<p>A Qu\u00edmica \u2013 Licenciatura possui foco na forma\u00e7\u00e3o do Profissional Docente integralizando o conhecimento acad\u00eamico com ferramentas pedag\u00f3gicas modernas. O licenciado em Qu\u00edmica ao final do curso apresentar\u00e1 condi\u00e7\u00f5es \u00a0de atuar em ambientes escolares e tamb\u00e9m em algumas \u00e1reas da &hellip; <a href=\"https:\/\/blog.ufes.br\/mostradeprofissoes\/quimica-licenciatura\/\">Continue lendo <span class=\"meta-nav\">&rarr;<\/span><\/a><\/p>\n","protected":false},"author":289,"featured_media":0,"parent":0,"menu_order":0,"comment_status":"closed","ping_status":"closed","template":"","meta":{"_bbp_topic_count":0,"_bbp_reply_count":0,"_bbp_total_topic_count":0,"_bbp_total_reply_count":0,"_bbp_voice_count":0,"_bbp_anonymous_reply_count":0,"_bbp_topic_count_hidden":0,"_bbp_reply_count_hidden":0,"_bbp_forum_subforum_count":0,"_uag_custom_page_level_css":"","footnotes":""},"class_list":["post-76","page","type-page","status-publish","hentry"],"uagb_featured_image_src":{"full":false,"thumbnail":false,"medium":false,"medium_large":false,"large":false,"1536x1536":false,"2048x2048":false,"post-thumbnail":false,"large-feature":false,"small-feature":false},"uagb_author_info":{"display_name":"josileia.oliveira","author_link":"https:\/\/blog.ufes.br\/mostradeprofissoes\/author\/josilia_curty-de-oliveira\/"},"uagb_comment_info":0,"uagb_excerpt":"A Qu\u00edmica \u2013 Licenciatura possui foco na forma\u00e7\u00e3o do Profissional Docente integralizando o conhecimento acad\u00eamico com ferramentas pedag\u00f3gicas modernas. O licenciado em Qu\u00edmica ao final do curso apresentar\u00e1 condi\u00e7\u00f5es \u00a0de atuar em ambientes escolares e tamb\u00e9m em algumas \u00e1reas da &hellip; Continue lendo &rarr;","_links":{"self":[{"href":"https:\/\/blog.ufes.br\/mostradeprofissoes\/wp-json\/wp\/v2\/pages\/76","targetHints":{"allow":["GET"]}}],"collection":[{"href":"https:\/\/blog.ufes.br\/mostradeprofissoes\/wp-json\/wp\/v2\/pages"}],"about":[{"href":"https:\/\/blog.ufes.br\/mostradeprofissoes\/wp-json\/wp\/v2\/types\/page"}],"author":[{"embeddable":true,"href":"https:\/\/blog.ufes.br\/mostradeprofissoes\/wp-json\/wp\/v2\/users\/289"}],"replies":[{"embeddable":true,"href":"https:\/\/blog.ufes.br\/mostradeprofissoes\/wp-json\/wp\/v2\/comments?post=76"}],"version-history":[{"count":1,"href":"https:\/\/blog.ufes.br\/mostradeprofissoes\/wp-json\/wp\/v2\/pages\/76\/revisions"}],"predecessor-version":[{"id":77,"href":"https:\/\/blog.ufes.br\/mostradeprofissoes\/wp-json\/wp\/v2\/pages\/76\/revisions\/77"}],"wp:attachment":[{"href":"https:\/\/blog.ufes.br\/mostradeprofissoes\/wp-json\/wp\/v2\/media?parent=76"}],"curies":[{"name":"wp","href":"https:\/\/api.w.org\/{rel}","templated":true}]}}

Química Licenciatura

<p>A Química – Licenciatura possui foco na formação do Profissional Docente integralizando o conhecimento acadêmico com ferramentas pedagógicas modernas. O licenciado em Química ao final do curso apresentará condições  de atuar em ambientes escolares e também em algumas áreas da indústria. O curso é fundamentado em princípios de Química, de física e pedagógica, para atendes uma formação integral do profissional.</p>
<p>O Licenciado em química está habilitado para atuar na docência no Ensino Médio em todas as instituições educativas do sistema privado e publico. Ainda, os Licenciados em Química poderão se registrar nos Conselhos Regionais de Química com o título do diploma e atribuições correspondentes às do currículo de Química com atividades restritas. São exemplos das atividades possíveis aos Licenciados: Direção, supervisão, programação, coordenação, orientação e responsabilidade técnica no âmbito das atribuições respectivas, assistência, assessoria, consultoria, elaboração de orçamentos, divulgação e comercialização, no âmbito das atribuições respectivas.</p>
<p><strong>Duração de 4 anos (8 semestres).</strong><br />
<strong> Período: Noturno</strong></p>

<p>A Química – Licenciatura possui foco na formação do Profissional Docente integralizando o conhecimento acadêmico com ferramentas pedagógicas modernas. O licenciado em Química ao final do curso apresentará condições  de atuar em ambientes escolares e também em algumas áreas da &hellip; <a href="https://blog.ufes.br/mostradeprofissoes/quimica-licenciatura/">Continue lendo <span class="meta-nav">&rarr;</span></a></p>

A Química – Licenciatura possui foco na formação do Profissional Docente integralizando o conhecimento acadêmico com ferramentas pedagógicas modernas. O licenciado em Química ao final do curso apresentará condições  de atuar em ambientes escolares e também em algumas áreas da &hellip; Continue lendo &rarr;
